-- https://www.phpmyadmin.net/
--

START TRANSACTION;



--
-- Database: `murphy`
--

-- --------------------------------------------------------

--
-- Table structure for table `about_us`
--

CREATE TABLE `about_us` (
  `id` bigint(20) UNSIGNED NOT NULL,
  `title` varchar(255) DEFAULT NULL,
  `desc` text DEFAULT NULL,
  `created_at` timestamp NULL DEFAULT current_timestamp(),
  `updated_at` timestamp NULL DEFAULT current_timestamp()
) ENGINE=InnoDB DEFAULT CHARSET=utf8mb4 COLLATE=utf8mb4_unicode_ci;

--
-- Dumping data for table `about_us`
--

INSERT INTO `about_us` (`id`, `title`, `desc`, `created_at`, `updated_at`) VALUES
(1, 'Where does it come from?', '<pre class=\"ql-syntax ql-align-justify\" spellcheck=\"false\"> to popular belief, Lorem Ipsum is not simply random text. It has roots in a piece of classical Latin literature from 45 BC, making it over 2000 years old. Richard McClintock, a Latin professor at Hampden-Sydney College in Virginia, looked up one of the more obscure Latin words, consectetur, from a Lorem Ipsum passage, and going through the cites of the word in classical literature, discovered the undoubtable source. Lorem Ipsum comes from sections 1.10.32 and 1.10.33 of \"de Finibus Bonorum et Malorum\" (The Extremes of Good and Evil) by Cicero, written in 45 BC. This book is a treatise on the theory of ethics, very popular during the Renaissance. The first line of Lorem Ipsum, \"Lorem ipsum dolor sit amet..\", comes from a line in section 1.10.32.\n\nThe standard chunk of Lorem Ipsum used since the 1500s is reproduced below for those interested. Sections 1.10.32 and 1.10.33 from \"de Finibus Bonorum et Malorum\" by Cicero are also reproduced in their exact original form, accompanied by English versions from the 1914 translation by H. Rackham.\nThe standard chunk of Lorem Ipsum used since the 1500s is reproduced below for those interested. Sections 1.10.32 and 1.10.33 from \"de Finibus Bonorum et Malorum\" by Cicero are also reproduced in their exact original form, accompanied by English versions from the 1914 translation by H. Rackham.\n\nLorem Ipsum is simply dummy text of the printing and typesetting industry. Lorem Ipsum has been the industry\'s standard dummy text ever since the 1500s, when an unknown printer took a galley of type and scrambled it to make a type specimen book. It has survived not only five centuries, but also the leap into electronic typesetting, remaining essentially unchanged. It was popularised in the 1960s with the release of Letraset sheets containing Lorem Ipsum passages, and more recently with desktop publishing software like Aldus PageMaker including versions of Lorem Ipsum.\nLorem Ipsum is simply dummy text of the printing and typesetting industry. Lorem Ipsum has been the industry\'s standard dummy text ever since the 1500s, when an unknown printer took a galley of type and scrambled it to make a type specimen book. It has survived not only five centuries, but also the leap into electronic typesetting, remaining essentially unchanged. It was popularised in the 1960s with the release of Letraset sheets containing Lorem Ipsum passages, and more recently with desktop publishing software like Aldus PageMaker including versions of Lorem Ipsum.\n</pre>', NULL, '2023-07-03 05:59:27');

-- --------------------------------------------------------

--
-- Table structure for table `catalogs`
--

CREATE TABLE `catalogs` (
  `id` bigint(20) UNSIGNED NOT NULL,
  `title` varchar(255) DEFAULT NULL,
  `file_path` varchar(255) DEFAULT NULL,
  `file` varchar(255) DEFAULT NULL,
  `order` bigint(20) DEFAULT NULL,
  `status` bigint(20) DEFAULT 1,
  `created_at` timestamp NULL DEFAULT NULL,
  `updated_at` timestamp NULL DEFAULT NULL
) ENGINE=InnoDB DEFAULT CHARSET=utf8mb4 COLLATE=utf8mb4_unicode_ci;

--
-- Dumping data for table `catalogs`
--

INSERT INTO `catalogs` (`id`, `title`, `file_path`, `file`, `order`, `status`, `created_at`, `updated_at`) VALUES
(2, 'this so edited pdf', 'catalog/1688453602.docx', 'E:\\xampp\\tmp\\phpAD6B.tmp', 6, 1, '2023-06-20 07:27:43', '2023-07-06 09:53:01'),
(11, 'This is again testing', 'catalog/1688388596.txt', NULL, 4, 1, '2023-07-03 12:49:56', '2023-07-04 06:55:07'),
(14, 'army model test paper', 'catalog/1688636279.pdf', NULL, 1, 1, '2023-07-06 09:37:59', '2023-07-06 09:47:50'),
(16, 'catalog testing 2', 'catalog/1688637094.pdf', NULL, 5, 1, '2023-07-06 09:51:34', '2023-07-06 09:52:20');

-- --------------------------------------------------------

--
-- Table structure for table `categories`
--

CREATE TABLE `categories` (
  `id` bigint(20) UNSIGNED NOT NULL,
  `name` varchar(255) DEFAULT NULL,
  `subcategory` bigint(20) UNSIGNED DEFAULT NULL,
  `status` bigint(20) DEFAULT 1,
  `image_path` varchar(255) DEFAULT NULL,
  `file` varchar(255) DEFAULT NULL,
  `created_at` timestamp NULL DEFAULT NULL,
  `updated_at` timestamp NULL DEFAULT NULL
) ENGINE=InnoDB DEFAULT CHARSET=utf8mb4 COLLATE=utf8mb4_unicode_ci;

--
-- Dumping data for table `categories`
--

INSERT INTO `categories` (`id`, `name`, `subcategory`, `status`, `image_path`, `file`, `created_at`, `updated_at`) VALUES
(5, 'New category', NULL, 1, 'subcategory/1688385220.png', 'E:\\xampp\\tmp\\php5591.tmp', '2023-07-03 11:20:32', '2023-07-03 13:20:44'),
(7, 'testing', NULL, 1, 'subcategory/1688713185.jpg', 'E:\\xampp\\tmp\\php1E52.tmp', '2023-07-07 06:58:57', '2023-07-07 06:59:45'),
(8, 'testing2', NULL, 1, 'category/1688713150.jpg', NULL, '2023-07-07 06:59:10', '2023-07-07 06:59:10'),
(9, 'testing 3', NULL, 1, NULL, NULL, '2023-07-07 07:02:31', '2023-07-07 07:02:31'),
(10, 'testing5', NULL, 1, 'category/1688714513.jpg', NULL, '2023-07-07 07:21:53', '2023-07-07 07:21:53');

-- --------------------------------------------------------

--
-- Table structure for table `contact_us`
--

CREATE TABLE `contact_us` (
  `id` bigint(20) UNSIGNED NOT NULL,
  `email` varchar(255) DEFAULT NULL,
  `phone` varchar(255) DEFAULT NULL,
  `instalink` varchar(255) DEFAULT NULL,
  `whatsapplink` varchar(255) DEFAULT NULL,
  `linkdinlink` varchar(255) DEFAULT NULL,
  `facebooklink` varchar(255) DEFAULT NULL,
  `created_at` timestamp NULL DEFAULT NULL,
  `updated_at` timestamp NULL DEFAULT NULL
) ENGINE=InnoDB DEFAULT CHARSET=utf8mb4 COLLATE=utf8mb4_unicode_ci;

--
-- Dumping data for table `contact_us`
--

INSERT INTO `contact_us` (`id`, `email`, `phone`, `instalink`, `whatsapplink`, `linkdinlink`, `facebooklink`, `created_at`, `updated_at`) VALUES
(1, 'mktg@murphylightings.com', '9680912290', 'https://www.instagram.com/murphylightings/', '9680912290', 'https://www.linkedin.com/in/murphy-lightings-b066a6165/', 'https://www.facebook.com/MurphyLightings/', NULL, '2023-07-06 10:31:59');

-- --------------------------------------------------------

--
-- Table structure for table `failed_jobs`
--

CREATE TABLE `failed_jobs` (
  `id` bigint(20) UNSIGNED NOT NULL,
  `uuid` varchar(255) NOT NULL,
  `connection` text NOT NULL,
  `queue` text NOT NULL,
  `payload` longtext NOT NULL,
  `exception` longtext NOT NULL,
  `failed_at` timestamp NOT NULL DEFAULT current_timestamp()
) ENGINE=InnoDB DEFAULT CHARSET=utf8mb4 COLLATE=utf8mb4_unicode_ci;

-- --------------------------------------------------------

--
-- Table structure for table `faqs`
--

CREATE TABLE `faqs` (
  `id` bigint(20) UNSIGNED NOT NULL,
  `question` text DEFAULT NULL,
  `answer` text DEFAULT NULL,
  `status` bigint(20) DEFAULT NULL,
  `order` bigint(20) DEFAULT NULL,
  `category` bigint(20) DEFAULT NULL,
  `user_type` int(11) DEFAULT NULL,
  `created_at` timestamp NULL DEFAULT NULL,
  `updated_at` timestamp NULL DEFAULT NULL
) ENGINE=InnoDB DEFAULT CHARSET=utf8mb4 COLLATE=utf8mb4_unicode_ci;

--
-- Dumping data for table `faqs`
--

INSERT INTO `faqs` (`id`, `question`, `answer`, `status`, `order`, `category`, `user_type`, `created_at`, `updated_at`) VALUES
(1, 'question q', 'answer', 1, 2, 3, NULL, '2023-06-19 10:36:56', '2023-06-19 10:36:56'),
(2, 'question qi', 'answer', 1, 2, 3, NULL, '2023-06-19 10:37:57', '2023-06-19 10:37:57'),
(3, 'question qiy', 'answer', 1, 2, 3, NULL, '2023-06-19 10:38:56', '2023-06-19 10:38:56'),
(5, 'ghf edited with data', 'dfggf the edited data', 2, 2, 2, 4, '2023-06-19 10:44:17', '2023-07-05 10:20:16'),
(6, 'question s', 'ol', 1, 2, 3, NULL, '2023-06-19 10:52:56', '2023-06-19 10:52:56'),
(8, 'Redeem edited again once more again', 'Redeem hello world how are you bro again you are here.', 1, 1, 10, 1, '2023-06-20 07:40:58', '2023-07-05 11:26:25'),
(10, 'What are some of the Indian Armed Forces’ gallantry awards?', 'Answer: The Gallantry Awards were established by the Indian government to recognise the bravery and sacrifice of the troops of the Indian Armed Forces. The Param Vir Chakra is the highest gallantry award given by the Indian Army. India also awards its bravery award recipients the Maha Vir Chakra, Vir Chakra, Ashoka Chakra, Kirti Chakra, and Shaurya Chakra in addition to this distinction.', 1, 1, 10, 4, '2023-06-27 05:02:41', '2023-07-05 11:26:10'),
(11, 'What are some the Indian Armed Forces’ gallantry awards?', 'Answer: The Gallantry Awards were established by the Indian government to recognise the bravery and sacrifice of the troops of the Indian Armed Forces. The Param Vir Chakra is the highest gallantry award given by the Indian Army. India also awards its bravery award recipients the Maha Vir Chakra, Vir Chakra, Ashoka Chakra, Kirti Chakra, and Shaurya Chakra in addition to this distinction.', 1, 1, 2, NULL, '2023-06-27 05:03:03', '2023-06-27 05:03:03'),
(12, 'What are some Indian Armed Forces’ gallantry awards?', 'Answer: The Gallantry Awards were established by the Indian government to recognise the bravery and sacrifice of the troops of the Indian Armed Forces. The Param Vir Chakra is the highest gallantry award given by the Indian Army. India also awards its bravery award recipients the Maha Vir Chakra, Vir Chakra, Ashoka Chakra, Kirti Chakra, and Shaurya Chakra in addition to this distinction.', 1, 1, 2, NULL, '2023-06-27 05:03:07', '2023-06-27 05:03:07'),
(13, 'What are some Indian Armed Forces’ gallantry awards? The Gallantry Awards were established by the Indian', 'Answer: The Gallantry Awards were established by the Indian government to recognise the bravery and sacrifice of the troops of the Indian Armed Forces. The Param Vir Chakra is the highest gallantry award given by the Indian Army. India also awards its bravery award recipients the Maha Vir Chakra, Vir Chakra, Ashoka Chakra, Kirti Chakra, and Shaurya Chakra in addition to this distinction.', 1, 1, 2, NULL, '2023-06-27 05:03:25', '2023-06-27 05:03:25'),
(14, 'What some Indian Armed Forces’ gallantry awards? The Gallantry Awards were established by the Indian', 'Answer: The Gallantry Awards were established by the Indian government to recognise the bravery and sacrifice of the troops of the Indian Armed Forces. The Param Vir Chakra is the highest gallantry award given by the Indian Army. India also awards its bravery award recipients the Maha Vir Chakra, Vir Chakra, Ashoka Chakra, Kirti Chakra, and Shaurya Chakra in addition to this distinction.', 1, 1, 2, NULL, '2023-06-27 05:03:32', '2023-06-27 05:03:32'),
(15, 'What some Indian Forces’ gallantry awards? The Gallantry Awards were established by the Indian', 'Answer: The Gallantry Awards were established by the Indian government to recognise the bravery and sacrifice of the troops of the Indian Armed Forces. The Param Vir Chakra is the highest gallantry award given by the Indian Army. India also awards its bravery award recipients the Maha Vir Chakra, Vir Chakra, Ashoka Chakra, Kirti Chakra, and Shaurya Chakra in addition to this distinction.', 1, 1, 2, NULL, '2023-06-27 05:03:37', '2023-06-27 05:03:37'),
(16, 'What some Indian Forces’ gallantry awards? The Gallantry Awards were established by the Indian he Param Vir Chakra is the highest gallantry award given by the India', 'Answer: The Gallantry Awards were established by the Indian government to recognise the bravery and sacrifice of the troops of the Indian Armed Forces. The Param Vir Chakra is the highest gallantry award given by the Indian Army. India also awards its bravery award recipients the Maha Vir Chakra, Vir Chakra, Ashoka Chakra, Kirti Chakra, and Shaurya Chakra in addition to this distinction.', 1, 1, 2, NULL, '2023-06-27 05:03:57', '2023-06-27 05:03:57'),
(17, 'What some Indian ’ gallantry awards? The Gallantry Awards were established by the Indian he Param Vir Chakra is the highest gallantry award given by the India', 'Answer: The Gallantry Awards were established by the Indian government to recognise the bravery and sacrifice of the troops of the Indian Armed Forces. The Param Vir Chakra is the highest gallantry award given by the Indian Army. India also awards its bravery award recipients the Maha Vir Chakra, Vir Chakra, Ashoka Chakra, Kirti Chakra, and Shaurya Chakra in addition to this distinction.', 1, 1, 2, NULL, '2023-06-27 05:04:03', '2023-06-27 05:04:03'),
(18, 'What some Indian ’ awards? The Gallantry Awards were established by the Indian he Param Vir Chakra is the highest gallantry award given by the India', 'Answer: The Gallantry Awards were established by the Indian government to recognise the bravery and sacrifice of the troops of the Indian Armed Forces. The Param Vir Chakra is the highest gallantry award given by the Indian Army. India also awards its bravery award recipients the Maha Vir Chakra, Vir Chakra, Ashoka Chakra, Kirti Chakra, and Shaurya Chakra in addition to this distinction.', 1, 1, 2, NULL, '2023-06-27 05:04:09', '2023-06-27 05:04:09'),
(19, 'What some Indian ’ ? The Gallantry Awards were established by the Indian he Param Vir Chakra is the highest gallantry award given by the India', 'Answer: The Gallantry Awards were established by the Indian government to recognise the bravery and sacrifice of the troops of the Indian Armed Forces. The Param Vir Chakra is the highest gallantry award given by the Indian Army. India also awards its bravery award recipients the Maha Vir Chakra, Vir Chakra, Ashoka Chakra, Kirti Chakra, and Shaurya Chakra in addition to this distinction.', 1, 1, 2, NULL, '2023-06-27 05:04:14', '2023-06-27 05:04:14'),
(20, 'What some ’ ? The Gallantry Awards were established by the Indian he Param Vir Chakra is the highest gallantry award given by the India', 'Answer: The Gallantry Awards were established by the Indian government to recognise the bravery and sacrifice of the troops of the Indian Armed Forces. The Param Vir Chakra is the highest gallantry award given by the Indian Army. India also awards its bravery award recipients the Maha Vir Chakra, Vir Chakra, Ashoka Chakra, Kirti Chakra, and Shaurya Chakra in addition to this distinction.', 1, 1, 4, NULL, '2023-06-27 05:04:38', '2023-06-27 05:04:38'),
(21, 'What distinguishes the Line of Control (LOC) from the Line of Actual Control (LAC)?', 'Answer: The Gallantry Awards were established by the Indian government to recognise the bravery and sacrifice of the troops of the Indian Armed Forces. The Param Vir Chakra is the highest gallantry award given by the Indian Army. India also awards its bravery award recipients the Maha Vir Chakra, Vir Chakra, Ashoka Chakra, Kirti Chakra, and Shaurya Chakra in addition to this distinction.', 1, 1, 4, NULL, '2023-06-27 05:05:02', '2023-06-27 05:05:02'),
(22, 'What distinguishes Line of Control (LOC) from the Line of Actual Control (LAC)?', 'Answer: The  Line of Actual Control (LAC) is a boundary that is not clearly delimited between India and China, similar to Aksai Chin, whereas the Line of Control (LOC) is a defined, militarily designated barrier that divides parts of India and Pakistan.', 1, 1, 4, NULL, '2023-06-27 05:05:23', '2023-06-27 05:05:23'),
(23, 'What Line of Control (LOC) from the Line of Actual Control (LAC)?', 'Answer: The  Line of Actual Control (LAC) is a boundary that is not clearly delimited between India and China, similar to Aksai Chin, whereas the Line of Control (LOC) is a defined, militarily designated barrier that divides parts of India and Pakistan.', 1, 1, 4, NULL, '2023-06-27 05:05:27', '2023-06-27 05:05:27'),
(24, 'What Line of (LOC) from the Line of Actual Control (LAC)?', 'Answer: The  Line of Actual Control (LAC) is a boundary that is not clearly delimited between India and China, similar to Aksai Chin, whereas the Line of Control (LOC) is a defined, militarily designated barrier that divides parts of India and Pakistan.', 1, 1, 4, NULL, '2023-06-27 05:05:32', '2023-06-27 05:05:32'),
(25, 'What of (LOC) from the Line of Actual Control (LAC)?', 'Answer: The  Line of Actual Control (LAC) is a boundary that is not clearly delimited between India and China, similar to Aksai Chin, whereas the Line of Control (LOC) is a defined, militarily designated barrier that divides parts of India and Pakistan.', 1, 1, 4, NULL, '2023-06-27 05:05:36', '2023-06-27 05:05:36'),
(26, 'What of (LOC) from the of Actual Control (LAC)?', 'Answer: The  Line of Actual Control (LAC) is a boundary that is not clearly delimited between India and China, similar to Aksai Chin, whereas the Line of Control (LOC) is a defined, militarily designated barrier that divides parts of India and Pakistan.', 1, 1, 4, NULL, '2023-06-27 05:05:41', '2023-06-27 05:05:41'),
(27, 'What of (LOC) from the of Control (LAC)?', 'Answer: The  Line of Actual Control (LAC) is a boundary that is not clearly delimited between India and China, similar to Aksai Chin, whereas the Line of Control (LOC) is a defined, militarily designated barrier that divides parts of India and Pakistan.', 1, 1, 4, NULL, '2023-06-27 05:05:47', '2023-06-27 05:05:47'),
(28, 'Why does the Union of India consider Siachen Glacier to be a key region?', 'Answer: The  Line of Actual Control (LAC) is a boundary that is not clearly delimited between India and China, similar to Aksai Chin, whereas the Line of Control (LOC) is a defined, militarily designated barrier that divides parts of India and Pakistan.', 1, 1, 5, NULL, '2023-06-27 05:06:09', '2023-06-27 05:06:09'),
(29, 'Why the Union of India consider Siachen Glacier to be a key region?', 'Answer: Since it serves as a connector for the Shaksgam Valley, Karakoram Pass, and Aksai Chin, Siachen has strategic value for India, Pakistan, and even China. Therefore, retaining Siachen is essential for India to stop infiltration from both Pakistan and China.Answer: The  Line of Actual Control (LAC) is a boundary that is not clearly delimited between India and China, similar to Aksai Chin, whereas the Line of Control (LOC) is a defined, militarily designated barrier that divides parts of India and Pakistan.', 1, 1, 5, NULL, '2023-06-27 05:06:31', '2023-06-27 05:06:31'),
(30, 'Why the Union of India Siachen Glacier to be a key region?', 'Answer: Since it serves as a connector for the Shaksgam Valley, Karakoram Pass, and Aksai Chin, Siachen has strategic value for India, Pakistan, and even China. Therefore, retaining Siachen is essential for India to stop infiltration from both Pakistan and China.Answer: The  Line of Actual Control (LAC) is a boundary that is not clearly delimited between India and China, similar to Aksai Chin, whereas the Line of Control (LOC) is a defined, militarily designated barrier that divides parts of India and Pakistan.', 1, 1, 5, NULL, '2023-06-27 05:06:36', '2023-06-27 05:06:36'),
(31, 'Why the Union of India Siachen Glacier to be a key region?Answer: Since it serves as a connector for the Shaksgam Valley, Karakoram Pass, and Aksai Chin, Siachen Therefore, retaining Siachen is essential for India to stop infiltration from both Pakistan and China.', 'Answer: Since it serves as a connector for the Shaksgam Valley, Karakoram Pass, and Aksai Chin, Siachen has strategic value for India, Pakistan, and even China. Therefore, retaining Siachen is essential for India to stop infiltration from both Pakistan and China.Answer: The  Line of Actual Control (LAC) is a boundary that is not clearly delimited between India and China, similar to Aksai Chin, whereas the Line of Control (LOC) is a defined, militarily designated barrier that divides parts of India and Pakistan.', 1, 1, 5, NULL, '2023-06-27 05:06:48', '2023-06-27 05:06:48'),
(32, 'Why the of India Siachen Glacier to be a key region?Answer: Since it serves as a connector for the Shaksgam Valley, Karakoram Pass, and Aksai Chin, Siachen Therefore, retaining Siachen is essential for India to stop infiltration from both Pakistan and China.', 'Answer: Since it serves as a connector for the Shaksgam Valley, Karakoram Pass, and Aksai Chin, Siachen has strategic value for India, Pakistan, and even China. Therefore, retaining Siachen is essential for India to stop infiltration from both Pakistan and China.Answer: The  Line of Actual Control (LAC) is a boundary that is not clearly delimited between India and China, similar to Aksai Chin, whereas the Line of Control (LOC) is a defined, militarily designated barrier that divides parts of India and Pakistan.', 1, 1, 5, NULL, '2023-06-27 05:06:54', '2023-06-27 05:06:54'),
(33, 'Why the of Siachen Glacier to be a key region?Answer: Since it serves as a connegam Valley, Karakoram Pass, and Aksai Chin, Siachen Therefore, retaining Siachen is essential for India to stop infiltration from both Pakistan and China.', 'Answer: Since it serves as a connector for the Shaksgam Valley, Karakoram Pass, and Aksai Chin, Siachen has strategic value for India, Pakistan, and even China. Therefore, retaining Siachen is essential for India to stop infiltration from both Pakistan and China.Answer: The  Line of Actual Control (LAC) is a boundary that is not clearly delimited between India and China, similar to Aksai Chin, whereas the Line of Control (LOC) is a defined, militarily designated barrier that divides parts of India and Pakistan.', 1, 1, 5, NULL, '2023-06-27 05:07:36', '2023-06-27 05:07:36'),
(34, 'Why the of Glacier to be a key region?Answer: Since it serves as a connegam Valley, Karakoram Pass, and Aksai Chin, Siachen Therefore, retaining Siachen is essential for India to stop infiltration from both Pakistan and China.', 'Answer: Since it serves as a connector for the Shaksgam Valley, Karakoram Pass, and Aksai Chin, Siachen has strategic value for India, Pakistan, and even China. Therefore, retaining Siachen is essential for India to stop infiltration from both Pakistan and China.Answer: The  Line of Actual Control (LAC) is a boundary that is not clearly delimited between India and China, similar to Aksai Chin, whereas the Line of Control (LOC) is a defined, militarily designated barrier that divides parts of India and Pakistan.', 1, 1, 5, NULL, '2023-06-27 05:07:42', '2023-06-27 05:07:42'),
(35, 'Give a brief explanation of the Indian Armed Forces’ Integrated Theater Commands.', 'Answer: The Indian Armed Forces’ Integrated Theater Commands are different standards of cooperation and inter-service collaboration amongst the armed services of the Indian Armed Forces. Tri-service structures like the Integrated Defence Staff help to develop cooperation and integration. The appointment of a Chief of Defence Staff (CDS) in January 2020 was viewed as a crucial step toward the indigenous collaborative operations of the Indian Armed Forces.', 1, 1, 5, NULL, '2023-06-27 05:08:19', '2023-06-27 05:08:19'),
(36, 'Give a brief explanation of the Armed Forces’ Integrated Theater Commands.', 'Answer: The Indian Armed Forces’ Integrated Theater Commands are different standards of cooperation and inter-service collaboration amongst the armed services of the Indian Armed Forces. Tri-service structures like the Integrated Defence Staff help to develop cooperation and integration. The appointment of a Chief of Defence Staff (CDS) in January 2020 was viewed as a crucial step toward the indigenous collaborative operations of the Indian Armed Forces.', 1, 1, 5, NULL, '2023-06-27 05:08:25', '2023-06-27 05:08:25'),
(37, 'Give a brief explanation of the Forces’ Integrated Theater Commands.', 'Answer: The Indian Armed Forces’ Integrated Theater Commands are different standards of cooperation and inter-service collaboration amongst the armed services of the Indian Armed Forces. Tri-service structures like the Integrated Defence Staff help to develop cooperation and integration. The appointment of a Chief of Defence Staff (CDS) in January 2020 was viewed as a crucial step toward the indigenous collaborative operations of the Indian Armed Forces.', 1, 1, 5, NULL, '2023-06-27 05:08:29', '2023-06-27 05:08:29'),
(38, 'Give a brief explanation of the ’ Integrated Theater Commands.', 'Answer: The Indian Armed Forces’ Integrated Theater Commands are different standards of cooperation and inter-service collaboration amongst the armed services of the Indian Armed Forces. Tri-service structures like the Integrated Defence Staff help to develop cooperation and integration. The appointment of a Chief of Defence Staff (CDS) in January 2020 was viewed as a crucial step toward the indigenous collaborative operations of the Indian Armed Forces.', 1, 1, 5, NULL, '2023-06-27 05:08:34', '2023-06-27 05:08:34'),
(39, 'Why the of Glacier to be a key region?Answer: Since it serves a connegam Valley, Karakoram Pass, and Aksai Chin, Siachen Therefore, retaining Siachen is essential for India to stop infiltration from both Pakistan and China.', 'Answer: The Indian Armed Forces’ Integrated Theater Commands are different standards of cooperation and inter-service collaboration amongst the armed services of the Indian Armed Forces. Tri-service structures like the Integrated Defence Staff help to develop cooperation and integration. The appointment of a Chief of Defence Staff (CDS) in January 2020 was viewed as a crucial step toward the indigenous collaborative operations of the Indian Armed Forces.', 1, 1, 6, NULL, '2023-06-27 05:08:54', '2023-06-27 05:08:54'),
(40, 'the of Glacier to be a key region?Answer: Since it serves a connegam Valley, Karakoram Pass, and Aksai Chin, Siachen Therefore, retaining Siachen is essential for India to stop infiltration from both Pakistan and China.', 'Answer: The Indian Armed Forces’ Integrated Theater Commands are different standards of cooperation and inter-service collaboration amongst the armed services of the Indian Armed Forces. Tri-service structures like the Integrated Defence Staff help to develop cooperation and integration. The appointment of a Chief of Defence Staff (CDS) in January 2020 was viewed as a crucial step toward the indigenous collaborative operations of the Indian Armed Forces.', 1, 1, 6, NULL, '2023-06-27 05:08:59', '2023-06-27 05:08:59'),
(41, 'of Glacier to be a key region?Answer: Since it serves a connegam Valley, Karakoram Pass, and Aksai Chin, Siachen Therefore, retaining Siachen is essential for India to stop infiltration from both Pakistan and China.', 'Answer: The Indian Armed Forces’ Integrated Theater Commands are different standards of cooperation and inter-service collaboration amongst the armed services of the Indian Armed Forces. Tri-service structures like the Integrated Defence Staff help to develop cooperation and integration. The appointment of a Chief of Defence Staff (CDS) in January 2020 was viewed as a crucial step toward the indigenous collaborative operations of the Indian Armed Forces.', 1, 1, 6, NULL, '2023-06-27 05:09:03', '2023-06-27 05:09:03'),
(42, 'of Glacien?Answer: Since it serves a connegam Valley, Karakoram Pass, and Aksai Chin, Siachen Therefore, retaining Siachen is essential for India to stop infiltration from both Pakistan and China.', 'Answer: The Indian Armed Forces’ Integrated Theater Commands are different standards of cooperation and inter-service collaboration amongst the armed services of the Indian Armed Forces. Tri-service structures like the Integrated Defence Staff help to develop cooperation and integration. The appointment of a Chief of Defence Staff (CDS) in January 2020 was viewed as a crucial step toward the indigenous collaborative operations of the Indian Armed Forces.', 1, 1, 6, NULL, '2023-06-27 05:09:11', '2023-06-27 05:09:11'),
(43, 'Since it serves a connegam Valley, Karakoram Pass, and Aksai Chin, Siachen Therefore, retaining Siachen is essential for India to stop infiltration from both Pakistan and China.', 'Answer: The Indian Armed Forces’ Integrated Theater Commands are different standards of cooperation and inter-service collaboration amongst the armed services of the Indian Armed Forces. Tri-service structures like the Integrated Defence Staff help to develop cooperation and integration. The appointment of a Chief of Defence Staff (CDS) in January 2020 was viewed as a crucial step toward the indigenous collaborative operations of the Indian Armed Forces.', 1, 1, 6, NULL, '2023-06-27 05:09:20', '2023-06-27 05:09:20'),
(44, 'Since it a connegam Valley, Karakoram Pass, and Aksai Chin, Siachen Therefore, retaining Siachen is essential for India to stop infiltration from both Pakistan and China.', 'Answer: The Indian Armed Forces’ Integrated Theater Commands are different standards of cooperation and inter-service collaboration amongst the armed services of the Indian Armed Forces. Tri-service structures like the Integrated Defence Staff help to develop cooperation and integration. The appointment of a Chief of Defence Staff (CDS) in January 2020 was viewed as a crucial step toward the indigenous collaborative operations of the Indian Armed Forces.', 1, 1, 6, NULL, '2023-06-27 05:09:41', '2023-06-27 05:09:41'),
(45, 'How much do you know about the Delhi-based National War Memorial?', 'Answer: The Indian Armed Forces’ Integrated Theater Commands are different standards of cooperation and inter-service collaboration amongst the armed services of the Indian Armed Forces. Tri-service structures like the Integrated Defence Staff help to develop cooperation and integration. The appointment of a Chief of Defence Staff (CDS) in January 2020 was viewed as a crucial step toward the indigenous collaborative operations of the Indian Armed Forces.', 1, 1, 6, NULL, '2023-06-27 05:10:11', '2023-06-27 05:10:11'),
(46, 'How do you know about the Delhi-based National War Memorial?', 'Answer: The Indian Armed Forces’ Integrated Theater Commands are different standards of cooperation and inter-service collaboration amongst the armed services of the Indian Armed Forces. Tri-service structures like the Integrated Defence Staff help to develop cooperation and integration. The appointment of a Chief of Defence Staff (CDS) in January 2020 was viewed as a crucial step toward the indigenous collaborative operations of the Indian Armed Forces.', 1, 1, 7, NULL, '2023-06-27 05:10:22', '2023-06-27 05:10:22'),
(47, 'How you know about the Delhi-based National War Memorial?', 'Answer: A national memorial commemorating and remembering Indian military personnel who took part in various battles is referred to as the National War Memorial. On the memorial walls are written in gold letters, the names of military personnel who sacrificed their lives in the wars with Pakistan and China. The Indian government constructed this memorial, which spans 40 acres of land, close to India Gate in New Delhi.', 1, 1, 7, NULL, '2023-06-27 05:10:40', '2023-06-27 05:10:40'),
(48, 'Howers, the names of military personnel who sacrificed their lives in the wars with Pakistan and China. The Indian government constructed this memorial, which spans 40 acres of land, close to India Gate in New Delhi.', 'Answer: A national memorial commemorating and remembering Indian military personnel who took part in various battles is referred to as the National War Memorial. On the memorial walls are written in gold letters, the names of military personnel who sacrificed their lives in the wars with Pakistan and China. The Indian government constructed this memorial, which spans 40 acres of land, close to India Gate in New Delhi.', 1, 1, 7, NULL, '2023-06-27 05:10:48', '2023-06-27 05:10:48'),
(49, 'Howers, names of military personnel who sacrificed their lives in the wars with Pakistan and China. The Indian government constructed this memorial, which spans 40 acres of land, close to India Gate in New Delhi.', 'Answer: A national memorial commemorating and remembering Indian military personnel who took part in various battles is referred to as the National War Memorial. On the memorial walls are written in gold letters, the names of military personnel who sacrificed their lives in the wars with Pakistan and China. The Indian government constructed this memorial, which spans 40 acres of land, close to India Gate in New Delhi.', 1, 1, 7, NULL, '2023-06-27 05:10:55', '2023-06-27 05:10:55'),
(50, 'Howers, of military personnel who sacrificed their lives in the wars with Pakistan and China. The Indian government constructed this memorial, which spans 40 acres of land, close to India Gate in New Delhi.', 'Answer: A national memorial commemorating and remembering Indian military personnel who took part in various battles is referred to as the National War Memorial. On the memorial walls are written in gold letters, the names of military personnel who sacrificed their lives in the wars with Pakistan and China. The Indian government constructed this memorial, which spans 40 acres of land, close to India Gate in New Delhi.', 1, 1, 7, NULL, '2023-06-27 05:11:00', '2023-06-27 05:11:00'),
(51, ', of military personnel who sacrificed their lives in the wars with Pakistan and China. The Indian government constructed this memorial, which spans 40 acres of land, close to India Gate in New Delhi.', 'Answer: A national memorial commemorating and remembering Indian military personnel who took part in various battles is referred to as the National War Memorial. On the memorial walls are written in gold letters, the names of military personnel who sacrificed their lives in the wars with Pakistan and China. The Indian government constructed this memorial, which spans 40 acres of land, close to India Gate in New Delhi.', 1, 1, 7, NULL, '2023-06-27 05:11:05', '2023-06-27 05:11:05'),
(52, ', of personnel who sacrificed their lives in the wars with Pakistan and China. The Indian government constructed this memorial, which spans 40 acres of land, close to India Gate in New Delhi.', 'Answer: A national memorial commemorating and remembering Indian military personnel who took part in various battles is referred to as the National War Memorial. On the memorial walls are written in gold letters, the names of military personnel who sacrificed their lives in the wars with Pakistan and China. The Indian government constructed this memorial, which spans 40 acres of land, close to India Gate in New Delhi.', 1, 1, 7, NULL, '2023-06-27 05:11:10', '2023-06-27 05:11:10'),
(53, ', personnel who sacrificed their lives in the wars with Pakistan and China. The Indian government constructed this memorial, which spans 40 acres of land, close to India Gate in New Delhi.', 'Answer: A national memorial commemorating and remembering Indian military personnel who took part in various battles is referred to as the National War Memorial. On the memorial walls are written in gold letters, the names of military personnel who sacrificed their lives in the wars with Pakistan and China. The Indian government constructed this memorial, which spans 40 acres of land, close to India Gate in New Delhi.', 1, 1, 7, NULL, '2023-06-27 05:11:16', '2023-06-27 05:11:16'),
(54, 'Tell me about some of the recent defence contracts signed by the Indian Army.', 'Answer: A national memorial commemorating and remembering Indian military personnel who took part in various battles is referred to as the National War Memorial. On the memorial walls are written in gold letters, the names of military personnel who sacrificed their lives in the wars with Pakistan and China. The Indian government constructed this memorial, which spans 40 acres of land, close to India Gate in New Delhi.', 1, 1, 8, NULL, '2023-06-27 05:12:03', '2023-06-27 05:12:03'),
(55, 'Tell me about some of the recent defence signed by the Indian Army.', 'Answer: A national memorial commemorating and remembering Indian military personnel who took part in various battles is referred to as the National War Memorial. On the memorial walls are written in gold letters, the names of military personnel who sacrificed their lives in the wars with Pakistan and China. The Indian government constructed this memorial, which spans 40 acres of land, close to India Gate in New Delhi.', 1, 1, 8, NULL, '2023-06-27 05:12:16', '2023-06-27 05:12:16'),
(56, 'Tell me about some of the defence signed by the Indian Army.', 'Answer: In an effort to promote “Aatmanirbhar Bharat” (self-reliant India), the Ministry of Defence has inked more than 180 agreements with Indian businesses, placing emphasis on a fresh push for domestic defence equipment production. The Ministry of Defence has set a goal to reach a revenue of Rs 1.75 lakh crore in aerospace and defence goods and services by 2024 under the “Make in India” initiative. The Indian Army recently signed its first contract for Rs 96 crore with Anadron Systems Pvt Ltd under Make-II for Maneuverable Expendable Aerial Target, which represents a significant step toward establishing self-reliance in the defence sector.', 1, 1, 8, NULL, '2023-06-27 05:12:31', '2023-06-27 05:12:31'),
(57, 'Tell me about some of defence signed by the Indian Army.', 'Answer: In an effort to promote “Aatmanirbhar Bharat” (self-reliant India), the Ministry of Defence has inked more than 180 agreements with Indian businesses, placing emphasis on a fresh push for domestic defence equipment production. The Ministry of Defence has set a goal to reach a revenue of Rs 1.75 lakh crore in aerospace and defence goods and services by 2024 under the “Make in India” initiative. The Indian Army recently signed its first contract for Rs 96 crore with Anadron Systems Pvt Ltd under Make-II for Maneuverable Expendable Aerial Target, which represents a significant step toward establishing self-reliance in the defence sector.', 1, 1, 8, NULL, '2023-06-27 05:12:38', '2023-06-27 05:12:38'),
(58, 'Tell me about some of defence by the Indian Army.', 'Answer: In an effort to promote “Aatmanirbhar Bharat” (self-reliant India), the Ministry of Defence has inked more than 180 agreements with Indian businesses, placing emphasis on a fresh push for domestic defence equipment production. The Ministry of Defence has set a goal to reach a revenue of Rs 1.75 lakh crore in aerospace and defence goods and services by 2024 under the “Make in India” initiative. The Indian Army recently signed its first contract for Rs 96 crore with Anadron Systems Pvt Ltd under Make-II for Maneuverable Expendable Aerial Target, which represents a significant step toward establishing self-reliance in the defence sector.', 1, 1, 8, NULL, '2023-06-27 05:12:42', '2023-06-27 05:12:42'),
(59, 'Tell me about some defence by the Indian Army.', 'Answer: In an effort to promote “Aatmanirbhar Bharat” (self-reliant India), the Ministry of Defence has inked more than 180 agreements with Indian businesses, placing emphasis on a fresh push for domestic defence equipment production. The Ministry of Defence has set a goal to reach a revenue of Rs 1.75 lakh crore in aerospace and defence goods and services by 2024 under the “Make in India” initiative. The Indian Army recently signed its first contract for Rs 96 crore with Anadron Systems Pvt Ltd under Make-II for Maneuverable Expendable Aerial Target, which represents a significant step toward establishing self-reliance in the defence sector.', 1, 1, 8, NULL, '2023-06-27 05:12:48', '2023-06-27 05:12:48'),
(60, 'Tell me the names and locations of the Indian Army’s training academies.', 'Indian Military Academy (IMA), Dehradun\r\nOfficers Training Academy, Chennai\r\nNational Defence Academy (NDA) Khadakwasla\r\nArmy Medical Corps (AMC) Center and School, Lucknow\r\nArmy Cadet College (ACC), Dehradun \r\nNational Defence College (NDC) New Delhi\r\nDefence Services Staff College (DSSC), Wellingto', 1, 1, 8, NULL, '2023-06-27 05:13:12', '2023-07-05 10:11:04'),
(62, 'This is test faq add functaionality?', 'This is the answer.', NULL, NULL, 5, NULL, '2023-07-05 04:53:07', '2023-07-05 04:53:07'),
(65, 'Redeem edited', 'Redeem this is edited', NULL, NULL, 4, NULL, '2023-07-05 06:08:32', '2023-07-05 06:08:32'),
(66, 'What is Verification and Validation in Software Testing?', 'testing: It is a static analysis technique. Here, testing is done without executing the code. Examples include – Reviews, Inspection, .\r\n\r\nValidation: It is a dynamic analysis technique where testing is done by executing the code. Examples include functional and non-functional testing techniques.\r\n\r\nIn the V model, the development and QA activities are done simultaneously. There is no discrete phase called Testing, rather testing starts right from the requirement phase.  The verification and validation activities go hand in hand.', NULL, NULL, 11, 3, '2023-07-06 08:35:25', '2023-07-06 09:24:27'),
(67, 'What is Verification and Validation i Software Testing?', 'Verification: It is a static analysis technique. Here, testing is done without executing the code. Examples include – Reviews, Inspection, and walkthrough.\r\n\r\nValidation: It is a dynamic analysis technique where testing is done by executing the code. Examples include functional and non-functional testing techniques.\r\n\r\nIn the V model, the development and QA activities are done simultaneously. There is no discrete phase called Testing, rather testing starts right from the requirement phase.  The verification and validation activities go hand in hand.', NULL, NULL, 9, NULL, '2023-07-06 09:09:00', '2023-07-06 09:09:00'),
(68, 'What is Verification and Validation n Software Testing?', 'Validation: It is a dynamic analysis technique where testing is done by executing the code. Examples include functional and non-functional testing techniques.\r\n\r\nIn the V model, the development and QA activities are done simultaneously. There is no discrete phase called Testing, rather testing starts right from the requirement phase.  The verification and validation activities go hand in hand.', NULL, NULL, 9, NULL, '2023-07-06 09:11:38', '2023-07-06 09:11:38'),
(69, 'What is coverage and what are the different types of coverage techniques?', 'The parameter used in software testing to describe the extent to which the source code is tested is known as coverage. There are three basic types of coverage techniques and they are:\r\n\r\nStatement coverage: It ensures that each line of source code has been executed and tested.\r\nDecision coverage: It assures that every decision (true/false) in the source code has been executed and tested.', NULL, NULL, 11, NULL, '2023-07-06 09:14:56', '2023-07-06 09:14:56'),
(70, 'test title', 'test answer', NULL, NULL, 12, NULL, '2023-07-10 05:04:02', '2023-07-10 05:04:02');

-- --------------------------------------------------------

--
-- Table structure for table `faq_categories`
--

CREATE TABLE `faq_categories` (
  `id` bigint(20) UNSIGNED NOT NULL,
  `title` varchar(255) DEFAULT NULL,
  `created_at` timestamp NULL DEFAULT NULL,
  `updated_at` timestamp NULL DEFAULT NULL
) ENGINE=InnoDB DEFAULT CHARSET=utf8mb4 COLLATE=utf8mb4_unicode_ci;

--
-- Dumping data for table `faq_categories`
--

INSERT INTO `faq_categories` (`id`, `title`, `created_at`, `updated_at`) VALUES
(2, 'First test', '2023-06-20 07:12:13', '2023-06-20 07:12:13'),
(4, 'Redeem', '2023-06-20 07:38:51', '2023-06-20 07:38:51'),
(5, 'videos', '2023-06-20 07:42:22', '2023-06-20 07:42:22'),
(6, 'Scan', '2023-06-22 05:38:30', '2023-06-22 05:38:30'),
(7, 'Wallet', '2023-06-22 05:38:55', '2023-06-22 05:38:55'),
(8, 'testing', '2023-06-22 05:40:02', '2023-06-22 05:40:02'),
(9, 'This is test', '2023-07-05 04:49:43', '2023-07-05 04:49:43'),
(10, 'this is agaib test', '2023-07-05 05:54:12', '2023-07-05 05:54:12'),
(11, 'testing1', '2023-07-06 08:32:59', '2023-07-06 08:32:59'),
(12, 'test', '2023-07-10 05:03:41', '2023-07-10 05:03:41');

-- --------------------------------------------------------

--
-- Table structure for table `migrations`
--

CREATE TABLE `migrations` (
  `id` int(10) UNSIGNED NOT NULL,
  `migration` varchar(255) NOT NULL,
  `batch` int(11) NOT NULL
) ENGINE=InnoDB DEFAULT CHARSET=utf8mb4 COLLATE=utf8mb4_unicode_ci;

--
-- Dumping data for table `migrations`
--

INSERT INTO `migrations` (`id`, `migration`, `batch`) VALUES
(1, '2014_10_12_000000_create_users_table', 1),
(2, '2014_10_12_100000_create_password_resets_table', 1),
(3, '2019_08_19_000000_create_failed_jobs_table', 1),
(4, '2019_12_14_000001_create_personal_access_tokens_table', 1),
(5, '2023_05_06_063652_create_books_table', 1),
(6, '2023_06_13_043623_create_verification_codes_table', 1),
(7, '2023_06_14_045952_add_new_fields_users', 1),
(8, '2023_06_14_050047_create_user_otps_table', 1),
(9, '2023_06_15_054827_add_new1_fields_users', 1),
(10, '2023_06_15_174117_create_sliders_table', 2),
(11, '2023_06_16_160855_create_products_table', 3),
(12, '2023_06_16_161035_create_categoties_table', 3),
(13, '2023_06_16_161055_create_sub_categoties_table', 3),
(14, '2023_06_19_113831_create_faqs_table', 4),
(15, '2023_06_19_114639_create_videos_table', 5),
(16, '2023_06_19_153614_create_privacy_policies_table', 6),
(17, '2023_06_19_153651_create_term_and_conditions_table', 7),
(18, '2023_06_19_153744_create_contact_us_table', 8),
(19, '2023_06_19_164556_create_contact_us_table', 9),
(20, '2023_06_20_113500_create_catalogs_table', 10),
(21, '2023_06_20_115724_create_video_categories_table', 11),
(22, '2023_06_20_115742_create_faq_categories_table', 12),
(23, '2023_06_20_152531_create_points_table', 13),
(24, '2023_06_20_152858_create_user_points_table', 14),
(25, '2023_07_07_173732_create_redeemproducts_table', 15);

-- --------------------------------------------------------

--
-- Table structure for table `notifications`
--

CREATE TABLE `notifications` (
  `id` bigint(20) UNSIGNED NOT NULL,
  `title` varchar(255) NOT NULL,
  `user_type` int(11) DEFAULT NULL,
  `image_path` varchar(255) DEFAULT NULL,
  `status` int(11) NOT NULL DEFAULT 1,
  `desc` text DEFAULT NULL,
  `created_at` timestamp NULL DEFAULT NULL,
  `updated_at` timestamp NULL DEFAULT NULL
) ENGINE=InnoDB DEFAULT CHARSET=utf8mb4 COLLATE=utf8mb4_unicode_ci;

--
-- Dumping data for table `notifications`
--

INSERT INTO `notifications` (`id`, `title`, `user_type`, `image_path`, `status`, `desc`, `created_at`, `updated_at`) VALUES
(2, 'well this is now bestA title can be used to identify the work', 3, 'public/storage/imagess', 0, 'This is meThe title of a book, or any other published text or work of art, is a name for the work which is usually chosen by the author. A title can be used to identify the work, to put it in context, to convey a minimal summary of its contents, and to pique the reader\'s curiosity\\\\\\\",This is meThe title of a book, or any other published text or work of art, is a name for the work which is usually chosen by the author. A title can be used to identify the work, to put it in context, to convey a minimal summary of its contents, and to pique the reader\'s curiosity\\\",This is meThe title of a book, or any other published text or work of art, is a name for the work which is usually chosen by the author. A title can be used to identify the work, to put it in context, to convey a minimal summary of its contents, and to pique the reader\'s curiosity\\\",This is meThe title of a book, or any other published text or work of art, is a name for the work which is usually chosen by the author. A title can be used to identify the work, to put it in context, to convey a minimal summary of its contents, and to pique the reader\'s curiosityThis is meThe title of a book, or any other published text or work of art, is a name for the work which is usually chosen by the author. A title can be used to identify the work, to put it in context, to convey a minimal summary of its contents, and to pique the reader\'s curiosity\\\",This is meThe title of a book, or any other published text or work of art, is a name for the work which is usually chosen by the author. A title can be used to identify the work, to put it in context, to convey a minimal summary of its contents, and to pique the reader\'s curiosity\",This is meThe title of a book, or any other published text or work of art, is a name for the work which is usually chosen by the author. A title can be used to identify the work, to put it in context, to convey a minimal summary of its contents, and to pique the reader\'s curiosity\",This is meThe title of a book, or any other published text or work of art, is a name for the work which is usually chosen by the author. A title can be used to identify the work, to put it in context, to convey a minimal summary of its contents, and to pique the reader\'s curiosity', '2023-06-15 09:34:18', '2023-06-21 09:42:29'),
(16, 'well this is now bestA title can be used to identify the', 1, 'public/storage/imagess', 0, 'This is meThe title of a book, or any other published text or work of art, is a name for the work which is usually chosen by the author. A title can be used to identify the work, to put it in context, to convey a minimal summary of its contents, and to pique the reader\'s curiosity\\\\\\\",This is meThe title of a book, or any other published text or work of art, is a name for the work which is usually chosen by the author. A title can be used to identify the work, to put it in context, to convey a minimal summary of its contents, and to pique the reader\'s curiosity\\\",This is meThe title of a book, or any other published text or work of art, is a name for the work which is usually chosen by the author. A title can be used to identify the work, to put it in context, to convey a minimal summary of its contents, and to pique the reader\'s curiosity\\\",This is meThe title of a book, or any other published text or work of art, is a name for the work which is usually chosen by the author. A title can be used to identify the work, to put it in context, to convey a minimal summary of its contents, and to pique the reader\'s curiosityThis is meThe title of a book, or any other published text or work of art, is a name for the work which is usually chosen by the author. A title can be used to identify the work, to put it in context, to convey a minimal summary of its contents, and to pique the reader\'s curiosity\\\",This is meThe title of a book, or any other published text or work of art, is a name for the work which is usually chosen by the author. A title can be used to identify the work, to put it in context, to convey a minimal summary of its contents, and to pique the reader\'s curiosity\",This is meThe title of a book, or any other published text or work of art, is a name for the work which is usually chosen by the author. A title can be used to identify the work, to put it in context, to convey a minimal summary of its contents, and to pique the reader\'s curiosity\",This is meThe title of a book, or any other published text or work of art, is a name for the work which is usually chosen by the author. A title can be used to identify the work, to put it in context, to convey a minimal summary of its contents, and to pique the reader\'s curiosity', '2023-06-16 06:36:05', '2023-06-21 09:45:03'),
(20, 'second noti fication98', 1, 'public/storage/img', 0, 'This is the first dec for the app to user', '2023-06-19 07:21:59', '2023-06-19 07:21:59'),
(21, 'well this is now bestA title can be used to identify the work', 3, 'public/storage/imagess', 0, 'This is meThe title of a book, or any other published text or work of art, is a name for the work which is usually chosen by the author. A title can be used to identify the work, to put it in context, to convey a minimal summary of its contents, and to pique the reader\'s curiosity\\\\\\\",This is meThe title of a book, or any other published text or work of art, is a name for the work which is usually chosen by the author. A title can be used to identify the work, to put it in context, to convey a minimal summary of its contents, and to pique the reader\'s curiosity\\\",This is meThe title of a book, or any other published text or work of art, is a name for the work which is usually chosen by the author. A title can be used to identify the work, to put it in context, to convey a minimal summary of its contents, and to pique the reader\'s curiosity\\\",This is meThe title of a book, or any other published text or work of art, is a name for the work which is usually chosen by the author. A title can be used to identify the work, to put it in context, to convey a minimal summary of its contents, and to pique the reader\'s curiosityThis is meThe title of a book, or any other published text or work of art, is a name for the work which is usually chosen by the author. A title can be used to identify the work, to put it in context, to convey a minimal summary of its contents, and to pique the reader\'s curiosity\\\",This is meThe title of a book, or any other published text or work of art, is a name for the work which is usually chosen by the author. A title can be used to identify the work, to put it in context, to convey a minimal summary of its contents, and to pique the reader\'s curiosity\",This is meThe title of a book, or any other published text or work of art, is a name for the work which is usually chosen by the author. A title can be used to identify the work, to put it in context, to convey a minimal summary of its contents, and to pique the reader\'s curiosity\",This is meThe title of a book, or any other published text or work of art, is a name for the work which is usually chosen by the author. A title can be used to identify the work, to put it in context, to convey a minimal summary of its contents, and to pique the reader\'s curiosity', '2023-06-20 09:35:43', '2023-06-21 05:26:42'),
(22, 'second noti fication This is the first dec for the app to user', 3, 'public/storage/img', 0, 'This is the first dec for the app to userThis is the first dec for the app to userThis is the first dec for the app to userThis is the first dec for the app to user', '2023-06-22 05:43:05', '2023-06-22 05:43:05'),
(23, 'second noti fication', 3, 'public/storage/img', 0, 'This is the first dec for the app to userThis is the first dec for the app to userThis is the first dec for the app to userThis is the first dec for the app to user', '2023-06-22 05:43:19', '2023-06-22 05:43:19'),
(24, 'second noti fication 1', 3, 'public/storage/img', 0, 'This is the first dec for the app to userThis is the first dec for the app to userThis is the first dec for the app to userThis is the first dec for the app to user', '2023-06-22 05:43:28', '2023-06-22 05:43:28'),
(25, 'second noti fication 12', 3, 'public/storage/img', 0, 'This is the first dec for the app to userThis is the first dec for the app to userThis is the first dec for the app to userThis is the first dec for the app to user', '2023-06-22 05:43:33', '2023-06-22 05:43:33'),
(26, 'second noti fication 13', 3, 'public/storage/img', 0, 'This is the first dec for the app to userThis is the first dec for the app to userThis is the first dec for the app to userThis is the first dec for the app to user', '2023-06-22 08:36:25', '2023-06-22 08:36:25'),
(27, 'second noti fication 14', 3, 'public/storage/img', 0, 'This is the first dec for the app to userThis is the first dec for the app to userThis is the first dec for the app to userThis is the first dec for the app to user', '2023-06-22 12:11:36', '2023-06-22 12:11:36');

-- --------------------------------------------------------

--
-- Table structure for table `password_resets`
--

CREATE TABLE `password_resets` (
  `email` varchar(255) NOT NULL,
  `token` varchar(255) NOT NULL,
  `created_at` timestamp NULL DEFAULT NULL
) ENGINE=InnoDB DEFAULT CHARSET=utf8mb4 COLLATE=utf8mb4_unicode_ci;

-- --------------------------------------------------------

--
-- Table structure for table `personal_access_tokens`
--

CREATE TABLE `personal_access_tokens` (
  `id` bigint(20) UNSIGNED NOT NULL,
  `tokenable_type` varchar(255) NOT NULL,
  `tokenable_id` bigint(20) UNSIGNED NOT NULL,
  `name` varchar(255) NOT NULL,
  `token` varchar(64) NOT NULL,
  `abilities` text DEFAULT NULL,
  `last_used_at` timestamp NULL DEFAULT NULL,
  `created_at` timestamp NULL DEFAULT NULL,
  `updated_at` timestamp NULL DEFAULT NULL
) ENGINE=InnoDB DEFAULT CHARSET=utf8mb4 COLLATE=utf8mb4_unicode_ci;

--
-- Dumping data for table `personal_access_tokens`
--

INSERT INTO `personal_access_tokens` (`id`, `tokenable_type`, `tokenable_id`, `name`, `token`, `abilities`, `last_used_at`, `created_at`, `updated_at`) VALUES
(24, 'App\\Models\\User', 5, 'MyApp', '2fc368d1caa8c46adb7dfc390ef62735e7c0f3f8a4373cf38179d9fbd0db68e4', '[\"*\"]', NULL, '2023-06-15 11:50:46', '2023-06-15 11:50:46'),
(25, 'App\\Models\\User', 6, 'MyApp', '5740c875cd35e5d81c28b899353a654bf653d9d51e4551096e549324a926e001', '[\"*\"]', NULL, '2023-06-15 11:55:50', '2023-06-15 11:55:50'),
(29, 'App\\Models\\User', 8, 'MyApp', '0858fa65e275cb7788eae90383c81167e8ee3530cd9a6bde915813d0aa0387e3', '[\"*\"]', NULL, '2023-06-15 12:12:08', '2023-06-15 12:12:08'),
(34, 'App\\Models\\User', 1, 'MyApp', 'fc99186fbb74608ce0dcab9327c99ff66f9e44245313c82b2c601112d1c74664', '[\"*\"]', '2023-07-08 10:22:12', '2023-06-16 07:38:22', '2023-07-08 10:22:12'),
(37, 'App\\Models\\User', 1, 'MyApp', '395988ae1caa27fdeaca4daf4d11d5e0c640d294fdfa9cfdf39ce7a57290f66f', '[\"*\"]', '2023-06-16 12:18:51', '2023-06-16 09:31:47', '2023-06-16 12:18:51'),
(52, 'App\\Models\\User', 9, 'MyApp', '280dde1af5ee4d5eabac766843a93c63a0bb40bc5837932ee718c10a15eedede', '[\"*\"]', NULL, '2023-06-17 06:43:56', '2023-06-17 06:43:56'),
(53, 'App\\Models\\User', 9, 'MyApp', '51b4087217e045c49ed1b64a37d26d2768a5288b1b1ad47e95de6a66ec3fe3d9', '[\"*\"]', '2023-06-17 11:36:33', '2023-06-17 06:45:06', '2023-06-17 11:36:33'),
(54, 'App\\Models\\User', 10, 'MyApp', 'af7bafde8cb34501d8f0c2ffad9116f97b76de8ea1bf490e08ad692378c02b5b', '[\"*\"]', NULL, '2023-06-17 07:08:43', '2023-06-17 07:08:43'),
(55, 'App\\Models\\User', 11, 'MyApp', '75d13520682e0eca590aa76dcb49e43bbf1d723c3307d7f9d9e3ac868b6bc170', '[\"*\"]', NULL, '2023-06-17 07:10:22', '2023-06-17 07:10:22'),
(56, 'App\\Models\\User', 12, 'MyApp', '4074b755399ed11ea8a93ad2da62da7ef010e9ee58f161c08e34d9a991db3dd1', '[\"*\"]', NULL, '2023-06-17 07:30:34', '2023-06-17 07:30:34'),
(57, 'App\\Models\\User', 13, 'MyApp', 'a483cde8aa88c562f6360565cedc01026726e6e89e0bd4230825852305acc4e6', '[\"*\"]', NULL, '2023-06-17 07:34:22', '2023-06-17 07:34:22'),
(58, 'App\\Models\\User', 14, 'MyApp', 'bec43752b8c585b60cf87fc7ca71442afe38ebf252ed35ba1466b7cf93ab49e6', '[\"*\"]', NULL, '2023-06-17 07:38:20', '2023-06-17 07:38:20'),
(59, 'App\\Models\\User', 15, 'MyApp', '7a002eb4cbd90d3122131b99a7be013261bf0ac4eb36b0795a34111a663921c4', '[\"*\"]', NULL, '2023-06-17 07:39:31', '2023-06-17 07:39:31'),
(60, 'App\\Models\\User', 16, 'MyApp', '1397587bef5978033198f56e9c5e511c65adb83f6589c4a20b28b15d85f0c4fe', '[\"*\"]', NULL, '2023-06-17 07:42:18', '2023-06-17 07:42:18'),
(63, 'App\\Models\\User', 17, 'MyApp', '1006a7eb79d223dcd86565a58b5f49a02cd59b7318de07e7cb75d0d078004c24', '[\"*\"]', NULL, '2023-06-17 07:48:37', '2023-06-17 07:48:37'),
(64, 'App\\Models\\User', 18, 'MyApp', '89d7b758467485ec0420c02f0f24fd244db181885519acbf070c9a419ec30700', '[\"*\"]', NULL, '2023-06-17 08:35:45', '2023-06-17 08:35:45'),
(65, 'App\\Models\\User', 18, 'MyApp', '5901d3a35882a24c1a81cf9a2f35e41f2fb5bbb7a0b524879976cda51c4dc0ca', '[\"*\"]', '2023-06-17 08:36:43', '2023-06-17 08:36:41', '2023-06-17 08:36:43'),
(66, 'App\\Models\\User', 18, 'MyApp', '9720a3371d893554ebb5a7ebdcbb9f3ed490101e5974551a0b165d455435af49', '[\"*\"]', '2023-06-17 08:37:57', '2023-06-17 08:37:56', '2023-06-17 08:37:57'),
(67, 'App\\Models\\User', 18, 'MyApp', '9cdc43d84199bd6da7f0d01c70d027dfd6de5c300b586cc692b4891691848289', '[\"*\"]', '2023-06-17 08:43:14', '2023-06-17 08:43:13', '2023-06-17 08:43:14'),
(68, 'App\\Models\\User', 19, 'MyApp', '06edb2c35cad63ee0b05fa5c92fd06fa1f40fcc694ce3516a2e1a23583134f50', '[\"*\"]', NULL, '2023-06-17 08:45:58', '2023-06-17 08:45:58'),
(69, 'App\\Models\\User', 20, 'MyApp', '8b268ad52aa5d362b1b518cf656821e549755c43fa690a102e8eb40846013ca2', '[\"*\"]', NULL, '2023-06-17 08:47:08', '2023-06-17 08:47:08'),
(70, 'App\\Models\\User', 19, 'MyApp', '201983ffe1aced7f45b6d270ba27bd25726b7958b6ebc5e56f8c83d6106f0e4c', '[\"*\"]', '2023-06-17 08:48:20', '2023-06-17 08:48:19', '2023-06-17 08:48:20'),
(71, 'App\\Models\\User', 21, 'MyApp', '58d0125f88a1212a1f9eb319d063dbe8b5ab99ff13e097c6797bc1084a09ed55', '[\"*\"]', NULL, '2023-06-17 08:49:20', '2023-06-17 08:49:20'),
(72, 'App\\Models\\User', 21, 'MyApp', 'a94d6940653781a2a4a96d5e703c922c93585a3651831a25216be140a3f99222', '[\"*\"]', '2023-06-17 08:54:05', '2023-06-17 08:53:01', '2023-06-17 08:54:05'),
(73, 'App\\Models\\User', 22, 'MyApp', '9537d597cf7a76165a7d7b6a32091549d758d82ee225187a107949f6b83b4e79', '[\"*\"]', NULL, '2023-06-17 08:53:57', '2023-06-17 08:53:57'),
(74, 'App\\Models\\User', 19, 'MyApp', '0e037ebe25e47493c6e95a245cae10c26bd999bbc753f652f6ab8504e10516ba', '[\"*\"]', '2023-06-17 08:54:41', '2023-06-17 08:54:40', '2023-06-17 08:54:41'),
(79, 'App\\Models\\User', 23, 'MyApp', '20859aa3dd3ddde6a21957789218a6e43eb2d5e789471810a8e09418118edf4a', '[\"*\"]', NULL, '2023-06-17 09:10:40', '2023-06-17 09:10:40'),
(80, 'App\\Models\\User', 24, 'MyApp', 'afb1fe790a2a5683d9de691c7288c64dbfc4f8267ee6ac9617424efc38cf411d', '[\"*\"]', NULL, '2023-06-17 09:13:56', '2023-06-17 09:13:56'),
(87, 'App\\Models\\User', 25, 'MyApp', '71b4e34c97cbb8d587dbd73b9e753ccbfe81c85639ac06cc7010abbe8907f171', '[\"*\"]', NULL, '2023-06-17 09:50:28', '2023-06-17 09:50:28'),
(91, 'App\\Models\\User', 26, 'MyApp', '069b1d22e7bbfe049afbcf002337812695dca1337c5a37319c94c181da079700', '[\"*\"]', NULL, '2023-06-17 10:29:28', '2023-06-17 10:29:28'),
(110, 'App\\Models\\User', 27, 'MyApp', '00602fa8a0014208f5f9933c6788f9702bb55f4f5fc6d85fb43b810078f2ae16', '[\"*\"]', NULL, '2023-06-19 05:27:27', '2023-06-19 05:27:27'),
(111, 'App\\Models\\User', 27, 'MyApp', 'd3cbea462ca3eb3a35073612b058fbda23249bcc87b8b19bfd35b018819de84b', '[\"*\"]', '2023-06-19 05:51:33', '2023-06-19 05:29:41', '2023-06-19 05:51:33'),
(117, 'App\\Models\\User', 28, 'MyApp', 'cb176044a119b8b3b62d9eba7b4d0eb4843b19855aa115e11ca03785bc2a4384', '[\"*\"]', NULL, '2023-06-19 05:56:09', '2023-06-19 05:56:09'),
(119, 'App\\Models\\User', 29, 'MyApp', '6b9fe3fc98bcd6fc1ee075f28ef26e48a5d935dc047c98252d1d05234b56da02', '[\"*\"]', NULL, '2023-06-19 05:58:58', '2023-06-19 05:58:58'),
(120, 'App\\Models\\User', 29, 'MyApp', 'fd1adb712104be22290c9b19ee9c1c91a4fe00450334f6076edf005c9490eeea', '[\"*\"]', '2023-06-19 06:25:15', '2023-06-19 05:59:31', '2023-06-19 06:25:15'),
(132, 'App\\Models\\User', 30, 'MyApp', '285bf4e7e28bf3b3e3b13e6621815b0c1d15d7ee1b98aea62afd1949d667016b', '[\"*\"]', NULL, '2023-06-19 09:32:11', '2023-06-19 09:32:11'),
(137, 'App\\Models\\User', 31, 'MyApp', '5ef62717c735e646dff4e21c25d7554b57dc349b64f022ad3eabb1582ae880ce', '[\"*\"]', NULL, '2023-06-19 11:52:08', '2023-06-19 11:52:08'),
(138, 'App\\Models\\User', 31, 'MyApp', '81b32329cbeff53fdf7d1b23c7d0a9ec0997a3194ba32c19b71859d18b010163', '[\"*\"]', '2023-06-19 11:56:29', '2023-06-19 11:52:44', '2023-06-19 11:56:29'),
(139, 'App\\Models\\User', 31, 'MyApp', '35c37a292fc07fbc13fb0ee6bdedd85eeaf9358823fba089f025a4c6702a39a5', '[\"*\"]', '2023-06-19 11:58:36', '2023-06-19 11:58:34', '2023-06-19 11:58:36'),
(140, 'App\\Models\\User', 31, 'MyApp', '59d87b505f173d752c6a785d5aec9d71c21a164f51a3d48e12ea070b8097ddcc', '[\"*\"]', '2023-06-19 12:00:18', '2023-06-19 12:00:16', '2023-06-19 12:00:18'),
(141, 'App\\Models\\User', 31, 'MyApp', '835bbfe34a8e2a1fc68963313f18eeb48528a1e58378522d91e7a05320a02a60', '[\"*\"]', '2023-06-19 12:00:58', '2023-06-19 12:00:56', '2023-06-19 12:00:58'),
(143, 'App\\Models\\User', 31, 'MyApp', '1f2ddfebd076afe31802583d3c88ee69864697373d363d4e2712d58f94bffa51', '[\"*\"]', '2023-06-19 12:02:00', '2023-06-19 12:01:59', '2023-06-19 12:02:00'),
(144, 'App\\Models\\User', 31, 'MyApp', 'c01d0575c6a1093da6736ee23a788c371ade21a21293fd558679e69ff3ca3c31', '[\"*\"]', '2023-06-19 12:02:38', '2023-06-19 12:02:37', '2023-06-19 12:02:38'),
(145, 'App\\Models\\User', 31, 'MyApp', '9964aa19ac94beb1f1bfbc75c6c9f0f3e863d7945cc7108c10cb089880711ad7', '[\"*\"]', '2023-06-19 12:03:04', '2023-06-19 12:03:03', '2023-06-19 12:03:04'),
(146, 'App\\Models\\User', 31, 'MyApp', '85146b32de0af7fa4a9ddbe2d01deb75db76acc087fe3c8a134d4af52284bcf8', '[\"*\"]', '2023-06-19 12:03:36', '2023-06-19 12:03:35', '2023-06-19 12:03:36'),
(147, 'App\\Models\\User', 31, 'MyApp', 'b8d699bcfb55a87f3f73f405dd47a110543f80f3bb743695fe9c6407115810d2', '[\"*\"]', '2023-06-19 12:04:09', '2023-06-19 12:04:08', '2023-06-19 12:04:09'),
(148, 'App\\Models\\User', 31, 'MyApp', 'd185ab91b9a587e6f9814779261e0019ee237a8c60fbc858b041dd1cc510a052', '[\"*\"]', '2023-06-19 12:08:03', '2023-06-19 12:08:01', '2023-06-19 12:08:03'),
(149, 'App\\Models\\User', 31, 'MyApp', '26284f74d4ee3aa806edb3355e6863e8ec9005a4cf6d9f8fa4c67e663eed258f', '[\"*\"]', '2023-06-19 12:11:35', '2023-06-19 12:11:34', '2023-06-19 12:11:35'),
(150, 'App\\Models\\User', 31, 'MyApp', '4a55884bba10702204f171fbcd6df095beb4beab2b1bb04ed6bea91853bf51d1', '[\"*\"]', '2023-06-19 12:12:10', '2023-06-19 12:12:09', '2023-06-19 12:12:10'),
(151, 'App\\Models\\User', 31, 'MyApp', '2cb0997890068021f920228f3dfb446d427c6d4b17dc148f181fa08ca9562b45', '[\"*\"]', '2023-06-19 12:13:45', '2023-06-19 12:13:43', '2023-06-19 12:13:45'),
(152, 'App\\Models\\User', 32, 'MyApp', '5690fbff693aba3fc20c60ba40946cbf19c2ffad6c7efaf85e3b31be1d92c7e1', '[\"*\"]', NULL, '2023-06-19 12:15:03', '2023-06-19 12:15:03'),
(153, 'App\\Models\\User', 32, 'MyApp', 'd1817420dd0ebbb57f0c75e8161e181d6b966506c99f6462adccb71f96b85cff', '[\"*\"]', '2023-06-19 12:17:13', '2023-06-19 12:15:58', '2023-06-19 12:17:13'),
(155, 'App\\Models\\User', 31, 'MyApp', 'a12c19e20f157f152e11acb2d856465513b55c75c63cd73b2c1154b4b1d8edf4', '[\"*\"]', '2023-06-19 12:19:45', '2023-06-19 12:19:44', '2023-06-19 12:19:45'),
(156, 'App\\Models\\User', 32, 'MyApp', '5a5cda823d4d97b60f6d2096cb78b2f57f73e3fc9d59870055737105000c582f', '[\"*\"]', '2023-06-19 12:33:55', '2023-06-19 12:20:09', '2023-06-19 12:33:55'),
(158, 'App\\Models\\User', 31, 'MyApp', 'a8db3016af0dab8b5c99d7096b5fba3f3da8d56b4e7a8572b2b2f08220911b37', '[\"*\"]', '2023-06-19 12:35:17', '2023-06-19 12:34:46', '2023-06-19 12:35:17'),
(164, 'App\\Models\\User', 34, 'MyApp', 'b827f89bc2a7a9070e16bea1be1b751440c74c9505460ae61e6712c23b820718', '[\"*\"]', NULL, '2023-06-20 08:37:33', '2023-06-20 08:37:33'),
(165, 'App\\Models\\User', 34, 'MyApp', 'a20d10db062b814b2051d6d1df6a9a365a532b4a5ba510f9397e38a37927c770', '[\"*\"]', '2023-06-20 08:38:20', '2023-06-20 08:38:18', '2023-06-20 08:38:20'),
(166, 'App\\Models\\User', 34, 'MyApp', 'ba18bfb277585d758a789e5edc7588a349750600477ce04c7d3a1aab8031c546', '[\"*\"]', '2023-06-20 09:58:06', '2023-06-20 08:39:02', '2023-06-20 09:58:06'),
(170, 'App\\Models\\User', 34, 'MyApp', '416309f899eba339e3ec78d4e872f6aae6eace7328da4331287e9d32a1ff958b', '[\"*\"]', '2023-06-20 10:35:45', '2023-06-20 10:03:42', '2023-06-20 10:35:45'),
(172, 'App\\Models\\User', 34, 'MyApp', '4776bbcd6e52f38c446605e59a86e0b074b1f773e970ee5628e37a89b756a945', '[\"*\"]', '2023-06-20 10:41:04', '2023-06-20 10:39:06', '2023-06-20 10:41:04'),
(173, 'App\\Models\\User', 34, 'MyApp', 'd672a9a5c5cd85deac613e7ca604e01ce874117e16a26543403809ce16427b9c', '[\"*\"]', '2023-06-20 11:18:52', '2023-06-20 10:45:44', '2023-06-20 11:18:52'),
(174, 'App\\Models\\User', 34, 'MyApp', '34fd983a579510baeee512464cf319afebe84f11b69d9728ee10c27de0167e6f', '[\"*\"]', '2023-06-20 11:48:04', '2023-06-20 11:48:02', '2023-06-20 11:48:04'),
(175, 'App\\Models\\User', 34, 'MyApp', '1aa45010fcc55fab82bfeab0a3287af05a527bf97f01a058ae6f9116dc006a0d', '[\"*\"]', '2023-06-20 11:48:58', '2023-06-20 11:48:26', '2023-06-20 11:48:58'),
(176, 'App\\Models\\User', 34, 'MyApp', 'f9b535105951ecc56d8ef23400a805b23f3283f7815dd685b21d2d44f90d201f', '[\"*\"]', '2023-06-20 11:50:58', '2023-06-20 11:50:57', '2023-06-20 11:50:58'),
(177, 'App\\Models\\User', 34, 'MyApp', 'e1c0451e8c5197dbf312442473bd4e483b8c0939067dcabd41cea905442ebdd3', '[\"*\"]', '2023-06-20 11:53:37', '2023-06-20 11:52:08', '2023-06-20 11:53:37'),
(178, 'App\\Models\\User', 34, 'MyApp', 'f4a69b05a9a284c2b20634214e8b84cc6e8dac18b65a28620c997c817cf01322', '[\"*\"]', '2023-06-20 12:37:39', '2023-06-20 11:56:02', '2023-06-20 12:37:39'),
(262, 'App\\Models\\User', 1, 'MyApp', '294ab5d78412b54f1c6fadca13ae7828dca2e28593d9c4c2c0cebbfd80a90224', '[\"*\"]', NULL, '2023-06-23 09:37:52', '2023-06-23 09:37:52'),
(267, 'App\\Models\\User', 35, 'MyApp', '641bd530bf908d3c78fc2331e44ff36fa0478e5af4ff5381380c8047f9ef7474', '[\"*\"]', NULL, '2023-06-27 04:07:49', '2023-06-27 04:07:49'),
(271, 'App\\Models\\User', 1, 'MyApp', '3626cbe7738e510fa96d8ea684721187ee28eaa29e6a1d2fde1eca0886aa7862', '[\"*\"]', NULL, '2023-06-27 04:41:11', '2023-06-27 04:41:11'),
(272, 'App\\Models\\User', 1, 'MyApp', 'c64e789bca3062dcb9b01ef038861c15046991b9c95dec69966b01271f5450af', '[\"*\"]', NULL, '2023-06-27 04:55:26', '2023-06-27 04:55:26'),
(274, 'App\\Models\\User', 1, 'MyApp', '2379b1f0f9b73b1408cd8e078d24cb7e5465bc8457b9471b2fa0a504940e89de', '[\"*\"]', NULL, '2023-06-27 04:57:27', '2023-06-27 04:57:27'),
(275, 'App\\Models\\User', 1, 'MyApp', '4b4c4ce92869673c47c6eeb52d375f2c8fecd517d473f02d703d3b02abcd326f', '[\"*\"]', NULL, '2023-06-27 04:58:50', '2023-06-27 04:58:50'),
(277, 'App\\Models\\User', 1, 'MyApp', 'fdfb97e20968f3205622cf39c452d61bc6c22be40e1eea2a70c68172ce8a79fb', '[\"*\"]', NULL, '2023-06-27 05:04:29', '2023-06-27 05:04:29'),
(278, 'App\\Models\\User', 1, 'MyApp', 'da072f4b431c80c37fef0abce1db5a3afb8a1919a3fd77977a209ccf2029e320', '[\"*\"]', NULL, '2023-06-27 05:09:15', '2023-06-27 05:09:15'),
(279, 'App\\Models\\User', 1, 'MyApp', '3fff27ea9af6c4e9227dc7f49b5febdffe64a91d02cbdc77f2a9db2bfbda4258', '[\"*\"]', NULL, '2023-06-27 05:12:46', '2023-06-27 05:12:46'),
(280, 'App\\Models\\User', 1, 'MyApp', 'd3c1e94e5ad0f7e46690ef5a3cd24bb457bd5880e0a544096305af43f4cd61d9', '[\"*\"]', NULL, '2023-06-27 05:19:23', '2023-06-27 05:19:23'),
(281, 'App\\Models\\User', 1, 'MyApp', '924bea35163a6a1412e2e1571d5237d5e6e9ccefd86c25bff9401bb9039f6f04', '[\"*\"]', NULL, '2023-06-27 05:19:41', '2023-06-27 05:19:41'),
(283, 'App\\Models\\User', 1, 'MyApp', 'a15b2d9d4a34700f70fc6291600cb4b671214b43a233d847686b4216a656831c', '[\"*\"]', NULL, '2023-06-27 05:53:31', '2023-06-27 05:53:31'),
(284, 'App\\Models\\User', 1, 'MyApp', '2b1624dd906ef7470007c18c26a532363431f06d350068ed9537e5b43f0198b2', '[\"*\"]', NULL, '2023-06-27 05:53:44', '2023-06-27 05:53:44'),
(285, 'App\\Models\\User', 1, 'MyApp', '3743fffe8512fb942a0ae507d04b1f0f3414cf5ea4b494cde9fae651cca92d16', '[\"*\"]', NULL, '2023-06-27 05:56:03', '2023-06-27 05:56:03'),
(287, 'App\\Models\\User', 1, 'MyApp', '7b8cb0589230369eb291d973c903e4a30f42bc7dce350ba2e47699219f2e4eb3', '[\"*\"]', NULL, '2023-06-27 06:12:43', '2023-06-27 06:12:43'),
(292, 'App\\Models\\User', 1, 'MyApp', '532a2a80459c202432b0d473b5f697631c3554c88adfba3429494042be6f2092', '[\"*\"]', NULL, '2023-06-27 06:30:33', '2023-06-27 06:30:33'),
(294, 'App\\Models\\User', 1, 'MyApp', 'bfaab434b55aebaef967a8fe9be07d48416ae2b30d1dc75b930af611d6a71e4b', '[\"*\"]', NULL, '2023-06-27 06:34:45', '2023-06-27 06:34:45'),
(295, 'App\\Models\\User', 1, 'MyApp', 'cbd581ebcce197c65655c287d2727c7b5810898eedbb2c806e519b44392e78c5', '[\"*\"]', NULL, '2023-06-27 06:35:48', '2023-06-27 06:35:48'),
(296, 'App\\Models\\User', 1, 'MyApp', 'e1f00138b907c873b20582e01d9433fa5eef44ed0a413533b080f282b385614a', '[\"*\"]', NULL, '2023-06-27 06:38:13', '2023-06-27 06:38:13'),
(302, 'App\\Models\\User', 37, 'MyApp', '1ecee1be30cd118362b5e83162fbcd1eb63707da4021a8163102b428c83b5c83', '[\"*\"]', '2023-06-27 06:57:24', '2023-06-27 06:56:45', '2023-06-27 06:57:24'),
(307, 'App\\Models\\User', 36, 'MyApp', '80ef96e5779ebca570412d5a916cafd1345bc940c6f439e94b430334fd7198bc', '[\"*\"]', '2023-06-27 07:35:15', '2023-06-27 07:07:24', '2023-06-27 07:35:15'),
(308, 'App\\Models\\User', 1, 'MyApp', 'fb917ccb78034f31e282fb684ac60982be59001305cbd5f7b36c0d89436be21e', '[\"*\"]', NULL, '2023-06-27 07:09:09', '2023-06-27 07:09:09'),
(309, 'App\\Models\\User', 36, 'MyApp', 'c21d82552321dcb37d986b8cffec6bc6228283d2accee7df292d49ce75e00935', '[\"*\"]', '2023-06-27 11:15:57', '2023-06-27 07:14:05', '2023-06-27 11:15:57'),
(310, 'App\\Models\\User', 36, 'MyApp', '33b637fd27a3c24525f1859577eab1df2ce15cf71c10da3ede22cad07534b9de', '[\"*\"]', '2023-06-27 07:44:30', '2023-06-27 07:38:01', '2023-06-27 07:44:30'),
(311, 'App\\Models\\User', 1, 'MyApp', '9d6c637453da6f6aeb875da9aabff4d181aa67d76bac733f7ad72466617e80a1', '[\"*\"]', NULL, '2023-06-27 07:44:12', '2023-06-27 07:44:12'),
(313, 'App\\Models\\User', 1, 'MyApp', '423e6b3d3488833aac9b948b0f6e314f65674dd28aaac0bcca9e8c00606e1028', '[\"*\"]', NULL, '2023-06-27 08:35:22', '2023-06-27 08:35:22'),
(316, 'App\\Models\\User', 38, 'MyApp', '07def8d304ef7f00b377da1181bc8eeb4e951d2502ffcbc1286a7f5c6e87ef8d', '[\"*\"]', NULL, '2023-06-27 08:54:45', '2023-06-27 08:54:45'),
(317, 'App\\Models\\User', 36, 'MyApp', '1d3099004f47ef8e729aa885e15e7950a4a074fb7f83725d8fc05821b12886ae', '[\"*\"]', '2023-06-27 09:06:34', '2023-06-27 08:57:52', '2023-06-27 09:06:34'),
(318, 'App\\Models\\User', 1, 'MyApp', '153686be0ce9c45479873ca4d21e5dcc6f3986f4d4634756c5dc5a542c3109c9', '[\"*\"]', NULL, '2023-06-27 09:06:26', '2023-06-27 09:06:26'),
(320, 'App\\Models\\User', 1, 'MyApp', 'b1c8d929d8ff44ec3703ceef6db8915a0a0dea93c4e7ec92be91342020b7e704', '[\"*\"]', NULL, '2023-06-27 09:19:17', '2023-06-27 09:19:17'),
(321, 'App\\Models\\User', 1, 'MyApp', '70bb85cf26cba1f6dfc1abdecf9dced0e9674e2baccec1c2fccf6e0d90929004', '[\"*\"]', NULL, '2023-06-27 09:19:25', '2023-06-27 09:19:25'),
(322, 'App\\Models\\User', 1, 'MyApp', 'b588c7191514c68a66302e1599c7c6b791999d62a012db011ff4347fb2f669f6', '[\"*\"]', NULL, '2023-06-27 09:20:01', '2023-06-27 09:20:01'),
(323, 'App\\Models\\User', 1, 'MyApp', 'd607040210454cf54955f8df313ed4034b1341ab82081253f63e71f63a1b3e05', '[\"*\"]', NULL, '2023-06-27 09:21:26', '2023-06-27 09:21:26'),
(324, 'App\\Models\\User', 1, 'MyApp', 'd2877fb8729b3f17a66c8374aa1adbe47d4855080289667ae849760531e6b41b', '[\"*\"]', NULL, '2023-06-27 09:32:01', '2023-06-27 09:32:01'),
(325, 'App\\Models\\User', 36, 'MyApp', '1fff3cd7ce03a75126d0714cbd327a71c74660771b8b5ac76aeac5625639c778', '[\"*\"]', '2023-06-27 09:38:43', '2023-06-27 09:33:30', '2023-06-27 09:38:43'),
(326, 'App\\Models\\User', 1, 'MyApp', 'fd3d6515c5dd0c1d822b889b483b1d11809022877fbf800e67cf1e450dd5e892', '[\"*\"]', NULL, '2023-06-27 09:38:01', '2023-06-27 09:38:01'),
(327, 'App\\Models\\User', 36, 'MyApp', '8702b2a1298ac7ac839d5ef757e5504f01383992f3137ccb74194a59b156fa99', '[\"*\"]', '2023-06-27 09:43:25', '2023-06-27 09:43:13', '2023-06-27 09:43:25'),
(328, 'App\\Models\\User', 1, 'MyApp', 'fc852d254b0afca2444ce9e6f7a803443db2b0638ddc91f0111bdaa7e780c07e', '[\"*\"]', NULL, '2023-06-27 10:03:17', '2023-06-27 10:03:17'),
(329, 'App\\Models\\User', 1, 'MyApp', 'ccbfbc88a8ceb2eb865cc5635bca094fc7973d06dc4cc7bfbd330bf6ff85585a', '[\"*\"]', NULL, '2023-06-27 10:06:58', '2023-06-27 10:06:58'),
(330, 'App\\Models\\User', 1, 'MyApp', '68ec67a36370ea841f346aa2ccf687623f2bbd06e62c400b51b522c48ad42137', '[\"*\"]', NULL, '2023-06-27 10:27:52', '2023-06-27 10:27:52'),
(331, 'App\\Models\\User', 1, 'MyApp', 'c6a0d7bebabb7fcb35b1f8c7a1345841b635a78c83f9526965442a8ed313057d', '[\"*\"]', NULL, '2023-06-27 11:06:02', '2023-06-27 11:06:02'),
(332, 'App\\Models\\User', 1, 'MyApp', '76620090bb6f104b00fa7c047ea53595e4de41a8310cf9249fc25050131858f4', '[\"*\"]', NULL, '2023-06-27 11:49:23', '2023-06-27 11:49:23'),
(333, 'App\\Models\\User', 1, 'MyApp', '0c5cf99585889cf66a81215df39e0d0e4418538587f0f148d58f95d2175ce763', '[\"*\"]', NULL, '2023-06-27 11:55:56', '2023-06-27 11:55:56'),
(334, 'App\\Models\\User', 1, 'MyApp', '4a4b0a728377a4c84bc58c9e8570e4509ca39116bbaf215dababa266f9560186', '[\"*\"]', NULL, '2023-06-27 11:56:54', '2023-06-27 11:56:54'),
(335, 'App\\Models\\User', 1, 'MyApp', 'a81f0eb6eae909a8c35f6de9c790783d1c049bb3dd00d0a190b24b58cd4eb70a', '[\"*\"]', NULL, '2023-06-27 12:03:19', '2023-06-27 12:03:19'),
(336, 'App\\Models\\User', 1, 'MyApp', '4684e951fd030850e450832677942637db0f2d79ab7cbdd2c7966667a50a91c2', '[\"*\"]', NULL, '2023-06-27 12:04:44', '2023-06-27 12:04:44'),
(337, 'App\\Models\\User', 4, 'MyApp', 'abc78f331b428b72c590784ad3fa983cdf847e93bc2eba4a1135136ed2344b95', '[\"*\"]', '2023-06-27 12:09:42', '2023-06-27 12:09:28', '2023-06-27 12:09:42'),
(338, 'App\\Models\\User', 1, 'MyApp', '7428db3b590f9c21a0149ed02a866bbe8d8ae7c3b652f604069a1a8f127921e0', '[\"*\"]', NULL, '2023-06-27 12:10:39', '2023-06-27 12:10:39'),
(339, 'App\\Models\\User', 4, 'MyApp', 'd1970653273924f5e30712e22f2db5af483adabc90ee4952b0330e5e422bb13d', '[\"*\"]', '2023-06-27 12:13:16', '2023-06-27 12:12:55', '2023-06-27 12:13:16'),
(340, 'App\\Models\\User', 4, 'MyApp', 'ce1fd762bdc3315519428c3b77253be2b1c98e47685d7940462abfb9c68830ff', '[\"*\"]', '2023-06-27 12:29:24', '2023-06-27 12:21:08', '2023-06-27 12:29:24'),
(341, 'App\\Models\\User', 1, 'MyApp', '28bfd738cb41c5a690d1f3afb448c55a131c712248111f05c7d670aedf410d26', '[\"*\"]', NULL, '2023-06-27 12:35:29', '2023-06-27 12:35:29'),
(342, 'App\\Models\\User', 1, 'MyApp', '4f6944473001589fc9668336078703b180cec0e3d7206bcc733cb8da155ac219', '[\"*\"]', NULL, '2023-06-28 04:19:40', '2023-06-28 04:19:40'),
(343, 'App\\Models\\User', 1, 'MyApp', '6cfb431dc40e3fa0ec604bfb34fa38177f2649238ef5bde1b76bfe65cb326061', '[\"*\"]', NULL, '2023-06-28 04:20:33', '2023-06-28 04:20:33'),
(344, 'App\\Models\\User', 1, 'MyApp', '17f278162e62208c8d3a1d13ef3ad71a49f02df18ff8dbd91ad3ae2546750931', '[\"*\"]', NULL, '2023-06-28 05:56:26', '2023-06-28 05:56:26'),
(345, 'App\\Models\\User', 1, 'MyApp', '47084a65997e3bed681900b923ed6c46ee5cac40a090a59677b75a08909c3b20', '[\"*\"]', NULL, '2023-06-28 07:17:49', '2023-06-28 07:17:49'),
(346, 'App\\Models\\User', 36, 'MyApp', 'b542629181bfd8ff91dc8441163ff45f3c01987a27e8874f4e26ea1a2246f798', '[\"*\"]', '2023-06-28 07:30:26', '2023-06-28 07:27:31', '2023-06-28 07:30:26'),
(347, 'App\\Models\\User', 1, 'MyApp', '1472482432597824cb9793e35ab9707fde117f2433546b862ca5aeb4fb05be84', '[\"*\"]', NULL, '2023-06-29 03:39:56', '2023-06-29 03:39:56'),
(348, 'App\\Models\\User', 1, 'MyApp', '7f9f325032b79bb51fd28cc56bbc808da408fcc85cf15b5fe8a4f00bde703a89', '[\"*\"]', NULL, '2023-06-29 04:38:09', '2023-06-29 04:38:09'),
(349, 'App\\Models\\User', 1, 'MyApp', '4bd546a6ec2e8028f298184cccd20c0980fc35c7c4204c12773a0a3396c9d46f', '[\"*\"]', NULL, '2023-06-29 04:40:29', '2023-06-29 04:40:29'),
(350, 'App\\Models\\User', 1, 'MyApp', 'd49bd54ea64eed32b5afd2fe4574dbfd9820a7a4c90e1cb784f99cc036261cac', '[\"*\"]', NULL, '2023-06-29 04:41:08', '2023-06-29 04:41:08'),
(351, 'App\\Models\\User', 1, 'MyApp', '3a3a1ef008f91ddd84b6e1f82e20f50b138823d326a81eb6222d9448571238c1', '[\"*\"]', NULL, '2023-06-29 05:30:31', '2023-06-29 05:30:31'),
(352, 'App\\Models\\User', 1, 'MyApp', '44ecd2578ef823ad234355ea2de4c87f5ccebda0177a7e7a17ec13c3dc6e1b60', '[\"*\"]', NULL, '2023-06-29 05:34:16', '2023-06-29 05:34:16'),
(353, 'App\\Models\\User', 1, 'MyApp', '3a1c884259cd580fd9798585c582ff3514d661f080597840442b560a3bcea704', '[\"*\"]', '2023-06-29 06:02:43', '2023-06-29 05:57:17', '2023-06-29 06:02:43'),
(354, 'App\\Models\\User', 1, 'MyApp', '1a05130f047d087573b4611dad5fe417b7239e00574bbae9638c1bbd9cb12a77', '[\"*\"]', NULL, '2023-06-29 06:03:58', '2023-06-29 06:03:58'),
(355, 'App\\Models\\User', 1, 'MyApp', '38fcf882030d84db05b33b59346175370db5f5a8856e7a566ec7af0bba253342', '[\"*\"]', NULL, '2023-06-29 07:11:59', '2023-06-29 07:11:59'),
(356, 'App\\Models\\User', 1, 'MyApp', '2968be97c15aa1f1145b2a4fc00ac6ee9a7c4a7667939ac3acf75cb3309bc462', '[\"*\"]', NULL, '2023-06-29 07:25:46', '2023-06-29 07:25:46'),
(357, 'App\\Models\\User', 36, 'MyApp', '3dd32758a4188d2da75b547e8c80c3d00abbebfa0b1ed406fddc56ffdd71880b', '[\"*\"]', '2023-06-29 10:13:25', '2023-06-29 08:58:02', '2023-06-29 10:13:25'),
(358, 'App\\Models\\User', 1, 'MyApp', '22e0da1cd371e2f8018b86cf16a15de96ce11f4991003e4cf9d3ba1587ca5025', '[\"*\"]', NULL, '2023-06-29 09:00:09', '2023-06-29 09:00:09'),
(359, 'App\\Models\\User', 1, 'MyApp', 'eb838b83a80a16ba4b489a893e0208b104fd9294dbf02d9da42489136bcc03b1', '[\"*\"]', NULL, '2023-06-29 09:03:27', '2023-06-29 09:03:27'),
(360, 'App\\Models\\User', 1, 'MyApp', 'a259276803897b14e130cd4d0ff0c137b4d58d60c47c0853c97163950de94fd0', '[\"*\"]', NULL, '2023-06-29 09:49:32', '2023-06-29 09:49:32'),
(361, 'App\\Models\\User', 1, 'MyApp', 'e9792b15edcba720f62d870ffc8d4bd20fcf9b9d7ce17390b0f8d882ddae394f', '[\"*\"]', NULL, '2023-06-29 10:26:28', '2023-06-29 10:26:28'),
(362, 'App\\Models\\User', 36, 'MyApp', '25c71ee1142a936351683a31ce23216ce8199feb93d87e8c135e1b68d46e121d', '[\"*\"]', '2023-06-29 10:33:55', '2023-06-29 10:28:41', '2023-06-29 10:33:55'),
(363, 'App\\Models\\User', 36, 'MyApp', '9b7ddc50915a325b89e817b7a14f941fb24d7337cad7c6de02c8b6f7bd1e5128', '[\"*\"]', '2023-06-29 11:59:49', '2023-06-29 11:56:04', '2023-06-29 11:59:49'),
(364, 'App\\Models\\User', 1, 'MyApp', '17c52dc6862090c8cd22facd160882a29afb71f0406d336203bd107fa71abf02', '[\"*\"]', NULL, '2023-06-29 11:57:11', '2023-06-29 11:57:11'),
(365, 'App\\Models\\User', 1, 'MyApp', '448c96bc40d82bfd710314132c242ee55eed60486f72e2a7a547a582f79e351d', '[\"*\"]', NULL, '2023-06-30 04:15:57', '2023-06-30 04:15:57'),
(366, 'App\\Models\\User', 1, 'MyApp', 'f61e7718568470877cbe92d05b2092b15ba7acf7a733c3dbf6dd5332663d576e', '[\"*\"]', NULL, '2023-06-30 05:52:35', '2023-06-30 05:52:35'),
(369, 'App\\Models\\User', 39, 'MyApp', '0671b3c1fd58deb859546a1ef67aa086f3b36fb64c1773551801afee82dff2b7', '[\"*\"]', '2023-06-30 07:11:59', '2023-06-30 06:51:52', '2023-06-30 07:11:59'),
(370, 'App\\Models\\User', 39, 'MyApp', '8e42868fd0800a832557be389bfa39697029923e0c8dbb1e32553a9dd823f297', '[\"*\"]', '2023-06-30 07:35:16', '2023-06-30 07:21:36', '2023-06-30 07:35:16'),
(371, 'App\\Models\\User', 39, 'MyApp', '3dd98d209d893988412b8acbe7fa04368e10bff045cf3b3b46cebb0e67c2294d', '[\"*\"]', '2023-06-30 07:44:34', '2023-06-30 07:44:17', '2023-06-30 07:44:34'),
(372, 'App\\Models\\User', 1, 'MyApp', '6c4598a1d2d0bade3381d9118eead129f8deee46aa0996a7776acc15205b2b4f', '[\"*\"]', NULL, '2023-06-30 11:27:18', '2023-06-30 11:27:18'),
(373, 'App\\Models\\User', 40, 'MyApp', '967ef60c8596800187cb5746ba6f229818ebc48d457ccf84db1639d8fe6cdb0a', '[\"*\"]', NULL, '2023-06-30 12:50:05', '2023-06-30 12:50:05'),
(374, 'App\\Models\\User', 36, 'MyApp', 'a59ab0ce761c791bedd656026ee056008cb0b3ba9109a44239eab0cb81e5972d', '[\"*\"]', '2023-07-01 06:06:13', '2023-07-01 05:40:20', '2023-07-01 06:06:13'),
(376, 'App\\Models\\User', 42, 'MyApp', 'e09572d5ac97f4ce2aeeda73eb62306bf2155c31aafba4c5e071dd22babcb035', '[\"*\"]', NULL, '2023-07-01 06:26:46', '2023-07-01 06:26:46'),
(377, 'App\\Models\\User', 43, 'MyApp', '1424d5a7114cec87d6aa4686adf3dcf0cb3c4c09919854476e00fee103869bd9', '[\"*\"]', NULL, '2023-07-01 06:42:06', '2023-07-01 06:42:06'),
(378, 'App\\Models\\User', 44, 'MyApp', 'b6e82871cae757c5c45b540e7ea0c8c420eae4c2d958376623bf35749af59a4e', '[\"*\"]', NULL, '2023-07-01 06:48:05', '2023-07-01 06:48:05'),
(379, 'App\\Models\\User', 36, 'MyApp', '895a8e25a59cacbea24d46a09509839f8800c9120204868cc1e9231e278a7638', '[\"*\"]', '2023-07-01 07:22:26', '2023-07-01 06:50:12', '2023-07-01 07:22:26'),
(380, 'App\\Models\\User', 45, 'MyApp', '894298bbf991bf65d3ce56d432aaba0ab3e415f6786ced853cdc1603b5b9c962', '[\"*\"]', NULL, '2023-07-01 06:55:35', '2023-07-01 06:55:35'),
(381, 'App\\Models\\User', 45, 'MyApp', '6500bb806aef8cf5d50da0e4e458847c7443c1b68fee0651edc3cf9d3f1c7d0a', '[\"*\"]', NULL, '2023-07-01 06:57:33', '2023-07-01 06:57:33'),
(388, 'App\\Models\\User', 1, 'MyApp', 'dfca38820e608d0d3c7734c8de04e5b77b1bd514658bc188ba11b1fcd368039d', '[\"*\"]', NULL, '2023-07-03 04:55:21', '2023-07-03 04:55:21'),
(389, 'App\\Models\\User', 1, 'MyApp', '54f8f32279116fb406fa534aa3ef4466bdd0582bff2bff2149a91af89e7d0d71', '[\"*\"]', NULL, '2023-07-03 13:19:18', '2023-07-03 13:19:18'),
(390, 'App\\Models\\User', 1, 'MyApp', 'aee81a01452f37e6d173ead82cc56648f87eefe4e6e8921216c260c4d4114366', '[\"*\"]', NULL, '2023-07-04 04:16:39', '2023-07-04 04:16:39'),
(391, 'App\\Models\\User', 1, 'MyApp', 'd63ffc3a7c0d20de9d9fde19c9dd5f98b072dd2a2727d160eb14329fc06ca934', '[\"*\"]', NULL, '2023-07-04 05:33:40', '2023-07-04 05:33:40'),
(392, 'App\\Models\\User', 1, 'MyApp', '02d8f84e36ef8d7dcd7bf2d6ac11439e5162d1d85ce9c609bc0da32fb59d05cc', '[\"*\"]', NULL, '2023-07-05 03:58:08', '2023-07-05 03:58:08'),
(393, 'App\\Models\\User', 1, 'MyApp', '59dfda11cf21f7c95061836bcdfa8402b70d19b5091ab5a33909b78564adc417', '[\"*\"]', NULL, '2023-07-05 03:59:45', '2023-07-05 03:59:45'),
(394, 'App\\Models\\User', 1, 'MyApp', '6e3276694f5fe057db8b6c0bcde4cd6d7d33bcaa5f5e4968e0022770d39628b1', '[\"*\"]', NULL, '2023-07-05 05:08:25', '2023-07-05 05:08:25'),
(395, 'App\\Models\\User', 1, 'MyApp', '2fd28875bc032208cf780cf2ef1974a09874314edd46c3c18287602558888755', '[\"*\"]', NULL, '2023-07-06 03:55:47', '2023-07-06 03:55:47'),
(396, 'App\\Models\\User', 1, 'MyApp', 'fe956325644984da8439c2d15d8063256557227fe4f6f3e19137e8dc1c48cc8e', '[\"*\"]', NULL, '2023-07-06 04:25:06', '2023-07-06 04:25:06'),
(397, 'App\\Models\\User', 1, 'MyApp', 'f0dd8d126f6ee16216150aec9f08e16325ad5d686dc79e1c7b21ed499ce37658', '[\"*\"]', NULL, '2023-07-06 04:31:57', '2023-07-06 04:31:57'),
(399, 'App\\Models\\User', 1, 'MyApp', '0e367a4eddbe81e48390785c8c29da11ab8ec458cd754a6e564f425b3b7f40f6', '[\"*\"]', NULL, '2023-07-06 04:47:27', '2023-07-06 04:47:27'),
(401, 'App\\Models\\User', 1, 'MyApp', '06482c38c06e442a16f6c50486183c376082b193fa5b2b3e0df7200104b67f6b', '[\"*\"]', '2023-07-06 06:02:14', '2023-07-06 04:53:14', '2023-07-06 06:02:14'),
(404, 'App\\Models\\User', 1, 'MyApp', '1311dc11cb2d98ee0398f8b021a0da7dc6ac89b27b8f96cc365d948e9a143aff', '[\"*\"]', NULL, '2023-07-06 05:02:55', '2023-07-06 05:02:55'),
(405, 'App\\Models\\User', 1, 'MyApp', 'dfe5cf9824dc8dfd3b849dbf50bc99e6f0b5ab7d34bedc75bbc90ee662451214', '[\"*\"]', NULL, '2023-07-06 05:05:08', '2023-07-06 05:05:08'),
(406, 'App\\Models\\User', 1, 'MyApp', '42085030fe3e0faf9aca6c81803b4e8b86bda219fe008276ba0db4d2b201038c', '[\"*\"]', NULL, '2023-07-06 05:16:13', '2023-07-06 05:16:13'),
(407, 'App\\Models\\User', 1, 'MyApp', '69dae6afe8385db8dc77889990feb4e499066c140cef3c59f3c4e2ffc5a5f8e8', '[\"*\"]', NULL, '2023-07-06 05:19:11', '2023-07-06 05:19:11'),
(408, 'App\\Models\\User', 47, 'MyApp', '997f18f5affa1e6e9e643ffdf757998a2b27004b76e5e225146ed948bb2507ec', '[\"*\"]', NULL, '2023-07-06 05:38:51', '2023-07-06 05:38:51'),
(409, 'App\\Models\\User', 48, 'MyApp', 'f87ec38e950157cfdff941adc8c2cde8eb2b820149f6498b8a94ff4eeff73e65', '[\"*\"]', NULL, '2023-07-06 05:40:57', '2023-07-06 05:40:57'),
(410, 'App\\Models\\User', 49, 'MyApp', 'edfd6bfa73d8d884be9408428837ad08d95445222543b04282d52bbe228cbb3c', '[\"*\"]', NULL, '2023-07-06 05:41:54', '2023-07-06 05:41:54'),
(413, 'App\\Models\\User', 1, 'MyApp', '716a6d963e546dffa1d1689b96d738ae503437b5303f8a5a58863a285bd3258b', '[\"*\"]', NULL, '2023-07-06 05:53:41', '2023-07-06 05:53:41'),
(418, 'App\\Models\\User', 1, 'MyApp', '28e7039b736618513bcc74c79a7646ff20c28b5bedf17b0bbf6a0e2db8d83647', '[\"*\"]', NULL, '2023-07-06 07:02:25', '2023-07-06 07:02:25'),
(419, 'App\\Models\\User', 1, 'MyApp', 'f743f2e89b06171476909bcb8aa56d30071aeb0d4ee6bac91ab54f5c7ca90ccf', '[\"*\"]', NULL, '2023-07-06 07:02:51', '2023-07-06 07:02:51'),
(421, 'App\\Models\\User', 51, 'MyApp', '3cc6ef51eec07df983a3e7f9817d1bd424fa4389bfd829519724daac033eaed3', '[\"*\"]', '2023-07-06 07:15:38', '2023-07-06 07:15:33', '2023-07-06 07:15:38'),
(422, 'App\\Models\\User', 52, 'MyApp', 'dec78e7992f4e40900d62277b16bae477ae96e4ade3fb826272ab9da8423644b', '[\"*\"]', '2023-07-06 07:19:23', '2023-07-06 07:19:08', '2023-07-06 07:19:23'),
(431, 'App\\Models\\User', 1, 'MyApp', '77fa50e24db446d4f8f95f029ef89891406568da6bee98a811afa1b5f6cf0418', '[\"*\"]', NULL, '2023-07-06 10:25:29', '2023-07-06 10:25:29'),
(436, 'App\\Models\\User', 1, 'MyApp', '40e8ef9ab94b51febd22c5f81bec213702875c16f05fe7131bc975d1604b8c9c', '[\"*\"]', NULL, '2023-07-06 12:01:11', '2023-07-06 12:01:11'),
(437, 'App\\Models\\User', 1, 'MyApp', '166ec1852565bb2fc51b0e6d4a4637286fd7dd90736fb048a6c1a0bdfa8b766e', '[\"*\"]', NULL, '2023-07-06 12:16:56', '2023-07-06 12:16:56'),
(438, 'App\\Models\\User', 1, 'MyApp', 'b090cfb8233cb23b3fcd7ea4396d3f41826d73ab4fcc4c65111264aabc4ad9a5', '[\"*\"]', NULL, '2023-07-06 12:17:33', '2023-07-06 12:17:33'),
(440, 'App\\Models\\User', 1, 'MyApp', '14501880ebc528a842e94de863fdedb971d824b803a8e2d024a4a11fda3b2654', '[\"*\"]', NULL, '2023-07-07 03:58:43', '2023-07-07 03:58:43'),
(443, 'App\\Models\\User', 1, 'MyApp', 'be2d09d192c4d0583167b85c63d36dcfb23cbdc4f545d40c88b28b1444c61c16', '[\"*\"]', NULL, '2023-07-07 04:15:11', '2023-07-07 04:15:11'),
(444, 'App\\Models\\User', 1, 'MyApp', '0bd5b73ed8b06605977b0789522f554776597129169fa5576cb184d86073e838', '[\"*\"]', NULL, '2023-07-07 04:19:52', '2023-07-07 04:19:52'),
(447, 'App\\Models\\User', 1, 'MyApp', '49055f177fbfc1d9e575d6da911ea95c90cfdd30ed32da96d58769e81fa13b2f', '[\"*\"]', NULL, '2023-07-07 04:45:17', '2023-07-07 04:45:17'),
(448, 'App\\Models\\User', 1, 'MyApp', '7b02f4864d710946d1d6971070ca7c63e59eec52463badee75f5432d35d50d42', '[\"*\"]', NULL, '2023-07-07 04:47:27', '2023-07-07 04:47:27'),
(452, 'App\\Models\\User', 1, 'MyApp', '903a392bb6863f059c7a880171b62574856a8be39a1fc655fabd68527812e39c', '[\"*\"]', NULL, '2023-07-07 05:07:56', '2023-07-07 05:07:56'),
(455, 'App\\Models\\User', 1, 'MyApp', '3f071a98e59f0f5b1717b42246d4c3b401e5769dfc1db2d34eeeb88492addd27', '[\"*\"]', NULL, '2023-07-07 05:22:26', '2023-07-07 05:22:26'),
(457, 'App\\Models\\User', 1, 'MyApp', '31c40ba613318887d2f09df1a60b1dee7707e16d8f51fd26b59935175ef753bc', '[\"*\"]', NULL, '2023-07-07 05:31:16', '2023-07-07 05:31:16'),
(463, 'App\\Models\\User', 1, 'MyApp', 'da3112c12a8a989917b476cad319aa2c21b214b18e675993774dee40e0aebb36', '[\"*\"]', NULL, '2023-07-07 05:55:41', '2023-07-07 05:55:41'),
(464, 'App\\Models\\User', 1, 'MyApp', 'daa7af4a929a43b0f6a6dd6046ea0becdb3d1d0fa10d44b7799904a706f4ed82', '[\"*\"]', NULL, '2023-07-07 05:58:36', '2023-07-07 05:58:36'),
(466, 'App\\Models\\User', 1, 'MyApp', '74699754a5a2051b0273a85691805534f770dbdb6a86903e1f987e7c9d553f1d', '[\"*\"]', NULL, '2023-07-07 06:09:53', '2023-07-07 06:09:53'),
(467, 'App\\Models\\User', 1, 'MyApp', '42558bf64fa712bb1b211e7ee2e8ade025d8145ec49538fc136389e92a5b019e', '[\"*\"]', NULL, '2023-07-07 06:12:07', '2023-07-07 06:12:07'),
(470, 'App\\Models\\User', 1, 'MyApp', 'd7c7654851e6441f98ed35f44660f96d99c6c314d1cd515ed9511695c2d2b763', '[\"*\"]', NULL, '2023-07-07 06:19:48', '2023-07-07 06:19:48'),
(472, 'App\\Models\\User', 1, 'MyApp', '2d4d1ee8f5326e2d73eca564b713ac8ac1eeb096017bcf6179fae8b8f6f37a15', '[\"*\"]', NULL, '2023-07-07 06:47:49', '2023-07-07 06:47:49'),
(474, 'App\\Models\\User', 1, 'MyApp', '0e8d4bcdaf6c9bb4f9ddb7d1565113ae3f1c281b8d3d0f8a4023c4124a122c95', '[\"*\"]', NULL, '2023-07-07 08:49:42', '2023-07-07 08:49:42'),
(477, 'App\\Models\\User', 1, 'MyApp', 'be7ab0d7ef5cea82f766f15f033722ecbb986e79dea177c50db8ca6a3955ae42', '[\"*\"]', NULL, '2023-07-07 09:12:30', '2023-07-07 09:12:30'),
(479, 'App\\Models\\User', 1, 'MyApp', '068e59b8bc95ce4018dfdee066bff6955b6e45e2a6be5e2bbb0dbea79af8a015', '[\"*\"]', NULL, '2023-07-07 11:07:02', '2023-07-07 11:07:02'),
(487, 'App\\Models\\User', 58, 'MyApp', '855200d04780f69683bb214b1516b0b043061ae4920e86275a4e02a165d71fae', '[\"*\"]', '2023-07-08 04:48:22', '2023-07-08 04:48:13', '2023-07-08 04:48:22'),
(488, 'App\\Models\\User', 1, 'MyApp', 'cfb4e21f74459f438a5b1b678e6f8f17fed78efac3377de04041009ed496591c', '[\"*\"]', NULL, '2023-07-08 08:38:20', '2023-07-08 08:38:20'),
(494, 'App\\Models\\User', 6, 'MyApp', '8ec62816264c38f67dac3d7b7b6fee19dd880ae98e2b732bca9f00629a7a6cc0', '[\"*\"]', '2023-07-08 11:51:07', '2023-07-08 11:37:09', '2023-07-08 11:51:07'),
(496, 'App\\Models\\User', 2, 'MyApp', '9397a0f3fdaec0d24642a3895d7f9fae1c21e335135e820cf39dd1eef7237c70', '[\"*\"]', '2023-07-08 12:16:34', '2023-07-08 12:08:10', '2023-07-08 12:16:34'),
(500, 'App\\Models\\User', 1, 'MyApp', 'f3b7fe49f964bddffcc0e6e9cec30b411408e62d2c5a0d21811f428b7c2a79b3', '[\"*\"]', NULL, '2023-07-10 04:56:07', '2023-07-10 04:56:07'),
(510, 'App\\Models\\User', 59, 'MyApp', '3faa5e2b43e3ed5b733dff2b93a99228bcc910c7c5a95bc450e075138e104326', '[\"*\"]', '2023-07-10 07:05:08', '2023-07-10 07:05:06', '2023-07-10 07:05:08'),
(513, 'App\\Models\\User', 60, 'MyApp', 'ee858cae706eb3d3c08ef8fecd2bbfb47f2b79d1dea23b83c5311ca449656c23', '[\"*\"]', '2023-07-10 09:07:29', '2023-07-10 07:18:08', '2023-07-10 09:07:29'),
(514, 'App\\Models\\User', 1, 'MyApp', '5b734af0f428d07f2146a023ca3702194067eefefa5de4356baf03780cc3af7c', '[\"*\"]', NULL, '2023-07-10 07:27:08', '2023-07-10 07:27:08'),
(515, 'App\\Models\\User', 1, 'MyApp', 'd2beb44fd1adf92dcf15c9982a4100855e7e49f633034439f2e72a5dc3556937', '[\"*\"]', NULL, '2023-07-10 07:28:24', '2023-07-10 07:28:24');

-- --------------------------------------------------------

--
-- Table structure for table `points`
--

CREATE TABLE `points` (
  `id` bigint(20) UNSIGNED NOT NULL,
  `user_id` bigint(20) UNSIGNED DEFAULT NULL,
  `redeem_type` bigint(20) DEFAULT NULL COMMENT '0 => point aganist money, 1=> points aganist product ',
  `product_id` bigint(20) UNSIGNED DEFAULT NULL,
  `redeem_product_id` bigint(20) DEFAULT NULL,
  `product_number` varchar(255) DEFAULT NULL,
  `address` varchar(255) DEFAULT NULL,
  `scan_date` varchar(255) DEFAULT NULL,
  `scan_time` varchar(255) DEFAULT NULL,
  `point` bigint(20) UNSIGNED DEFAULT NULL,
  `status` bigint(20) UNSIGNED NOT NULL DEFAULT 0,
  `upi_id` varchar(255) DEFAULT NULL,
  `account_name` varchar(50) DEFAULT NULL,
  `account_no` varchar(50) DEFAULT NULL,
  `account_ifsc` varchar(50) DEFAULT NULL,
  `payment_type` bigint(20) UNSIGNED DEFAULT NULL,
  `payment_status` bigint(20) UNSIGNED DEFAULT 0,
  `redeem` int(11) UNSIGNED NOT NULL DEFAULT 0,
  `created_at` timestamp NULL DEFAULT NULL,
  `updated_at` timestamp NULL DEFAULT NULL
) ENGINE=InnoDB DEFAULT CHARSET=utf8mb4 COLLATE=utf8mb4_unicode_ci;

--
-- Dumping data for table `points`
--

INSERT INTO `points` (`id`, `user_id`, `redeem_type`, `product_id`, `redeem_product_id`, `product_number`, `address`, `scan_date`, `scan_time`, `point`, `status`, `upi_id`, `account_name`, `account_no`, `account_ifsc`, `payment_type`, `payment_status`, `redeem`, `created_at`, `updated_at`) VALUES
(1, 2, NULL, 22, 0, '000000000000025', 'civil lines', '2023-06-23', '09:45:23am', 101, 0, '', '', '', '', NULL, NULL, 0, '2023-06-23 04:15:23', '2023-06-23 04:15:23'),
(2, 2, NULL, 22, 0, '000000000000028', '11 11 302034', '2023-06-23', '09:54:56am', 101, 0, '', '', '', '', NULL, NULL, 0, '2023-06-23 04:24:56', '2023-06-23 04:24:56'),
(3, 2, NULL, 21, 0, '000000000000015', '11 11 302034', '2023-06-23', '09:55:42am', 100, 0, '', '', '', '', NULL, NULL, 0, '2023-06-23 04:25:42', '2023-06-23 04:25:42'),
(4, 2, NULL, 20, 0, '00000000000005', 'civil lines jaipur', '2023-06-23', '09:59:26am', 100, 0, '', '', '', '', NULL, NULL, 0, '2023-06-23 04:29:26', '2023-06-23 04:29:26'),
(5, 2, NULL, 20, 0, '000000000000005', 'Ibis Hotel 1st Floor 302006', '2023-06-23', '10:01:18am', 100, 0, '', '', '', '', NULL, NULL, 0, '2023-06-23 04:31:18', '2023-06-23 04:31:18'),
(6, 2, NULL, 23, 0, '000000000000036', '11 11 302034', '2023-06-23', '10:08:53am', 10, 0, '', '', '', '', NULL, NULL, 0, '2023-06-23 04:38:53', '2023-06-23 04:38:53'),
(7, 2, NULL, 20, 0, '000000000000009', '11 11 302034', '2023-06-23', '10:22:48am', 100, 0, '', '', '', '', NULL, NULL, 0, '2023-06-23 04:52:48', '2023-06-23 04:52:48'),
(8, 2, NULL, 20, 0, '000000000000004', 'Ibis Hotel 1st Floor 302006', '2023-06-23', '10:23:56am', 100, 0, '', '', '', '', NULL, NULL, 0, '2023-06-23 04:53:56', '2023-06-23 04:53:56'),
(9, 2, NULL, 20, 0, '000000000000008', 'Ibis Hotel 1st Floor 302006', '2023-06-23', '10:24:24am', 100, 0, '', '', '', '', NULL, NULL, 0, '2023-06-23 04:54:24', '2023-06-23 04:54:24'),
(10, 2, NULL, 20, 0, '000000000000006', 'Ibis Hotel 1st Floor 302006', '2023-06-23', '10:26:06am', 100, 0, '', '', '', '', NULL, NULL, 0, '2023-06-23 04:56:06', '2023-06-23 04:56:06'),
(11, 2, NULL, 23, 0, '000000000000033', 'Ibis Hotel 1st Floor 302006', '2023-06-23', '10:30:12am', 10, 0, '', '', '', '', NULL, NULL, 0, '2023-06-23 05:00:12', '2023-06-23 05:00:12'),
(12, 2, NULL, 24, 0, '000000000000045', '11 11 302034', '2023-06-23', '11:54:13am', 80, 0, '', '', '', '', NULL, NULL, 0, '2023-06-23 06:24:13', '2023-06-23 06:24:13'),
(13, 2, NULL, 24, 0, '00000000000045', 'civil lines jaipur sector 10 pin code 203010', '2023-06-23', '11:58:17am', 80, 0, '', '', '', '', NULL, NULL, 0, '2023-06-23 06:28:17', '2023-06-23 06:28:17'),
(14, 2, NULL, 24, 0, '000000000000046', 'WQ5H+8RH WQ5H+8RH 302006', '2023-06-23', '11:59:45am', 80, 0, '', '', '', '', NULL, NULL, 0, '2023-06-23 06:29:45', '2023-06-23 06:29:45'),
(15, 2, NULL, 24, 0, '00000000000046', 'civil lines jaipur sector 10 pin code 203010 address testing', '2023-06-23', '12:00:43pm', 80, 0, '', '', '', '', NULL, NULL, 0, '2023-06-23 06:30:43', '2023-06-23 06:30:43'),
(16, 2, NULL, 24, 0, '00000000000047', 'civil lines jaipur sector 10 pin code 203010  testing', '2023-06-23', '12:25:46pm', 80, 0, '', '', '', '', NULL, NULL, 0, '2023-06-23 06:55:46', '2023-06-23 06:55:46'),
(17, 2, NULL, 24, 0, '000000000000047', 'Ibis Hotel 1st Floor 302006', '2023-06-23', '12:28:23pm', 80, 0, '', '', '', '', NULL, NULL, 0, '2023-06-23 06:58:23', '2023-06-23 06:58:23'),
(18, 2, NULL, NULL, 0, NULL, 'jaipur', '2023-06-23', '12:31:33pm', 1, 0, '', '', '', '', NULL, NULL, 0, '2023-06-23 07:01:33', '2023-06-23 07:01:33'),
(19, 2, NULL, NULL, 0, NULL, 'jaipur', '2023-06-23', '12:31:48pm', 1, 0, '', '', '', '', NULL, NULL, 0, '2023-06-23 07:01:48', '2023-06-23 07:01:48'),
(20, 2, NULL, 24, 0, '000000000000049', '11 11 302034', '2023-06-23', '02:15:11pm', 80, 0, '', '', '', '', NULL, NULL, 0, '2023-06-23 08:45:11', '2023-06-23 08:45:11'),
(21, 2, NULL, NULL, 0, NULL, 'jaipur', '2023-06-23', '02:55:02pm', 1, 0, '', '', '', '', NULL, NULL, 0, '2023-06-23 09:25:02', '2023-06-23 09:25:02'),
(22, 2, NULL, NULL, 0, NULL, 'jaipur', '2023-06-23', '02:55:31pm', 1, 0, '', '', '', '', NULL, NULL, 0, '2023-06-23 09:25:31', '2023-06-23 09:25:31'),
(23, 2, NULL, NULL, 0, NULL, 'jaipur', '2023-06-23', '02:55:55pm', 1, 0, '', '', '', '', NULL, NULL, 0, '2023-06-23 09:25:55', '2023-06-23 09:25:55'),
(24, 2, NULL, NULL, 0, NULL, 'jaipur', '2023-06-23', '02:56:24pm', 1, 0, '', '', '', '', NULL, NULL, 0, '2023-06-23 09:26:24', '2023-06-23 09:26:24'),
(25, 3, NULL, 20, 0, '000000000000003', 'jain gali', '2023-06-23', '02:58:03pm', 130, 0, '', '', '', '', NULL, NULL, 0, '2023-06-23 09:28:03', '2023-06-23 09:28:03'),
(26, 1, NULL, 20, 0, '000000000000003', 'jain gali', '2023-06-23', '02:58:13pm', 130, 0, '', '', '', '', NULL, NULL, 0, '2023-06-23 09:28:13', '2023-06-23 09:28:13'),
(27, 1, NULL, NULL, 0, NULL, 'civil lines', '2023-06-23', '02:58:27pm', 50, 0, '', '', '', '', NULL, 0, 1, '2023-06-23 09:28:27', '2023-06-23 09:28:27'),
(28, 1, NULL, NULL, 0, NULL, 'civil lines', '2023-06-23', '03:01:18pm', 50, 0, '', '', '', '', NULL, 0, 1, '2023-06-23 09:31:18', '2023-06-23 09:31:18'),
(29, 2, NULL, NULL, 0, NULL, 'jaipur', '2023-06-23', '03:01:18pm', 1, 0, '', '', '', '', NULL, 0, 1, '2023-06-23 09:31:18', '2023-06-23 09:31:18'),
(30, 1, NULL, NULL, 0, NULL, 'civil lines', '2023-06-23', '03:02:31pm', 10, 0, '', '', '', '', NULL, 0, 1, '2023-06-23 09:32:31', '2023-06-23 09:32:31'),
(31, 1, NULL, NULL, 0, NULL, 'jaipur', '2023-06-23', '03:03:37pm', 1, 0, '', '', '', '', NULL, 0, 1, '2023-06-23 09:33:37', '2023-06-23 09:33:37'),
(32, 2, NULL, NULL, 0, NULL, 'jaipur', '2023-06-23', '03:04:03pm', 1, 0, '', '', '', '', NULL, 0, 1, '2023-06-23 09:34:03', '2023-06-23 09:34:03'),
(33, 2, NULL, NULL, 0, NULL, 'jaipur', '2023-06-23', '03:10:27pm', 1, 0, '', '', '', '', NULL, 0, 1, '2023-06-23 09:40:27', '2023-06-23 09:40:27'),
(34, 2, NULL, NULL, 0, NULL, 'jaipur', '2023-06-23', '03:10:58pm', 1, 0, '', '', '', '', NULL, 0, 1, '2023-06-23 09:40:58', '2023-06-23 09:40:58'),
(35, 2, NULL, NULL, 0, NULL, 'jaipur', '2023-06-23', '03:11:26pm', 1, 0, '', '', '', '', NULL, 0, 1, '2023-06-23 09:41:26', '2023-06-23 09:41:26'),
(36, 2, NULL, NULL, 0, NULL, 'jaipur', '2023-06-23', '03:11:48pm', 1, 0, '', '', '', '', NULL, 0, 1, '2023-06-23 09:41:48', '2023-06-23 09:41:48'),
(37, 2, NULL, NULL, 0, NULL, 'jaipur', '2023-06-23', '03:13:07pm', 1, 0, '', '', '', '', NULL, 0, 1, '2023-06-23 09:43:07', '2023-06-23 09:43:07'),
(38, 3, NULL, 20, 0, '000000000000005', 'jaipur rajasthan ram nagar sector 10 pin code 225575', '2023-06-27', '12:19:15pm', 130, 0, '', '', '', '', NULL, NULL, 0, '2023-06-27 06:49:15', '2023-06-27 06:49:15'),
(39, 3, NULL, 21, 0, '000000000000018', 'jaipur rajasthan ram nagar sector 10 pin code 225575', '2023-06-27', '12:21:29pm', 130, 0, '', '', '', '', NULL, NULL, 0, '2023-06-27 06:51:29', '2023-06-27 06:51:29'),
(40, 3, NULL, 21, 0, '000000000000019', 'jaipur rajasthan ram nagar sector 10 pin code 225575', '2023-06-27', '12:22:51pm', 130, 0, '', '', '', '', NULL, NULL, 0, '2023-06-27 06:52:51', '2023-06-27 06:52:51'),
(41, 3, NULL, 20, 0, '00000000000004', 'jaipur rajasthan ram nagar sector 10 pin code 225575', '2023-06-27', '12:32:42pm', 130, 0, '', '', '', '', NULL, NULL, 0, '2023-06-27 07:02:42', '2023-06-27 07:02:42'),
(42, 3, NULL, 20, 0, '000000000000004', 'jaipur rajasthan ram nagar sector 10 pin code 225575', '2023-06-27', '12:34:45pm', 130, 0, '', '', '', '', NULL, NULL, 0, '2023-06-27 07:04:45', '2023-06-27 07:04:45'),
(43, 36, NULL, 20, 0, '000000000000004', 'jaipur rajasthan ram nagar sector 10 pin code 225575', '2023-06-27', '01:06:55pm', 100, 0, '', '', '', '', NULL, NULL, 0, '2023-06-27 07:36:55', '2023-06-27 07:36:55'),
(44, 36, NULL, 21, 0, '000000000000016', 'jaipur rajasthan ram nagar sector 10 pin code 225575', '2023-06-27', '01:12:20pm', 100, 0, '', '', '', '', NULL, NULL, 0, '2023-06-27 07:42:20', '2023-06-27 07:42:20'),
(45, 36, NULL, NULL, 0, NULL, 'WQ5H+8RH WQ5H+8RH 302006', '2023-06-27', '01:14:22pm', 1, 0, '', '', '', '', NULL, 0, 1, '2023-06-27 07:44:22', '2023-06-27 07:44:22'),
(46, 4, NULL, 21, 0, '000000000000016', 'jaipur rajasthan ram nagar sector 10 pin code 225575', '2023-06-27', '02:05:01pm', 90, 0, '', '', '', '', NULL, NULL, 0, '2023-06-27 08:35:01', '2023-06-27 08:35:01'),
(47, 4, NULL, NULL, 0, NULL, '11 11 302034', '2023-06-27', '05:51:25pm', 5, 0, '', '', '', '', NULL, 0, 1, '2023-06-27 12:21:25', '2023-06-27 12:21:25'),
(48, 39, NULL, 20, 0, '000000000000005', 'WQ5H+7R4 WQ5H+7R4 302006', '2023-06-30', '12:27:30pm', 100, 0, '', '', '', '', NULL, NULL, 0, '2023-06-30 06:57:30', '2023-06-30 06:57:30'),
(49, 39, NULL, NULL, 0, NULL, '11 11 302034', '2023-06-30', '12:30:00pm', 100, 0, '', '', '', '', NULL, 0, 1, '2023-06-30 07:00:00', '2023-06-30 07:00:00'),
(50, 36, NULL, NULL, 0, NULL, '11 11 302034', '2023-07-01', '11:14:12am', 1, 0, '', '', '', '', NULL, 0, 1, '2023-07-01 05:44:12', '2023-07-01 05:44:12'),
(62, 57, NULL, 21, NULL, '000000000000017', '11 11 302034', '2023-07-07', '10:21:14am', 100, 0, NULL, NULL, NULL, NULL, NULL, 0, 0, '2023-07-07 04:51:14', '2023-07-07 04:51:14'),
(63, 57, NULL, 21, NULL, '000000000000020', 'WQ5H+7R4 WQ5H+7R4 302006', '2023-07-07', '10:33:23am', 50, 0, NULL, NULL, NULL, NULL, NULL, 0, 0, '2023-07-07 05:03:23', '2023-07-07 05:03:23'),
(64, 57, 0, NULL, NULL, NULL, '11 11 302034', '2023-07-07', '10:43:11am', 100, 0, 'goyalvivek7@okicici', NULL, NULL, NULL, NULL, 0, 1, '2023-07-07 05:13:11', '2023-07-07 05:13:11'),
(65, 2, 0, NULL, NULL, NULL, 'Ibis Hotel 1st Floor 302006', '2023-07-07', '02:12:34pm', 1, 0, 'gzfrefvhxsfrhcd', NULL, NULL, NULL, NULL, 0, 1, '2023-07-07 08:42:34', '2023-07-07 08:42:34'),
(66, 57, 0, NULL, NULL, NULL, '11 11 302034', '2023-07-07', '02:54:59pm', 1, 0, 'gydf', NULL, NULL, NULL, NULL, 0, 1, '2023-07-07 09:24:59', '2023-07-07 09:24:59'),
(67, 57, 0, NULL, NULL, NULL, '11 11 302034', '2023-07-07', '02:57:34pm', 1, 0, 'tt', NULL, NULL, NULL, NULL, 0, 1, '2023-07-07 09:27:34', '2023-07-07 09:27:34'),
(68, 57, 0, NULL, NULL, NULL, '11 11 302034', '2023-07-07', '03:04:20pm', 1, 0, 'tt', NULL, NULL, NULL, NULL, 0, 1, '2023-07-07 09:34:20', '2023-07-07 09:34:20'),
(69, 57, 0, NULL, NULL, NULL, '11 11 302034', '2023-07-07', '03:08:05pm', 1, 0, 'ytt', NULL, NULL, NULL, NULL, 0, 1, '2023-07-07 09:38:05', '2023-07-07 09:38:05'),
(70, 2, NULL, 20, NULL, '000000000000002', 'null', '2023-07-08', '02:11:08pm', 100, 0, NULL, NULL, NULL, NULL, NULL, 0, 0, '2023-07-08 08:41:08', '2023-07-08 08:41:08'),
(71, 2, 0, NULL, NULL, NULL, 'null', '2023-07-08', '02:13:16pm', 60, 0, 'ffffff', NULL, NULL, NULL, NULL, 0, 1, '2023-07-08 08:43:16', '2023-07-08 08:43:16'),
(72, 2, 0, NULL, NULL, NULL, 'null', '2023-07-08', '02:14:47pm', 60, 0, 'dddd', NULL, NULL, NULL, NULL, 0, 1, '2023-07-08 08:44:47', '2023-07-08 08:44:47'),
(73, 2, 0, NULL, NULL, NULL, 'null', '2023-07-08', '02:17:02pm', 60, 0, 'dddd', NULL, NULL, NULL, NULL, 0, 1, '2023-07-08 08:47:02', '2023-07-08 08:47:02'),
(74, 2, 0, NULL, NULL, NULL, 'null', '2023-07-08', '02:27:00pm', 8, 0, 'ddd', NULL, NULL, NULL, NULL, 0, 1, '2023-07-08 08:57:00', '2023-07-08 08:57:00'),
(75, 2, 0, NULL, NULL, NULL, 'null', '2023-07-08', '02:27:55pm', 8, 0, 'tgg', NULL, NULL, NULL, NULL, 0, 1, '2023-07-08 08:57:55', '2023-07-08 08:57:55'),
(76, 2, NULL, 20, NULL, '0000000000000010', 'jaipur rajasthan civil lines sector 22', '2023-07-08', '02:52:27pm', 100, 0, NULL, NULL, NULL, NULL, NULL, 0, 0, '2023-07-08 09:22:27', '2023-07-08 09:22:27'),
(77, 2, NULL, 20, NULL, '000000000000010', 'null', '2023-07-08', '02:56:19pm', 100, 0, NULL, NULL, NULL, NULL, NULL, 0, 0, '2023-07-08 09:26:19', '2023-07-08 09:26:19'),
(78, 57, 0, NULL, NULL, NULL, '11 11 302034', '2023-07-08', '03:12:44pm', 1, 0, 'yts', NULL, NULL, NULL, NULL, 0, 1, '2023-07-08 09:42:44', '2023-07-08 09:42:44'),
(79, 57, 0, NULL, NULL, NULL, '11 11 302034', '2023-07-08', '03:14:05pm', 1, 0, '1', NULL, NULL, NULL, NULL, 0, 1, '2023-07-08 09:44:05', '2023-07-08 09:44:05'),
(80, 2, 0, NULL, NULL, NULL, 'null', '2023-07-08', '03:14:42pm', 2, 0, 'jgfghggfhfchg', NULL, NULL, NULL, NULL, 0, 1, '2023-07-08 09:44:42', '2023-07-08 09:44:42'),
(81, 57, 0, NULL, NULL, NULL, '11 11 302034', '2023-07-08', '03:17:27pm', 1, 0, 'ag', NULL, NULL, NULL, NULL, 0, 1, '2023-07-08 09:47:27', '2023-07-08 09:47:27'),
(82, 57, 0, NULL, NULL, NULL, '11 11 302034', '2023-07-08', '03:18:24pm', 1, 0, 'jjjjjjj', NULL, NULL, NULL, NULL, 0, 1, '2023-07-08 09:48:24', '2023-07-08 09:48:24'),
(83, 57, 0, NULL, NULL, NULL, '11 11 302034', '2023-07-08', '03:22:22pm', 1, 0, 'vhjkn', NULL, NULL, NULL, NULL, 0, 1, '2023-07-08 09:52:22', '2023-07-08 09:52:22'),
(84, 2, 0, NULL, NULL, NULL, 'null', '2023-07-08', '03:26:14pm', 10, 0, 'yhy', NULL, NULL, NULL, NULL, 0, 1, '2023-07-08 09:56:14', '2023-07-08 09:56:14'),
(85, 57, 0, NULL, NULL, NULL, '11 11 302034', '2023-07-08', '03:29:13pm', 1, 0, '1gg', NULL, NULL, NULL, NULL, 0, 1, '2023-07-08 09:59:13', '2023-07-08 09:59:13'),
(86, 57, 0, NULL, NULL, NULL, 'WQ5H+8RH WQ5H+8RH 302006', '2023-07-08', '03:29:58pm', 1, 0, 'fff', NULL, NULL, NULL, NULL, 0, 1, '2023-07-08 09:59:58', '2023-07-08 09:59:58'),
(87, 57, 0, NULL, NULL, NULL, 'Ibis Hotel 1st Floor 302006', '2023-07-08', '03:40:11pm', 1, 0, 'ghh', NULL, NULL, NULL, NULL, 0, 1, '2023-07-08 10:10:11', '2023-07-08 10:10:11'),
(88, 2, 0, NULL, NULL, NULL, 'null', '2023-07-08', '03:42:32pm', 10, 0, 'dfghgdgg', NULL, NULL, NULL, NULL, 0, 1, '2023-07-08 10:12:32', '2023-07-08 10:12:32'),
(89, 2, 0, NULL, NULL, NULL, 'null', '2023-07-08', '04:13:19pm', 1, 0, NULL, 'ffg', '7946454646445454544545454845454544445454', 'dfg', NULL, 0, 1, '2023-07-08 10:43:19', '2023-07-08 10:43:19'),
(90, 2, 0, NULL, NULL, NULL, 'null', '2023-07-08', '04:21:52pm', 1, 0, NULL, 'ggg', '555', 'dfg', NULL, 0, 1, '2023-07-08 10:51:52', '2023-07-08 10:51:52'),
(91, 2, 0, NULL, NULL, NULL, 'null', '2023-07-08', '05:40:07pm', 1, 0, NULL, 'ch bcc', '5988', 'ch vv', NULL, 0, 1, '2023-07-08 12:10:07', '2023-07-08 12:10:07');

-- --------------------------------------------------------

--
-- Table structure for table `privacy_policies`
--

CREATE TABLE `privacy_policies` (
  `id` bigint(20) UNSIGNED NOT NULL,
  `title` varchar(255) NOT NULL,
  `desc` text NOT NULL,
  `created_at` timestamp NULL DEFAULT NULL,
  `updated_at` timestamp NULL DEFAULT NULL
) ENGINE=InnoDB DEFAULT CHARSET=utf8mb4 COLLATE=utf8mb4_unicode_ci;

--
-- Dumping data for table `privacy_policies`
--

INSERT INTO `privacy_policies` (`id`, `title`, `desc`, `created_at`, `updated_at`) VALUES
(1, 'HGHG is updated privacy jaii Our values reflect', '<pre class=\"ql-syntax\" spellcheck=\"false\">Our values reflect our pse, our priorities and the way in which we conduct ourselves. They define what it means to work at Murphy, regardless of where we work or what we do.\\nOne family, one team, one murphy - We work collaboratively to provide a seamless, integrated service to our clients. \\n\\nAlways deliver - Our ‘can do’ attitude means that we aspire to deliver all our projects on time, on budget and to a high quality. \\n\\nIntegrity &amp; respect - We conduct business in a transparent, honest and professional manner. We act with integrity and are trusted by all our stakeholders. \\n\\nNever harm - We protect people, the environment and communities, no matter where we are or what we are doing. \\n\\nContinually improve - Innovation is integral to our success and we look to make improvements in all aspects of our work. We continuously strive to improve.    \r\n   Our values reflect our purpose, our priorities and the way in which we conduct ourselves.This is updated privacy policy desc jaii                                     Our values reflect our purpose, our priorities and the way in which we conduct ourselves. \r\nThey define what it means to work at Murphy, regardless of where we work or what we do.\r\n\r\n\\nOne family, one team, one murphy - We work collaboratively to provide a seamless, integrated service to our clients. \\n\\nAlways deliver - Our ‘can do’ attitude means that we aspire to deliver all our projects on time, on budget and to a high quality. \\n\\nIntegrity &amp; respect - We conduct business in a transparent, honest and professional manner. We act with integrity and are trusted by all our stakeholders. \\n\\nNever harm - We protect people, the environment and communities, no matter where we are or what we are doing. \\n\\nContinually improve - Innovation is integral to our success and we look to make improvements in all aspects of our work. We continuously strive to improve.  \r\n    \r\n Our values reflect our purpose, our priorities and the way in which we conduct ourselves. They define what it means to work at Murphy, regardless of where we work or what we do.\\nOne family, one team, one murphy - We work collaboratively to provide a seamless, integrated service to our clients. \\n\\nAlways deliver - Our ‘can do’ attitude means that we aspire to deliver all our projects on time, on budget and to a high quality. \\n\\nIntegrity &amp; respect - We conduct business in a transparent, honest and professional manner. We act with integrity and are trusted by all our stakeholders. \\n\\nNever harm - We protect people, the environment and communities, no matter where we are or what we are doing. \\n\\nContinually improve - Innovation is integral to our success and we look to make improvements in all aspects of our work. We continuously strive to improve.\r\n</pre>', NULL, '2023-06-29 12:24:20');

-- --------------------------------------------------------

--
-- Table structure for table `products`
--

CREATE TABLE `products` (
  `id` bigint(20) UNSIGNED NOT NULL,
  `name` varchar(255) DEFAULT NULL,
  `sku` bigint(20) DEFAULT NULL,
  `range_for` bigint(15) UNSIGNED ZEROFILL DEFAULT NULL,
  `range_to` bigint(15) UNSIGNED ZEROFILL DEFAULT NULL,
  `dealer_point` bigint(20) DEFAULT NULL,
  `retailer_point` bigint(20) DEFAULT NULL,
  `electrician_point` bigint(20) DEFAULT NULL,
  `distributor_point` bigint(20) DEFAULT NULL,
  `category` bigint(20) DEFAULT NULL,
  `subcategory` bigint(20) DEFAULT NULL,
  `status` bigint(20) DEFAULT 1,
  `image_path` varchar(255) DEFAULT NULL,
  `file` varchar(255) DEFAULT NULL,
  `created_at` timestamp NULL DEFAULT NULL,
  `updated_at` timestamp NULL DEFAULT NULL
) ENGINE=InnoDB DEFAULT CHARSET=utf8mb4 COLLATE=utf8mb4_unicode_ci;

--
-- Dumping data for table `products`
--

INSERT INTO `products` (`id`, `name`, `sku`, `range_for`, `range_to`, `dealer_point`, `retailer_point`, `electrician_point`, `distributor_point`, `category`, `subcategory`, `status`, `image_path`, `file`, `created_at`, `updated_at`) VALUES
(20, 'product1to10', 25, 000000000000001, 000000000000010, 130, 110, 100, 120, 5, 8, 1, 'product/1688451619.png', 'E:\\xampp\\tmp\\php6BDE.tmp', '2023-06-22 10:45:37', '2023-07-04 06:20:19'),
(21, 'product10to20', 26, 000000000000011, 000000000000020, 130, 110, 50, 90, 2, 2, 0, 'product/1688460324.png', 'E:\\xampp\\tmp\\php415F.tmp', '2023-06-22 10:48:41', '2023-07-07 05:01:27'),
(22, 'product21to30', 27, 000000000000021, 000000000000030, 130, 110, 101, 90, 2, 2, 1, 'product/1688460340.png', 'E:\\xampp\\tmp\\php7EA8.tmp', '2023-06-22 10:50:36', '2023-07-04 08:46:41'),
(23, 'product31to40', 28, 000000000000031, 000000000000040, 140, 110, 10, 90, 2, 2, 1, 'product/1688460352.png', 'E:\\xampp\\tmp\\phpAE15.tmp', '2023-06-22 10:52:01', '2023-07-04 08:46:34'),
(24, 'testing test', 4, 000000000000041, 000000000000050, 50, 705, 75, 100, 4, 2, 0, 'product/1688451312.png', 'E:\\xampp\\tmp\\phpBF26.tmp', '2023-06-23 06:23:23', '2023-07-07 05:02:05'),
(29, 'testing test', 344, 000000000000041, 000000000000050, 98, 34, 68, 100, 5, 8, 0, 'product/1688712848.jpg', NULL, '2023-07-07 06:54:08', '2023-07-07 07:43:49');

-- --------------------------------------------------------

--
-- Table structure for table `profiles`
--

CREATE TABLE `profiles` (
  `id` int(10) UNSIGNED NOT NULL,
  `user_id` bigint(20) UNSIGNED DEFAULT NULL,
  `name` varchar(255) DEFAULT NULL,
  `dob` varchar(50) DEFAULT NULL,
  `profile_img` varchar(255) DEFAULT NULL,
  `aadhar` varchar(255) DEFAULT NULL,
  `pan` varchar(255) DEFAULT NULL,
  `aadhar_img` varchar(255) DEFAULT NULL,
  `pan_img` varchar(255) DEFAULT NULL,
  `city` varchar(255) DEFAULT NULL,
  `geolocation` text DEFAULT NULL,
  `refcode` varchar(50) DEFAULT NULL,
  `address` varchar(255) DEFAULT NULL,
  `device_model` varchar(255) DEFAULT NULL,
  `device_plateform` varchar(255) DEFAULT NULL,
  `device_id` varchar(255) DEFAULT NULL,
  `lat` varchar(255) DEFAULT NULL,
  `long` varchar(255) DEFAULT NULL,
  `app_version` varchar(255) DEFAULT NULL,
  `created_at` timestamp NULL DEFAULT NULL,
  `updated_at` timestamp NULL DEFAULT NULL,
  `update_user` varchar(255) DEFAULT NULL,
  `update_date` varchar(255) DEFAULT NULL,
  `update_reason` varchar(255) DEFAULT NULL,
  `register_by_id` int(11) DEFAULT NULL,
  `register_by_name` varchar(50) DEFAULT NULL
) ENGINE=InnoDB DEFAULT CHARSET=utf8mb4 COLLATE=utf8mb4_unicode_ci;

--
-- Dumping data for table `profiles`
--

INSERT INTO `profiles` (`id`, `user_id`, `name`, `dob`, `profile_img`, `aadhar`, `pan`, `aadhar_img`, `pan_img`, `city`, `geolocation`, `refcode`, `address`, `device_model`, `device_plateform`, `device_id`, `lat`, `long`, `app_version`, `created_at`, `updated_at`, `update_user`, `update_date`, `update_reason`, `register_by_id`, `register_by_name`) VALUES
(1, 1, 'anish', 'fgfg', 'dfgdfgfgfdg', 'fdgdfgfdgdg', 'dfgdfgfdgdfg', 'fdgdfg', 'dfgfdgdfg', 'kota', NULL, NULL, 'Jagdish ka nohra', '', '', '', '', '', '', '2023-06-15 09:22:13', '2023-07-07 09:49:54', 'abxd', '2023-06-27', 'okay ggg vdgdfhcdh nxsgn dgcvv essential', NULL, NULL),
(2, 2, 'jitendra3', '02-07-2001', 'profile/1688818512.png', '679464949494', 'JIHPK7779H', 'profile/1688807587.jpg', 'profile/1688807045.jpg', 'jaipur', NULL, NULL, 'civil lines 108', '', '', '', '', '', '', '2023-06-15 09:24:23', '2023-07-08 12:15:14', 'anish', '2023-07-07', 'admin Rejected this user', NULL, NULL),
(3, 3, 'abcd', 'fgfgedob', 'dfgdfgfgf', '2356897854', '252525252', 'profile/1688968646.jpg', 'profile/1688968535.jpg', 'jaipur', NULL, NULL, 'civil lines 108', '', '', '', '', '', '', '2023-06-15 11:44:33', '2023-07-10 05:57:35', 'anish', '2023-07-07', 'admin Rejected this user', NULL, NULL),
(4, 4, 'abxd', NULL, NULL, NULL, NULL, NULL, NULL, 'Jaipur', NULL, '3456', 'Jaipur', 'EB2101', 'Android', 'RKQ1.211119.001', '26.9082215', '75.7796441', '1.0.0', '2023-06-15 11:47:17', '2023-07-07 12:31:39', 'anish', '2023-07-07', 'admin Rejected this user', NULL, NULL),
(5, 5, 'abcd', NULL, NULL, NULL, NULL, NULL, NULL, 'hhh', NULL, 'bb', 'gh', 'EB2101', 'Android', 'RKQ1.211119.001', '26.9082235', '75.7796455', '1.0.0', '2023-06-15 11:50:46', '2023-06-21 11:37:56', 'jitendra3', '2023-06-21', 'ok', NULL, NULL),
(6, 6, 'h', NULL, NULL, NULL, NULL, NULL, NULL, 'Jaipur', NULL, '345', 'Jaipur', 'EB2101', 'Android', 'RKQ1.211119.001', '26.908231', '75.7796587', '1.0.0', '2023-06-15 11:55:50', '2023-06-15 11:55:50', NULL, NULL, NULL, NULL, NULL),
(7, 7, 'abcd', NULL, NULL, NULL, NULL, NULL, NULL, 'jaipur', NULL, NULL, 'civil lines 108', '', '', '', '', '', '', '2023-06-15 12:02:31', '2023-07-07 10:22:50', 'anish', '2023-07-07', 'admin Rejected this user', NULL, NULL),
(8, 8, 'abcd', NULL, NULL, NULL, NULL, NULL, NULL, 'Jaipur', NULL, '456', 'Jai', 'EB2101', 'Android', 'RKQ1.211119.001', '26.9082209', '75.7796463', '1.0.0', '2023-06-15 12:12:08', '2023-06-15 12:12:08', NULL, NULL, NULL, NULL, NULL),
(9, 9, 'anish', NULL, NULL, NULL, NULL, NULL, NULL, 'kota', NULL, NULL, 'Jagdish ka nohra', '', '', '', '', '', '', '2023-06-17 06:43:56', '2023-06-17 06:43:56', NULL, NULL, NULL, NULL, NULL),
(10, 10, 'jitendrakumar', NULL, NULL, NULL, NULL, NULL, NULL, 'Jaipur', NULL, 'hhh', 'civil lines', 'Infinix X6816C', 'Android', 'RP1A.201005.001', '26.9082236', '75.779634', '1.0.0', '2023-06-17 07:08:43', '2023-06-23 09:02:55', 'jitendrakumar', '2023-06-23', 'this is for testing', NULL, NULL),
(11, 11, 'ghh', NULL, NULL, NULL, NULL, NULL, NULL, 'hgf', NULL, 'कि', 'dghh', 'Infinix X6816C', 'Android', 'RP1A.201005.001', '26.9082217', '75.7796531', '1.0.0', '2023-06-17 07:10:22', '2023-06-17 07:10:22', NULL, NULL, NULL, NULL, NULL),
(12, 12, 'jitendrakumar', NULL, NULL, NULL, NULL, NULL, NULL, 'gh', NULL, 'gh', 'ggg', 'Infinix X6816C', 'Android', 'RP1A.201005.001', '26.9082299', '75.7796357', '1.0.0', '2023-06-17 07:30:34', '2023-06-23 09:04:43', 'jitendrakumar', '2023-06-23', 'testing', NULL, NULL),
(13, 13, 'mm', NULL, NULL, NULL, NULL, NULL, NULL, 'fhh', NULL, 'gyu', 'xgh', 'Infinix X6816C', 'Android', 'RP1A.201005.001', '26.9082185', '75.7796508', '1.0.0', '2023-06-17 07:34:22', '2023-06-17 07:34:22', NULL, NULL, NULL, NULL, NULL),
(14, 14, 'hh', NULL, NULL, NULL, NULL, NULL, NULL, 'fgh', NULL, 'cvb', 'cvg', 'Infinix X6816C', 'Android', 'RP1A.201005.001', '26.9082205', '75.7796495', '1.0.0', '2023-06-17 07:38:20', '2023-06-27 08:30:09', 'abxd', '2023-06-27', 'okay', NULL, NULL),
(15, 15, 'fg', NULL, NULL, NULL, NULL, NULL, NULL, 'fhh', NULL, 'dgh', 'fhh', 'Infinix X6816C', 'Android', 'RP1A.201005.001', '26.9082224', '75.7796464', '1.0.0', '2023-06-17 07:39:31', '2023-06-27 08:46:37', 'abcd', '2023-06-27', 'dgff ddg from my side to side by side and side effects and I will be there for', NULL, NULL),
(16, 16, 'hh', NULL, NULL, NULL, NULL, NULL, NULL, 'gg', NULL, 'ghh', 'ghh', 'Infinix X6816C', 'Android', 'RP1A.201005.001', '26.908225', '75.7796348', '1.0.0', '2023-06-17 07:42:18', '2023-06-23 09:08:57', 'hh', '2023-06-23', 'testing', NULL, NULL),
(17, 17, 'hh', NULL, NULL, NULL, NULL, NULL, NULL, 'vvv', NULL, 'hhh', 'vhv', 'Infinix X6816C', 'Android', 'RP1A.201005.001', '26.9082262', '75.779657', '1.0.0', '2023-06-17 07:48:37', '2023-06-23 09:09:15', 'hh', '2023-06-23', 'testing', NULL, NULL),
(18, 18, 'gdhd', NULL, NULL, NULL, NULL, NULL, NULL, 'jj', NULL, 'hh', 'hh', 'Infinix X6816C', 'Android', 'RP1A.201005.001', '26.9082292', '75.779653', '1.0.0', '2023-06-17 08:35:45', '2023-06-17 08:35:45', NULL, NULL, NULL, NULL, NULL),
(19, 19, 'jitendrakumarer', NULL, NULL, NULL, NULL, NULL, NULL, 'ff', NULL, 'fg', 'ff', 'Infinix X6816C', 'Android', 'RP1A.201005.001', '26.908236', '75.7796454', '1.0.0', '2023-06-17 08:45:58', '2023-06-17 08:45:58', NULL, NULL, NULL, NULL, NULL),
(20, 20, 'jitendrakumarer', NULL, NULL, NULL, NULL, NULL, NULL, 'ff', NULL, 'fg', 'ff', 'Infinix X6816C', 'Android', 'RP1A.201005.001', '26.908236', '75.7796454', '1.0.0', '2023-06-17 08:47:08', '2023-06-17 08:47:08', NULL, NULL, NULL, NULL, NULL),
(21, 21, 'gh', NULL, NULL, NULL, NULL, NULL, NULL, 'fg', NULL, 'gg', 'vg', 'Infinix X6816C', 'Android', 'RP1A.201005.001', '26.9082219', '75.779655', '1.0.0', '2023-06-17 08:49:20', '2023-07-07 08:46:28', 'anish', '2023-07-07', 'admin Rejected this user', NULL, NULL),
(22, 22, 'ff', NULL, NULL, NULL, NULL, NULL, NULL, 'bbh', NULL, 'hhh', 'hnn', 'Infinix X6816C', 'Android', 'RP1A.201005.001', '26.908221', '75.7796519', '1.0.0', '2023-06-17 08:53:57', '2023-06-17 08:53:57', NULL, NULL, NULL, NULL, NULL),
(23, 23, 'frf', NULL, NULL, NULL, NULL, NULL, NULL, 'fg', NULL, 'f GN', 'fg', 'Infinix X6816C', 'Android', 'RP1A.201005.001', '26.9082496', '75.7796582', '1.0.0', '2023-06-17 09:10:40', '2023-06-27 08:49:08', 'abcd', '2023-06-27', 'dfg to meet me at home and home 🏠 to', NULL, NULL),
(24, 24, 'ff', NULL, NULL, NULL, NULL, NULL, NULL, 'fgg', NULL, 'ffg', 'ggg', 'Infinix X6816C', 'Android', 'RP1A.201005.001', '26.9082308', '75.7796697', '1.0.0', '2023-06-17 09:13:56', '2023-06-17 09:13:56', NULL, NULL, NULL, NULL, NULL),
(25, 25, 'ss', NULL, NULL, NULL, NULL, NULL, NULL, 'dd', NULL, 'dhsh', 'ddn', 'Infinix X6816C', 'Android', 'RP1A.201005.001', '26.9082109', '75.77967', '1.0.0', '2023-06-17 09:50:28', '2023-06-17 09:50:28', NULL, NULL, NULL, NULL, NULL),
(26, 26, 'dd', NULL, NULL, NULL, NULL, NULL, NULL, 'ff', NULL, 'dd', 'xd', 'Infinix X6816C', 'Android', 'RP1A.201005.001', '26.9082211', '75.7796396', '1.0.0', '2023-06-17 10:29:28', '2023-06-17 10:29:28', NULL, NULL, NULL, NULL, NULL),
(27, 27, 'fff', NULL, NULL, NULL, NULL, NULL, NULL, 'gg', NULL, 'gh', 'hh', 'Infinix X6816C', 'Android', 'RP1A.201005.001', '26.9082188', '75.7796598', '1.0.0', '2023-06-19 05:27:27', '2023-06-19 05:27:27', NULL, NULL, NULL, NULL, NULL),
(28, 28, 'anish', NULL, NULL, NULL, NULL, NULL, NULL, 'kota', NULL, NULL, 'Jagdish ka nohra', '', '', '', '', '', '', '2023-06-19 05:56:08', '2023-06-19 05:56:08', NULL, NULL, NULL, NULL, NULL),
(29, 29, 'df', NULL, NULL, NULL, NULL, NULL, NULL, 'ccg', NULL, 'df', 'fgg', 'Infinix X6816C', 'Android', 'RP1A.201005.001', '26.908206', '75.779663', '1.0.0', '2023-06-19 05:58:58', '2023-06-19 05:58:58', NULL, NULL, NULL, NULL, NULL),
(30, 30, 'dd', NULL, NULL, NULL, NULL, NULL, NULL, 'g', NULL, 'ff', 'ggff', 'Infinix X6816C', 'Android', 'RP1A.201005.001', '26.9082386', '75.7796705', '1.0.0', '2023-06-19 09:32:11', '2023-06-19 09:32:11', NULL, NULL, NULL, NULL, NULL),
(31, 31, 'jai', NULL, NULL, NULL, NULL, NULL, NULL, 'ghg', NULL, 'hhh', 'bbj', 'Infinix X6816C', 'Android', 'RP1A.201005.001', '26.9082188', '75.7796441', '1.0.0', '2023-06-19 11:52:08', '2023-06-19 11:52:08', NULL, NULL, NULL, NULL, NULL),
(32, 32, 'jaii', NULL, NULL, NULL, NULL, NULL, NULL, 'ddd', NULL, 'gggg', 'ddddd', 'Infinix X6816C', 'Android', 'RP1A.201005.001', '26.9082253', '75.7796755', '1.0.0', '2023-06-19 12:15:03', '2023-06-19 12:15:03', NULL, NULL, NULL, NULL, NULL),
(33, 33, 'jai', NULL, NULL, NULL, NULL, NULL, NULL, 'kota', NULL, NULL, 'Jagdish ka nohra', '', '', '', '', '', '', '2023-06-20 05:28:24', '2023-06-20 05:28:24', NULL, NULL, NULL, NULL, NULL),
(34, 34, 'jaiii', NULL, NULL, NULL, NULL, NULL, NULL, 'heh', NULL, 'djhs', 'hdjs', 'Infinix X6816C', 'Android', 'RP1A.201005.001', '26.9082087', '75.7796529', '1.0.0', '2023-06-20 08:37:33', '2023-07-07 08:45:27', 'anish', '2023-07-07', 'admin Rejected this user', NULL, NULL),
(35, 35, 'Testing', NULL, NULL, NULL, NULL, NULL, NULL, 'jaipur', NULL, '12', 'civil lines 108', '', '', '', '', '', '', '2023-06-27 04:07:48', '2023-06-27 04:07:48', NULL, NULL, NULL, NULL, NULL),
(36, 36, 'testing person', NULL, NULL, NULL, NULL, NULL, NULL, 'Jaipur', NULL, '12345', 'civil Thailand Jaipur', 'Infinix X6816C', 'Android', 'RP1A.201005.001', '26.9082128', '75.779649', '1.0.0', '2023-06-27 04:16:33', '2023-06-27 04:16:33', NULL, NULL, NULL, NULL, NULL),
(37, 37, 'Sanjay Kumar', NULL, NULL, NULL, NULL, NULL, NULL, 'Jaipur Rajasthan', NULL, 'hhh', 'Jaipur Rajasthan Ram Nagar sector 10 pin code 225565', 'Infinix X6816C', 'Android', 'RP1A.201005.001', '26.9082233', '75.7796561', '1.0.0', '2023-06-27 06:26:47', '2023-07-07 11:02:14', 'anish', '2023-07-07', 'admin Rejected this user', NULL, NULL),
(38, 38, 'ffddgxgg', NULL, NULL, NULL, NULL, NULL, NULL, 'jai', NULL, 'fgj', 'civil lines for kids dgfdgtn d type g and side effects', 'Infinix X6816C', 'Android', 'RP1A.201005.001', '26.9082102', '75.7796695', '1.0.0', '2023-06-27 08:54:45', '2023-07-07 10:54:37', 'anish', '2023-07-07', 'admin Rejected this user', NULL, NULL),
(39, 39, 'vivekt tester', NULL, NULL, NULL, NULL, NULL, NULL, 'Jaipur', NULL, '1123', '108 first floor geetanjali tower jaipur', 'Infinix X6816C', 'Android', 'RP1A.201005.001', '26.908196', '75.779631', '1.0.0', '2023-06-30 06:40:02', '2023-07-07 08:45:11', 'anish', '2023-07-07', 'admin Rejected this user', NULL, NULL),
(40, 40, 'anusha Dubey', NULL, NULL, NULL, NULL, NULL, NULL, 'kota rajathan', NULL, NULL, 'Jagdish ka nohra', '', '', '', '', '', '', '2023-06-30 12:50:05', '2023-06-30 12:50:05', NULL, NULL, NULL, NULL, NULL),
(41, 41, 'Tester senior', '26-07-1987', 'profile/1688964733.jpg', '919063416118', 'AKCPG0359G', 'profile/1688964772.jpg', 'profile/1688964740.jpg', 'jaipur', NULL, '304577', 'civil lines jaipur rajasthan', 'EB2101', 'Android', 'RKQ1.211119.001', '26.9082176', '75.779687', '1.0.0', '2023-07-01 06:08:14', '2023-07-10 04:53:56', NULL, NULL, NULL, NULL, NULL),
(42, 42, 'jaajjj', NULL, NULL, NULL, NULL, NULL, NULL, 'dhswj h na ye to', NULL, 'dnnd', 'BD no no no problem sir please', 'Infinix X6816C', 'Android', 'RP1A.201005.001', '26.9081964', '75.7796321', '1.0.0', '2023-07-01 06:26:46', '2023-07-08 11:50:56', 'h', '2023-07-08', 'good', NULL, NULL),
(43, 43, 'gg', NULL, NULL, NULL, NULL, NULL, NULL, 'jai', NULL, 'fg', 'hh', 'EB2101', 'Android', 'RKQ1.211119.001', '26.9082143', '75.7796637', '1.0.0', '2023-07-01 06:42:06', '2023-07-01 06:42:06', NULL, NULL, NULL, NULL, NULL),
(44, 44, 'gh', NULL, NULL, NULL, NULL, NULL, NULL, 'dcg', NULL, 'cc', 'cf', 'Infinix X6816C', 'Android', 'RP1A.201005.001', '26.906403', '75.77774', '1.0.0', '2023-07-01 06:48:05', '2023-07-07 09:13:11', 'anish', '2023-07-07', 'admin Rejected this user', NULL, NULL),
(45, 45, 'anish', NULL, NULL, NULL, NULL, NULL, NULL, 'jaipur', NULL, 'fdf', 'civil lines jaipur rajasthan', '', '', '', '', '', '', '2023-07-01 06:55:35', '2023-07-07 09:12:55', 'anish', '2023-07-07', 'admin Rejected this user', NULL, NULL),
(50, 50, 'jaipal', NULL, NULL, NULL, NULL, NULL, NULL, 'jaipur', NULL, NULL, 'civil lines jaipur rajasthan sector 10 pin code 283939', '', '', '', '', '', '', '2023-07-06 05:48:54', '2023-07-07 08:42:05', 'anish', '2023-07-07', 'admin Rejected this user', NULL, NULL),
(56, 57, 'Mridul Gupta', '23-07-1998', 'profile/1688727570.jpg', '1258', 'THHHCVHBBB', 'profile/1688727586.jpg', 'profile/1688727581.jpg', 'Jaipur', NULL, 'vgfg', '108 first floorgeetanji toeeb jajkjvfjkkjhjjjjkjjjgvhh', 'EB2101', 'Android', 'RKQ1.211119.001', '26.9081901', '75.779635', '1.0.0', '2023-07-07 04:42:43', '2023-07-07 11:13:07', 'anish', '2023-07-07', 'admin Rejected this user', NULL, NULL),
(57, 58, 'abcd', NULL, NULL, NULL, NULL, NULL, NULL, 'j', NULL, 'gh', 'j', 'EB2101', 'Android', 'RKQ1.211119.001', '26.9081977', '75.7796523', '1.0.0', '2023-07-08 04:48:13', '2023-07-08 11:41:31', 'h', '2023-07-08', 'vhhgxjgjc jvhcj', NULL, NULL),
(58, 59, 'Nitin Goyal', '26-07-1987', 'profile/1688970360.jpg', '235689055555', 'ABCD KFFFG', 'profile/1688972560.jpg', 'profile/1688972550.jpg', 'Jaipur', NULL, 'abcd', '108 First Floor Geetanjali Tower Near Civil lines metro station jaipur', 'EB2101', 'Android', 'RKQ1.211119.001', '26.9081947', '75.7796315', '1.0.0', '2023-07-10 04:58:29', '2023-07-10 07:02:44', 'anish', '2023-07-10', 'admin Rejected this user', NULL, NULL),
(59, 60, 'Testing Person Singh Jos', '08-07-1992', 'profile/1688973395.jpg', '124578085228', '1234456667', 'null', 'profile/1688973329.jpg', 'jaipur', NULL, '12345', 'civil lines jaipur 302012', 'EB2101', 'Android', 'RKQ1.211119.001', '26.9082012', '75.7796494', '1.0.0', '2023-07-10 07:09:49', '2023-07-10 07:16:37', NULL, NULL, NULL, NULL, NULL);

-- --------------------------------------------------------

--
-- Table structure for table `redeemproducts`
--

CREATE TABLE `redeemproducts` (
  `id` bigint(20) UNSIGNED NOT NULL,
  `name` varchar(255) DEFAULT NULL,
  `point` bigint(20) DEFAULT NULL,
  `rupees` bigint(20) DEFAULT NULL,
  `order` bigint(20) DEFAULT NULL,
  `image_path` varchar(255) DEFAULT NULL,
  `file` varchar(255) DEFAULT NULL,
  `created_at` timestamp NULL DEFAULT NULL,
  `updated_at` timestamp NULL DEFAULT NULL
) ENGINE=InnoDB DEFAULT CHARSET=utf8mb4 COLLATE=utf8mb4_unicode_ci;

-- --------------------------------------------------------

--
-- Table structure for table `sliders`
--

CREATE TABLE `sliders` (
  `id` bigint(20) UNSIGNED NOT NULL,
  `title` varchar(255) DEFAULT NULL,
  `image_path` varchar(255) DEFAULT NULL,
  `video_link` varchar(255) DEFAULT NULL,
  `file` varchar(255) DEFAULT NULL,
  `status` bigint(20) DEFAULT 1,
  `order` bigint(20) DEFAULT NULL,
  `created_at` timestamp NULL DEFAULT NULL,
  `updated_at` timestamp NULL DEFAULT NULL
) ENGINE=InnoDB DEFAULT CHARSET=utf8mb4 COLLATE=utf8mb4_unicode_ci;

--
-- Dumping data for table `sliders`
--

INSERT INTO `sliders` (`id`, `title`, `image_path`, `video_link`, `file`, `status`, `order`, `created_at`, `updated_at`) VALUES
(2, 'hello from new test', 'sliders/1688114163.png', 'https://laracasts.com/discuss/channels/laravel/call-to-a-member-function-extension-on-null', NULL, 1, 12, '2023-06-30 08:36:03', '2023-06-30 08:36:03'),
(3, 'Hi this is brand new testing', 'sliders/1688115293.jpg', 'https://laracasts.com/discuss/channels/laravel/call-to-a-member-function-extension-on-null', NULL, 1, 12, '2023-06-30 08:54:53', '2023-06-30 08:54:53');

-- --------------------------------------------------------

--
-- Table structure for table `sub_categories`
--

CREATE TABLE `sub_categories` (
  `id` bigint(20) UNSIGNED NOT NULL,
  `name` varchar(255) DEFAULT NULL,
  `maincategory` bigint(20) DEFAULT NULL,
  `status` bigint(20) DEFAULT 1,
  `image_path` varchar(255) DEFAULT NULL,
  `file` varchar(255) DEFAULT NULL,
  `created_at` timestamp NULL DEFAULT NULL,
  `updated_at` timestamp NULL DEFAULT NULL
) ENGINE=InnoDB DEFAULT CHARSET=utf8mb4 COLLATE=utf8mb4_unicode_ci;

--
-- Dumping data for table `sub_categories`
--

INSERT INTO `sub_categories` (`id`, `name`, `maincategory`, `status`, `image_path`, `file`, `created_at`, `updated_at`) VALUES
(8, 'thi is  TEST', 5, 1, 'subcategory/1688390419.jpg', NULL, '2023-07-03 13:20:19', '2023-07-03 13:20:19'),
(9, 'test1', 8, 1, 'subcategory/1688713425.jpg', NULL, '2023-07-07 07:03:45', '2023-07-07 07:15:12'),
(10, 'test', 8, 1, NULL, NULL, '2023-07-07 07:14:17', '2023-07-07 07:14:17'),
(11, 'testingg', 8, 1, 'subcategory/1688714307.jpg', NULL, '2023-07-07 07:18:27', '2023-07-07 07:18:27');

-- --------------------------------------------------------

--
-- Table structure for table `term_and_conditions`
--

CREATE TABLE `term_and_conditions` (
  `id` bigint(20) UNSIGNED NOT NULL,
  `title` varchar(255) NOT NULL,
  `desc` text NOT NULL,
  `created_at` timestamp NULL DEFAULT NULL,
  `updated_at` timestamp NULL DEFAULT NULL
) ENGINE=InnoDB DEFAULT CHARSET=utf8mb4 COLLATE=utf8mb4_unicode_ci;

--
-- Dumping data for table `term_and_conditions`
--

INSERT INTO `term_and_conditions` (`id`, `title`, `desc`, `created_at`, `updated_at`) VALUES
(1, 'Thiis is updated', '<p>anish Dubey updated </p>', NULL, '2023-06-30 05:54:55');

-- --------------------------------------------------------

--
-- Table structure for table `users`
--

CREATE TABLE `users` (
  `id` bigint(20) UNSIGNED NOT NULL,
  `name` varchar(255) NOT NULL,
  `email` varchar(255) NOT NULL,
  `mobile_no` varchar(255) DEFAULT NULL,
  `email_verified_at` timestamp NULL DEFAULT NULL,
  `password` varchar(255) NOT NULL,
  `remember_token` varchar(100) DEFAULT NULL,
  `user_type` int(11) DEFAULT NULL,
  `demot` varchar(255) NOT NULL,
  `update_by_user` int(11) DEFAULT NULL,
  `status` int(11) DEFAULT NULL,
  `created_at` timestamp NULL DEFAULT NULL,
  `updated_at` timestamp NULL DEFAULT NULL
) ENGINE=InnoDB DEFAULT CHARSET=utf8mb4 COLLATE=utf8mb4_unicode_ci;

--
-- Dumping data for table `users`
--

INSERT INTO `users` (`id`, `name`, `email`, `mobile_no`, `email_verified_at`, `password`, `remember_token`, `user_type`, `demot`, `update_by_user`, `status`, `created_at`, `updated_at`) VALUES
(1, 'anish', 'dfgdfg@jhj', '9571630326', NULL, '$2y$10$AK5xOPK7LnP20biEheGdmuvzXZ50c4BSGHVXOYp2d0y4zDnzwX9sK', NULL, 1, 'anish', NULL, 1, '2023-06-15 09:22:13', '2023-07-07 09:49:54'),
(2, 'jitendra3', 'jitendra.kumar@truevalueinfosoft.in', '7690095008', NULL, '$2y$10$eEWmlnUiQPnm452/XP34L.jxiAnEx.OhEvhPXz8RIfpOeA9rYMKTq', NULL, 3, 'jitendra3', NULL, 1, '2023-06-15 09:24:23', '2023-07-08 12:15:14'),
(3, 'abcd', 'hgh@zohrrr', '9876545678', NULL, '$2y$10$jQtDsFuLXQ32uk13ciHQn.oGTXe5/xs/yzQJZ7Eplw5FEOwFFfuoO', NULL, 1, 'abcd', NULL, 3, '2023-06-15 11:44:33', '2023-07-10 05:57:35'),
(4, 'abxd', '9638527418@test.com', '9638527418', NULL, '$2y$10$hjGjcBHO81fuPmTqTK4MRu8vKzGdlCKO6AWwxDpGO.yRMMSDS9Jz2', NULL, 2, 'abxd', NULL, 3, '2023-06-15 11:47:17', '2023-07-07 12:31:39'),
(5, 'abcd', '9638521475@test.com', '9638521475', NULL, '$2y$10$B0lAjmRPmx6GHxdOiWwoNOhpmIjp.e6n.EGG2hYPDzzhqAXrnhKeS', NULL, 2, 'abcd', NULL, 1, '2023-06-15 11:50:46', '2023-06-21 11:37:56'),
(6, 'h', '9638527452@test.com', '9638527452', NULL, '$2y$10$KJE2ZOh1CyVB3i9C0jla4u0SEoClr7BxfRoa2Dppdlyu.x0pSJjGu', NULL, 2, 'h', NULL, 0, '2023-06-15 11:55:50', '2023-06-15 11:55:50'),
(7, 'abcd', '9876545677@test.com', '9876545677', NULL, '$2y$10$AuohTZAPdZyV2x7n/fVegO3ncm7Z5IfDzbPu2YBef3cLk2ieyIbxO', NULL, 1, 'abcd', NULL, 1, '2023-06-15 12:02:31', '2023-07-07 10:22:50'),
(8, 'abcd', '8529637412@test.com', '8529637412', NULL, '$2y$10$ry2svXRuI./f1WUpQUoYHulr1XbxkVE.N1ji2fmJhmJIcO4fgAOMa', NULL, 2, 'abcd', NULL, 0, '2023-06-15 12:12:08', '2023-06-15 12:12:08'),
(9, 'anish', '7690095000@test.com', '7690095000', NULL, '$2y$10$PTjBuy0I.r/oXDx5SsBPcuSCbRoYQ5MoDtDtNsnU2KtQFslp7syw2', NULL, 1, 'anish', NULL, 0, '2023-06-17 06:43:56', '2023-06-17 06:43:56'),
(10, 'jitendrakumar', '7690000000@test.com', '7690000000', NULL, '$2y$10$lXqahAtqmqja/uVrJhjmQ.0nHmf3w1RC6uXadXhtv24vMKxd/9qD2', NULL, 3, 'jitendrakumar', NULL, 1, '2023-06-17 07:08:43', '2023-06-23 09:02:55'),
(11, 'ghh', '5000000000@test.com', '5000000000', NULL, '$2y$10$CWqsc0fwyB/lzl7W01gNe.SPCqwhqsFER5LKypJ4xMOMoS991bUC.', NULL, 1, 'ghh', NULL, 0, '2023-06-17 07:10:22', '2023-06-17 07:10:22'),
(12, 'jitendrakumar', '7696600000@test.com', '7696600000', NULL, '$2y$10$6e1PJoBu2VrTMzfUZgKmnuN9RYDcshwVgJNjbj3x3icB5t2rH1NT.', NULL, 3, 'jitendrakumar', NULL, 3, '2023-06-17 07:30:34', '2023-06-23 09:04:43'),
(13, 'mm', '5696325809@test.com', '5696325809', NULL, '$2y$10$ioakx6qO3kbLrOct6kE75OvMu5NLEtH8zxKV62QVIONmmxxqUnVSO', NULL, 1, 'mm', NULL, 0, '2023-06-17 07:34:22', '2023-06-17 07:34:22'),
(14, 'hh', '8754211478@test.com', '8754211478', NULL, '$2y$10$M0Z3fR0nePJ3mxCY4bY8AOxukIWe1nrD7f6PH5wRkHLs35m6i12a2', NULL, 3, 'hh', NULL, 1, '2023-06-17 07:38:19', '2023-06-27 08:30:09'),
(15, 'fg', '8666666666@test.com', '8666666666', NULL, '$2y$10$w7edMTnOda4VRL5fyhh46eNtPttuUdyLJmrcsDkvHzixGy7S.H.YO', NULL, 3, 'fg', NULL, 3, '2023-06-17 07:39:31', '2023-06-27 08:46:37'),
(16, 'hh', '7666969686@test.com', '7666969686', NULL, '$2y$10$0O/SKB14nBWYS2RS/ucRBuShYmtAkMzevtSMMkjmoFSb/xPUsxknC', NULL, 3, 'hh', NULL, 3, '2023-06-17 07:42:18', '2023-06-23 09:08:57'),
(17, 'hh', '7690095001@test.com', '7690095001', NULL, '$2y$10$wrcMkU4LKn3NdkUxr0/UP.e8tAYARVnM48uEVl8P.0yjsZudTS/qS', NULL, 3, 'hh', NULL, 3, '2023-06-17 07:48:36', '2023-06-23 09:09:15'),
(18, 'gdhd', '4444444444@test.com', '4444444444', NULL, '$2y$10$Brd5.UjMwAhe6SrDnuQK4epFrODvyP3nQqu50vmNxSN86saNVZOUy', NULL, 3, 'gdhd', NULL, 0, '2023-06-17 08:35:45', '2023-06-17 08:35:45'),
(19, 'jitendrakumarer', '5555555555@test.com', '5555555555', NULL, '$2y$10$mlA5j4bbYkLaHsZoW44V3.KGgml4iNUL/.682.lalLTIkFVGRoSWW', NULL, 1, 'jitendrakumarer', NULL, 0, '2023-06-17 08:45:58', '2023-06-17 08:45:58'),
(20, 'jitendrakumarer', '1212121212@test.com', '1212121212', NULL, '$2y$10$y8ZzDS3fbldEzUs4ctmup.qtbEB/A.ZGUbKoAXb/yS1uMzW15rGby', NULL, 1, 'jitendrakumarer', NULL, 0, '2023-06-17 08:47:08', '2023-06-17 08:47:08'),
(21, 'gh', '8858888888@test.com', '8858888888', NULL, '$2y$10$qaV1pGC/HVvZbcz45XXWNej3YcOP0u9VTfNurOqX4iwljcGEFyno.', NULL, 3, 'gh', NULL, 3, '2023-06-17 08:49:20', '2023-07-07 08:46:28'),
(22, 'ff', '2222222222@test.com', '2222222222', NULL, '$2y$10$eWQ.Ff8EjVQmNAZ1msdXDO2kqFaBTkEWG2obc4FEHvXfRdq4urZm2', NULL, 3, 'ff', NULL, 0, '2023-06-17 08:53:57', '2023-06-17 08:53:57'),
(23, 'frf', '5525252525@test.com', '5525252525', NULL, '$2y$10$06R6W24VLRdT/VJuBLveNOo1JX470VeLw0dVaEBWPeZ7ghaA1X1py', NULL, 3, 'frf', NULL, 1, '2023-06-17 09:10:40', '2023-06-27 08:49:08'),
(24, 'ff', '7690095555@test.com', '7690095555', NULL, '$2y$10$MDUF3NFdQMGXHXI.FdD92Ot1rTUHUcVX4apnire4D9RmmPuUOQ30a', NULL, 3, 'ff', NULL, 0, '2023-06-17 09:13:55', '2023-06-17 09:13:55'),
(25, 'ss', '4646795646@test.com', '4646795646', NULL, '$2y$10$iusQOuNLqBmlYEAO0reHqOLqfttA9VTiypj14RY60K/QSM9P51ZJu', NULL, 3, 'ss', NULL, 0, '2023-06-17 09:50:28', '2023-06-17 09:50:28'),
(26, 'dd', '7477774747@test.com', '7477774747', NULL, '$2y$10$b1qrbFrkvTDjBoPZIxonaewgElLI3z2lDTxjtcBrT/RXcxl5T4kSq', NULL, 3, 'dd', NULL, 0, '2023-06-17 10:29:28', '2023-06-17 10:29:28'),
(27, 'fff', '7474747474@test.com', '7474747474', NULL, '$2y$10$MjP1.xn5nnlqiuHYoViwMOdoVZ.SImg4BpJYMGtJhAAPkMsnh3Bb2', NULL, 3, 'fff', NULL, 0, '2023-06-19 05:27:27', '2023-06-19 05:27:27'),
(28, 'anish', '9571630322@test.com', '9571630322', NULL, '$2y$10$59.AA8iJRqUB0NLlijvMq.7xx7FP6j/TiQiDbQvK/rBL7qtyDJhMu', NULL, 1, 'anish', NULL, 0, '2023-06-19 05:56:08', '2023-06-19 05:56:08'),
(29, 'df', '7878787878@test.com', '7878787878', NULL, '$2y$10$sEy0PcoYHkWn32TThbarr.NT.PqZK.9nW1W9xM7Ngv9sPFIDJ..mi', NULL, 3, 'df', NULL, 0, '2023-06-19 05:58:58', '2023-06-19 05:58:58'),
(30, 'dd', '7417417417@test.com', '7417417417', NULL, '$2y$10$8niX8N1C2BKx1z/KSC19Ce5vb2Mlca4.b5SRM/RdlJr9tPrblDsdO', NULL, 1, 'dd', NULL, 0, '2023-06-19 09:32:11', '2023-06-19 09:32:11'),
(31, 'jai', '7690095005@test.com', '7690095005', NULL, '$2y$10$5LOvcQveXGtwlfqIacKnl.xUZ9WLJPp9z5lDXiIoIVWCh/MtPTeCW', NULL, 1, 'jai', NULL, 0, '2023-06-19 11:52:08', '2023-06-19 11:52:08'),
(32, 'jaii', '7690095004@test.com', '7690095004', NULL, '$2y$10$IOUGEJQ0wGx4wudfrACkSueghA0djwl9uLsM.cBfeJJTR8ejjjcXu', NULL, 3, 'jaii', NULL, 0, '2023-06-19 12:15:03', '2023-06-19 12:15:03'),
(33, 'jai', '7690095006@test.com', '7690095006', NULL, '$2y$10$s5ARwVJt6EkqFnXqsQ/rnenqOdjRKhcSJMtE6VQXAcEMZKziKAZXC', NULL, 2, 'jai', NULL, 0, '2023-06-20 05:28:24', '2023-06-20 05:28:24'),
(34, 'jaiii', '7690095088@test.com', '7690095088', NULL, '$2y$10$4HTGkSm3eQYheUqFQ.lLNu.hC1nSuvB20LH8wkS0bDe.IKWh8xRSa', NULL, 1, 'jaiii', NULL, 1, '2023-06-20 08:37:33', '2023-07-07 08:45:27'),
(35, 'Testing', '1111111111@test.com', '1111111111', NULL, '$2y$10$dADP.Hh5ZnwIcr.25L/44OnlU4anWAVGklKbDoSUhDH0WPg0hvFRC', NULL, 1, 'Testing', NULL, 0, '2023-06-27 04:07:48', '2023-06-27 04:07:48'),
(36, 'testing person', '5656565656@test.com', '5656565656', NULL, '$2y$10$YyoxeL3IY6ZJko/eUG.jOOSGVFi8AghKR41C4TQvPrELCjTTbc24G', NULL, 3, 'testing person', NULL, 0, '2023-06-27 04:16:33', '2023-06-27 04:16:33'),
(37, 'Sanjay Kumar', '7680059009@test.com', '7680059009', NULL, '$2y$10$lZrBYKHMabMzjnpdULqD...VOL0edWNDQbJmSgSGVfLIbPJ18PvPq', NULL, 3, 'Sanjay Kumar', NULL, 1, '2023-06-27 06:26:47', '2023-07-07 11:02:14'),
(38, 'ffddgxgg', '1111111112@test.com', '1111111112', NULL, '$2y$10$RpupgJQWmnv5fPDN7EK3/.S9vKm2rFcxKnHyTHH8LYJ2gTEsqHopy', NULL, 3, 'ffddgxgg', NULL, 1, '2023-06-27 08:54:45', '2023-07-07 10:54:37'),
(39, 'vivekt tester', '7665656556@test.com', '7665656556', NULL, '$2y$10$jXSkY1M/uCTuHJPOATpoYuNtZVDTW5Vm2FrGjWvQYYhnXBkTijzJ.', NULL, 3, 'vivekt tester', NULL, 3, '2023-06-30 06:40:02', '2023-07-07 08:45:11'),
(40, 'anusha Dubey', '7742719760@test.com', '7742719760', NULL, '$2y$10$fA2T8Lj/CrYvbuJsXm.PfOm1n8MSFsW4HrrqYtlytSpU2/bXrwLM6', NULL, 4, 'anusha Dubey', NULL, 0, '2023-06-30 12:50:05', '2023-06-30 12:50:05'),
(41, 'Tester senior', '8875717007@test.com', '8875717007', NULL, '$2y$10$rWyfjNBx6oW1n/8I4zJ.KuTkU2ukpUFwXz5ZmLfhbMDU3KzAfLjNi', NULL, 3, 'Tester senior', NULL, 0, '2023-07-01 06:08:14', '2023-07-10 04:53:56'),
(42, 'jaajjj', '7777777777@test.com', '7777777777', NULL, '$2y$10$hNmtGfy1QdviskcNAmcLsu7fP5702lxVEUlYUsZR6Ld0nE2uJZVUa', NULL, 3, 'jaajjj', NULL, 1, '2023-07-01 06:26:46', '2023-07-08 11:50:55'),
(43, 'gg', '2581473691@test.com', '2581473691', NULL, '$2y$10$.cuzz9P0r7eEh5GedUh9mOGEkhu.7xh7Gvr.dm03b6csMP0OUR1oO', NULL, 1, 'gg', NULL, 0, '2023-07-01 06:42:06', '2023-07-01 06:42:06'),
(44, 'gh', '0852258085@test.com', '0852258085', NULL, '$2y$10$R/yQyDqQuV1aXpJHYM33Xez2a8cj0Of0dEbSUbmKLv9Jp1NCjpQvm', NULL, 3, 'gh', NULL, 3, '2023-07-01 06:48:05', '2023-07-07 09:13:11'),
(45, 'anish', '7777777778@test.com', '7777777778', NULL, '$2y$10$KU9Z2yVD1UZVCujiXM5cM.mozVmhb1qUGy.y72FrXxzVDiNeyyu5e', NULL, 3, 'anish', NULL, 1, '2023-07-01 06:55:35', '2023-07-07 09:12:55'),
(50, 'jaipal', '9898989890@test.com', '9898989890', NULL, '$2y$10$VOQfg/gdfQRuG4gjBgZtAO.TRKU7zXBAULfVGzRqCgMJGg5doAJhe', NULL, 3, 'jaipal', NULL, 1, '2023-07-06 05:48:54', '2023-07-07 08:42:05'),
(57, 'Mridul Gupta', '7597493908@test.com', '7597493908', NULL, '$2y$10$J0Vk0HCXdEMJfGyA/vD4w.G57yCRZ9bR9/9oNsAeJ.oR7bQcW5ocG', NULL, 3, 'Mridul Gupta', NULL, 3, '2023-07-07 04:42:43', '2023-07-07 11:13:07'),
(58, 'abcd', '6541597685@test.com', '6541597685', NULL, '$2y$10$lW4R19457gDJ8Etz5wWxCuK/gKUL8AAEXTo4XtFxQh0PHBji8y8xG', NULL, 3, 'abcd', NULL, 1, '2023-07-08 04:48:13', '2023-07-08 11:41:31'),
(59, 'Nitin Goyal', '9986852406@test.com', '9986852406', NULL, '$2y$10$89mQjBAPh6gdmqmF3rEpteqHFJkbXhezyCh1Fch7ly2eEGscaV5JG', NULL, 3, 'Nitin Goyal', NULL, 1, '2023-07-10 04:58:29', '2023-07-10 07:02:44'),
(60, 'Testing Person Singh Jos', '9456565656@test.com', '9456565656', NULL, '$2y$10$yjtelJ4PC65CxvU2OW8pwOaSQDR4it52peovri74avO.d4eAoSbSm', NULL, 4, 'Testing Person Singh Jos', NULL, 0, '2023-07-10 07:09:49', '2023-07-10 07:16:37');

-- --------------------------------------------------------

--
-- Table structure for table `user_otps`
--

CREATE TABLE `user_otps` (
  `id` bigint(20) UNSIGNED NOT NULL,
  `user_id` bigint(20) NOT NULL,
  `otp` varchar(255) NOT NULL,
  `expire_at` timestamp NULL DEFAULT NULL,
  `created_at` timestamp NULL DEFAULT NULL,
  `updated_at` timestamp NULL DEFAULT NULL
) ENGINE=InnoDB DEFAULT CHARSET=utf8mb4 COLLATE=utf8mb4_unicode_ci;

--
-- Dumping data for table `user_otps`
--

INSERT INTO `user_otps` (`id`, `user_id`, `otp`, `expire_at`, `created_at`, `updated_at`) VALUES
(1, 2, '8549', '2023-06-15 09:25:55', '2023-06-15 09:24:55', '2023-06-15 09:24:55'),
(2, 2, '3273', '2023-06-15 09:42:17', '2023-06-15 09:41:17', '2023-06-15 09:41:17'),
(3, 2, '3629', '2023-06-15 09:44:30', '2023-06-15 09:43:30', '2023-06-15 09:43:30'),
(4, 2, '5630', '2023-06-15 09:46:47', '2023-06-15 09:45:47', '2023-06-15 09:45:47'),
(5, 2, '8437', '2023-06-15 09:48:20', '2023-06-15 09:47:20', '2023-06-15 09:47:20'),
(6, 2, '6334', '2023-06-15 10:01:44', '2023-06-15 10:00:44', '2023-06-15 10:00:44'),
(7, 2, '5049', '2023-06-15 10:27:33', '2023-06-15 10:26:33', '2023-06-15 10:26:33'),
(8, 1, '4250', '2023-06-15 11:02:50', '2023-06-15 11:01:50', '2023-06-15 11:01:50'),
(9, 1, '9234', '2023-06-15 11:16:58', '2023-06-15 11:15:58', '2023-06-15 11:15:58'),
(10, 1, '1409', '2023-06-15 11:18:13', '2023-06-15 11:17:13', '2023-06-15 11:17:13'),
(11, 1, '9705', '2023-06-15 11:20:47', '2023-06-15 11:19:47', '2023-06-15 11:19:47'),
(12, 1, '9697', '2023-06-15 11:22:32', '2023-06-15 11:21:32', '2023-06-15 11:21:32'),
(13, 1, '3093', '2023-06-15 11:24:32', '2023-06-15 11:23:32', '2023-06-15 11:23:32'),
(14, 1, '7569', '2023-06-15 11:27:03', '2023-06-15 11:26:03', '2023-06-15 11:26:03'),
(15, 1, '7737', '2023-06-15 11:29:24', '2023-06-15 11:28:24', '2023-06-15 11:28:24'),
(16, 1, '5622', '2023-06-15 11:33:51', '2023-06-15 11:32:51', '2023-06-15 11:32:51'),
(17, 1, '9392', '2023-06-15 11:35:37', '2023-06-15 11:34:37', '2023-06-15 11:34:37'),
(18, 1, '2102', '2023-06-15 11:38:20', '2023-06-15 11:37:20', '2023-06-15 11:37:20'),
(19, 1, '9885', '2023-06-15 11:39:47', '2023-06-15 11:38:47', '2023-06-15 11:38:47'),
(20, 1, '2932', '2023-06-15 11:43:09', '2023-06-15 11:42:09', '2023-06-15 11:42:09'),
(21, 2, '6324', '2023-06-15 11:43:42', '2023-06-15 11:42:42', '2023-06-15 11:42:42'),
(22, 1, '9105', '2023-06-15 11:45:29', '2023-06-15 11:44:29', '2023-06-15 11:44:29'),
(23, 2, '3278', '2023-06-15 12:08:22', '2023-06-15 12:07:22', '2023-06-15 12:07:22'),
(24, 1, '4571', '2023-06-15 12:26:00', '2023-06-15 12:25:00', '2023-06-15 12:25:00'),
(25, 3, '9572', '2023-06-15 12:27:03', '2023-06-15 12:26:03', '2023-06-15 12:26:03'),
(26, 3, '1990', '2023-06-16 04:19:19', '2023-06-16 04:18:19', '2023-06-16 04:18:19'),
(27, 3, '1599', '2023-06-16 04:30:50', '2023-06-16 04:29:50', '2023-06-16 04:29:50'),
(28, 3, '2100', '2023-06-16 04:55:49', '2023-06-16 04:54:49', '2023-06-16 04:54:49'),
(29, 3, '7911', '2023-06-16 05:53:20', '2023-06-16 05:52:20', '2023-06-16 05:52:20'),
(30, 3, '4331', '2023-06-16 05:55:42', '2023-06-16 05:54:42', '2023-06-16 05:54:42'),
(31, 3, '2191', '2023-06-16 06:13:49', '2023-06-16 06:12:49', '2023-06-16 06:12:49'),
(32, 3, '1292', '2023-06-16 06:21:04', '2023-06-16 06:20:04', '2023-06-16 06:20:04'),
(33, 3, '4444', '2023-06-16 06:24:21', '2023-06-16 06:23:21', '2023-06-16 06:23:21'),
(34, 2, '5213', '2023-06-16 06:29:36', '2023-06-16 06:28:36', '2023-06-16 06:28:36'),
(35, 3, '6418', '2023-06-16 06:29:44', '2023-06-16 06:28:44', '2023-06-16 06:28:44'),
(36, 3, '4967', '2023-06-16 06:32:44', '2023-06-16 06:31:44', '2023-06-16 06:31:44'),
(37, 3, '5650', '2023-06-16 06:37:01', '2023-06-16 06:36:01', '2023-06-16 06:36:01'),
(38, 3, '6669', '2023-06-16 06:40:46', '2023-06-16 06:39:46', '2023-06-16 06:39:46'),
(39, 3, '7204', '2023-06-16 07:06:23', '2023-06-16 07:05:23', '2023-06-16 07:05:23'),
(40, 3, '1666', '2023-06-16 07:19:34', '2023-06-16 07:18:34', '2023-06-16 07:18:34'),
(41, 3, '8814', '2023-06-16 07:29:25', '2023-06-16 07:28:25', '2023-06-16 07:28:25'),
(42, 1, '4886', '2023-06-16 07:39:14', '2023-06-16 07:38:14', '2023-06-16 07:38:14'),
(43, 3, '7203', '2023-06-16 07:41:33', '2023-06-16 07:40:33', '2023-06-16 07:40:33'),
(44, 3, '5923', '2023-06-16 08:47:34', '2023-06-16 08:46:34', '2023-06-16 08:46:34'),
(45, 3, '7212', '2023-06-16 09:01:56', '2023-06-16 09:00:56', '2023-06-16 09:00:56'),
(46, 1, '7638', '2023-06-16 09:32:21', '2023-06-16 09:31:21', '2023-06-16 09:31:21'),
(47, 3, '5456', '2023-06-16 10:09:35', '2023-06-16 10:08:35', '2023-06-16 10:08:35'),
(48, 3, '5428', '2023-06-16 10:19:59', '2023-06-16 10:18:59', '2023-06-16 10:18:59'),
(49, 3, '6102', '2023-06-16 10:35:46', '2023-06-16 10:34:46', '2023-06-16 10:34:46'),
(50, 3, '9386', '2023-06-16 10:41:26', '2023-06-16 10:40:26', '2023-06-16 10:40:26'),
(51, 3, '8343', '2023-06-16 10:47:44', '2023-06-16 10:46:44', '2023-06-16 10:46:44'),
(52, 3, '2618', '2023-06-16 10:50:41', '2023-06-16 10:49:41', '2023-06-16 10:49:41'),
(53, 3, '2545', '2023-06-16 11:00:23', '2023-06-16 10:59:23', '2023-06-16 10:59:23'),
(54, 3, '7254', '2023-06-16 11:03:31', '2023-06-16 11:02:31', '2023-06-16 11:02:31'),
(55, 3, '6855', '2023-06-16 11:24:11', '2023-06-16 11:23:11', '2023-06-16 11:23:11'),
(56, 3, '8852', '2023-06-16 11:30:33', '2023-06-16 11:29:33', '2023-06-16 11:29:33'),
(57, 3, '7636', '2023-06-16 11:34:11', '2023-06-16 11:33:11', '2023-06-16 11:33:11'),
(58, 3, '6758', '2023-06-16 11:36:33', '2023-06-16 11:35:33', '2023-06-16 11:35:33'),
(59, 3, '8722', '2023-06-16 11:45:35', '2023-06-16 11:44:35', '2023-06-16 11:44:35'),
(60, 3, '8235', '2023-06-16 12:31:10', '2023-06-16 12:30:10', '2023-06-16 12:30:10'),
(61, 9, '2153', '2023-06-17 06:45:32', '2023-06-17 06:44:32', '2023-06-17 06:44:32'),
(62, 2, '4736', '2023-06-17 07:04:30', '2023-06-17 07:03:30', '2023-06-17 07:03:30'),
(63, 2, '2698', '2023-06-17 07:45:41', '2023-06-17 07:44:41', '2023-06-17 07:44:41'),
(64, 2, '2710', '2023-06-17 07:47:02', '2023-06-17 07:46:02', '2023-06-17 07:46:02'),
(65, 2, '7617', '2023-06-17 07:48:15', '2023-06-17 07:47:15', '2023-06-17 07:47:15'),
(66, 18, '8062', '2023-06-17 08:37:31', '2023-06-17 08:36:31', '2023-06-17 08:36:31'),
(67, 18, '7395', '2023-06-17 08:38:45', '2023-06-17 08:37:45', '2023-06-17 08:37:45'),
(68, 18, '1464', '2023-06-17 08:43:41', '2023-06-17 08:42:41', '2023-06-17 08:42:41'),
(69, 19, '2551', '2023-06-17 08:48:56', '2023-06-17 08:47:56', '2023-06-17 08:47:56'),
(70, 21, '5327', '2023-06-17 08:52:44', '2023-06-17 08:51:44', '2023-06-17 08:51:44'),
(71, 21, '2682', '2023-06-17 08:53:52', '2023-06-17 08:52:52', '2023-06-17 08:52:52'),
(72, 19, '8336', '2023-06-17 08:54:19', '2023-06-17 08:53:19', '2023-06-17 08:53:19'),
(73, 19, '7615', '2023-06-17 08:55:30', '2023-06-17 08:54:30', '2023-06-17 08:54:30'),
(74, 2, '6647', '2023-06-17 09:01:07', '2023-06-17 09:00:07', '2023-06-17 09:00:07'),
(75, 2, '4992', '2023-06-17 09:02:26', '2023-06-17 09:01:26', '2023-06-17 09:01:26'),
(76, 2, '3416', '2023-06-17 09:03:43', '2023-06-17 09:02:43', '2023-06-17 09:02:43'),
(77, 2, '3619', '2023-06-17 09:04:55', '2023-06-17 09:03:55', '2023-06-17 09:03:55'),
(78, 2, '1404', '2023-06-17 09:05:58', '2023-06-17 09:04:58', '2023-06-17 09:04:58'),
(79, 2, '7794', '2023-06-17 09:18:21', '2023-06-17 09:17:21', '2023-06-17 09:17:21'),
(80, 2, '4091', '2023-06-17 09:19:56', '2023-06-17 09:18:56', '2023-06-17 09:18:56'),
(81, 2, '3968', '2023-06-17 09:21:06', '2023-06-17 09:20:06', '2023-06-17 09:20:06'),
(82, 2, '2655', '2023-06-17 09:22:29', '2023-06-17 09:21:29', '2023-06-17 09:21:29'),
(83, 2, '1410', '2023-06-17 09:24:44', '2023-06-17 09:23:44', '2023-06-17 09:23:44'),
(84, 2, '3979', '2023-06-17 09:25:57', '2023-06-17 09:24:57', '2023-06-17 09:24:57'),
(85, 2, '7979', '2023-06-17 09:27:30', '2023-06-17 09:26:30', '2023-06-17 09:26:30'),
(86, 2, '7170', '2023-06-17 09:30:49', '2023-06-17 09:29:49', '2023-06-17 09:29:49'),
(87, 2, '7935', '2023-06-17 09:38:08', '2023-06-17 09:37:08', '2023-06-17 09:37:08'),
(88, 2, '2462', '2023-06-17 09:39:42', '2023-06-17 09:38:42', '2023-06-17 09:38:42'),
(89, 2, '9482', '2023-06-17 10:18:49', '2023-06-17 10:17:49', '2023-06-17 10:17:49'),
(90, 2, '8874', '2023-06-17 10:19:53', '2023-06-17 10:18:53', '2023-06-17 10:18:53'),
(91, 3, '2705', '2023-06-17 10:23:00', '2023-06-17 10:22:00', '2023-06-17 10:22:00'),
(92, 2, '8064', '2023-06-17 10:41:57', '2023-06-17 10:40:57', '2023-06-17 10:40:57'),
(93, 2, '3614', '2023-06-17 10:44:57', '2023-06-17 10:43:57', '2023-06-17 10:43:57'),
(94, 3, '2807', '2023-06-17 10:48:35', '2023-06-17 10:47:35', '2023-06-17 10:47:35'),
(95, 2, '7474', '2023-06-17 10:56:18', '2023-06-17 10:55:18', '2023-06-17 10:55:18'),
(96, 3, '8640', '2023-06-17 11:02:16', '2023-06-17 11:01:16', '2023-06-17 11:01:16'),
(97, 3, '7747', '2023-06-17 11:09:18', '2023-06-17 11:08:18', '2023-06-17 11:08:18'),
(98, 3, '3038', '2023-06-19 04:11:13', '2023-06-19 04:10:13', '2023-06-19 04:10:13'),
(99, 3, '6354', '2023-06-19 04:21:11', '2023-06-19 04:20:11', '2023-06-19 04:20:11'),
(100, 3, '7899', '2023-06-19 04:24:08', '2023-06-19 04:23:08', '2023-06-19 04:23:08'),
(101, 3, '4705', '2023-06-19 04:29:12', '2023-06-19 04:28:12', '2023-06-19 04:28:12'),
(102, 2, '5585', '2023-06-19 04:31:47', '2023-06-19 04:30:47', '2023-06-19 04:30:47'),
(103, 3, '4351', '2023-06-19 04:36:16', '2023-06-19 04:35:16', '2023-06-19 04:35:16'),
(104, 3, '6202', '2023-06-19 05:00:09', '2023-06-19 04:59:09', '2023-06-19 04:59:09'),
(105, 3, '7463', '2023-06-19 05:01:52', '2023-06-19 05:00:52', '2023-06-19 05:00:52'),
(106, 3, '8941', '2023-06-19 05:04:01', '2023-06-19 05:03:01', '2023-06-19 05:03:01'),
(107, 3, '9996', '2023-06-19 05:09:22', '2023-06-19 05:08:22', '2023-06-19 05:08:22'),
(108, 3, '7369', '2023-06-19 05:13:58', '2023-06-19 05:12:58', '2023-06-19 05:12:58'),
(109, 3, '1970', '2023-06-19 05:18:00', '2023-06-19 05:17:00', '2023-06-19 05:17:00'),
(110, 3, '7507', '2023-06-19 05:23:22', '2023-06-19 05:22:22', '2023-06-19 05:22:22'),
(111, 2, '7227', '2023-06-19 05:25:58', '2023-06-19 05:24:58', '2023-06-19 05:24:58'),
(112, 3, '9415', '2023-06-19 05:26:06', '2023-06-19 05:25:06', '2023-06-19 05:25:06'),
(113, 2, '6424', '2023-06-19 05:27:36', '2023-06-19 05:26:36', '2023-06-19 05:26:36'),
(114, 27, '6467', '2023-06-19 05:29:23', '2023-06-19 05:28:23', '2023-06-19 05:28:23'),
(115, 27, '5497', '2023-06-19 05:30:32', '2023-06-19 05:29:32', '2023-06-19 05:29:32'),
(116, 3, '9738', '2023-06-19 05:35:59', '2023-06-19 05:34:59', '2023-06-19 05:34:59'),
(117, 3, '5892', '2023-06-19 05:41:54', '2023-06-19 05:40:54', '2023-06-19 05:40:54'),
(118, 3, '7693', '2023-06-19 05:45:10', '2023-06-19 05:44:10', '2023-06-19 05:44:10'),
(119, 3, '6962', '2023-06-19 05:54:17', '2023-06-19 05:53:17', '2023-06-19 05:53:17'),
(120, 3, '2435', '2023-06-19 05:56:37', '2023-06-19 05:55:37', '2023-06-19 05:55:37'),
(121, 27, '5697', '2023-06-19 05:58:42', '2023-06-19 05:57:42', '2023-06-19 05:57:42'),
(122, 2, '4168', '2023-06-19 05:59:19', '2023-06-19 05:58:19', '2023-06-19 05:58:19'),
(123, 29, '6282', '2023-06-19 06:00:21', '2023-06-19 05:59:21', '2023-06-19 05:59:21'),
(124, 3, '7529', '2023-06-19 06:11:45', '2023-06-19 06:10:45', '2023-06-19 06:10:45'),
(125, 3, '4645', '2023-06-19 06:18:45', '2023-06-19 06:17:45', '2023-06-19 06:17:45'),
(126, 3, '9114', '2023-06-19 06:24:47', '2023-06-19 06:23:47', '2023-06-19 06:23:47'),
(127, 3, '7461', '2023-06-19 06:48:44', '2023-06-19 06:47:44', '2023-06-19 06:47:44'),
(128, 2, '9003', '2023-06-19 06:59:13', '2023-06-19 06:58:13', '2023-06-19 06:58:13'),
(129, 3, '5845', '2023-06-19 07:05:13', '2023-06-19 07:04:13', '2023-06-19 07:04:13'),
(130, 1, '3773', '2023-06-19 07:13:34', '2023-06-19 07:12:34', '2023-06-19 07:12:34'),
(131, 3, '5257', '2023-06-19 07:14:38', '2023-06-19 07:13:38', '2023-06-19 07:13:38'),
(132, 3, '1613', '2023-06-19 07:17:37', '2023-06-19 07:16:37', '2023-06-19 07:16:37'),
(133, 2, '8491', '2023-06-19 07:17:51', '2023-06-19 07:16:51', '2023-06-19 07:16:51'),
(134, 2, '9009', '2023-06-19 07:18:52', '2023-06-19 07:17:52', '2023-06-19 07:17:52'),
(135, 2, '7624', '2023-06-19 07:21:40', '2023-06-19 07:20:40', '2023-06-19 07:20:40'),
(136, 3, '5519', '2023-06-19 07:30:13', '2023-06-19 07:29:13', '2023-06-19 07:29:13'),
(137, 3, '2447', '2023-06-19 08:48:43', '2023-06-19 08:47:43', '2023-06-19 08:47:43'),
(138, 3, '7069', '2023-06-19 10:11:28', '2023-06-19 10:10:28', '2023-06-19 10:10:28'),
(139, 3, '8399', '2023-06-19 11:33:24', '2023-06-19 11:32:24', '2023-06-19 11:32:24'),
(140, 3, '3857', '2023-06-19 11:40:01', '2023-06-19 11:39:01', '2023-06-19 11:39:01'),
(141, 3, '2470', '2023-06-19 11:43:32', '2023-06-19 11:42:32', '2023-06-19 11:42:32'),
(142, 31, '6079', '2023-06-19 11:53:34', '2023-06-19 11:52:34', '2023-06-19 11:52:34'),
(143, 31, '3002', '2023-06-19 11:59:25', '2023-06-19 11:58:25', '2023-06-19 11:58:25'),
(144, 31, '9416', '2023-06-19 12:01:08', '2023-06-19 12:00:08', '2023-06-19 12:00:08'),
(145, 3, '2892', '2023-06-19 12:02:05', '2023-06-19 12:01:05', '2023-06-19 12:01:05'),
(146, 31, '3186', '2023-06-19 12:02:51', '2023-06-19 12:01:51', '2023-06-19 12:01:51'),
(147, 31, '9890', '2023-06-19 12:03:55', '2023-06-19 12:02:55', '2023-06-19 12:02:55'),
(148, 31, '3927', '2023-06-19 12:05:00', '2023-06-19 12:04:00', '2023-06-19 12:04:00'),
(149, 31, '2326', '2023-06-19 12:08:52', '2023-06-19 12:07:52', '2023-06-19 12:07:52'),
(150, 31, '9539', '2023-06-19 12:12:25', '2023-06-19 12:11:25', '2023-06-19 12:11:25'),
(151, 31, '9822', '2023-06-19 12:14:27', '2023-06-19 12:13:27', '2023-06-19 12:13:27'),
(152, 32, '5539', '2023-06-19 12:16:51', '2023-06-19 12:15:51', '2023-06-19 12:15:51'),
(153, 3, '7314', '2023-06-19 12:17:34', '2023-06-19 12:16:34', '2023-06-19 12:16:34'),
(154, 31, '6439', '2023-06-19 12:19:50', '2023-06-19 12:18:50', '2023-06-19 12:18:50'),
(155, 32, '7851', '2023-06-19 12:21:01', '2023-06-19 12:20:01', '2023-06-19 12:20:01'),
(156, 3, '8654', '2023-06-19 12:24:33', '2023-06-19 12:23:33', '2023-06-19 12:23:33'),
(157, 31, '4629', '2023-06-19 12:35:39', '2023-06-19 12:34:39', '2023-06-19 12:34:39'),
(158, 2, '9048', '2023-06-20 04:45:12', '2023-06-20 04:44:12', '2023-06-20 04:44:12'),
(159, 1, '8994', '2023-06-20 05:04:02', '2023-06-20 05:03:02', '2023-06-20 05:03:02'),
(160, 33, '8442', '2023-06-20 05:29:57', '2023-06-20 05:28:57', '2023-06-20 05:28:57'),
(161, 33, '4957', '2023-06-20 05:31:35', '2023-06-20 05:30:35', '2023-06-20 05:30:35'),
(162, 3, '9341', '2023-06-20 06:46:41', '2023-06-20 06:45:41', '2023-06-20 06:45:41'),
(163, 34, '5063', '2023-06-20 08:39:11', '2023-06-20 08:38:11', '2023-06-20 08:38:11'),
(164, 3, '3293', '2023-06-20 08:40:02', '2023-06-20 08:39:02', '2023-06-20 08:39:02'),
(165, 3, '3802', '2023-06-20 09:19:36', '2023-06-20 09:18:36', '2023-06-20 09:18:36'),
(166, 3, '5058', '2023-06-20 09:29:26', '2023-06-20 09:28:26', '2023-06-20 09:28:26'),
(167, 34, '1817', '2023-06-20 10:04:36', '2023-06-20 10:03:36', '2023-06-20 10:03:36'),
(168, 3, '3577', '2023-06-20 10:24:34', '2023-06-20 10:23:34', '2023-06-20 10:23:34'),
(169, 34, '5620', '2023-06-20 10:39:57', '2023-06-20 10:38:57', '2023-06-20 10:38:57'),
(170, 34, '7756', '2023-06-20 10:46:38', '2023-06-20 10:45:38', '2023-06-20 10:45:38'),
(171, 34, '7364', '2023-06-20 11:48:09', '2023-06-20 11:47:09', '2023-06-20 11:47:09'),
(172, 34, '6968', '2023-06-20 11:49:14', '2023-06-20 11:48:14', '2023-06-20 11:48:14'),
(173, 34, '4909', '2023-06-20 11:51:50', '2023-06-20 11:50:50', '2023-06-20 11:50:50'),
(174, 34, '4530', '2023-06-20 11:52:59', '2023-06-20 11:51:59', '2023-06-20 11:51:59'),
(175, 34, '8905', '2023-06-20 11:56:17', '2023-06-20 11:55:17', '2023-06-20 11:55:17'),
(176, 3, '8070', '2023-06-20 12:43:24', '2023-06-20 12:42:24', '2023-06-20 12:42:24'),
(177, 2, '5236', '2023-06-21 04:16:57', '2023-06-21 04:15:57', '2023-06-21 04:15:57'),
(178, 2, '3242', '2023-06-21 04:34:35', '2023-06-21 04:33:35', '2023-06-21 04:33:35'),
(179, 2, '6579', '2023-06-21 05:09:45', '2023-06-21 05:08:45', '2023-06-21 05:08:45'),
(180, 2, '2942', '2023-06-21 07:03:21', '2023-06-21 07:02:21', '2023-06-21 07:02:21'),
(181, 2, '5133', '2023-06-21 07:12:25', '2023-06-21 07:11:25', '2023-06-21 07:11:25'),
(182, 3, '3310', '2023-06-21 08:40:50', '2023-06-21 08:39:50', '2023-06-21 08:39:50'),
(183, 3, '9468', '2023-06-21 08:48:47', '2023-06-21 08:47:47', '2023-06-21 08:47:47'),
(184, 2, '9485', '2023-06-21 08:49:40', '2023-06-21 08:48:40', '2023-06-21 08:48:40'),
(185, 2, '8370', '2023-06-21 08:51:48', '2023-06-21 08:50:48', '2023-06-21 08:50:48'),
(186, 2, '2486', '2023-06-21 08:55:17', '2023-06-21 08:54:17', '2023-06-21 08:54:17'),
(187, 3, '7294', '2023-06-21 08:57:10', '2023-06-21 08:56:10', '2023-06-21 08:56:10'),
(188, 2, '9315', '2023-06-21 08:59:54', '2023-06-21 08:58:54', '2023-06-21 08:58:54'),
(189, 3, '2478', '2023-06-21 09:00:42', '2023-06-21 08:59:42', '2023-06-21 08:59:42'),
(190, 3, '1467', '2023-06-21 09:04:09', '2023-06-21 09:03:09', '2023-06-21 09:03:09'),
(191, 2, '6575', '2023-06-21 09:40:21', '2023-06-21 09:39:21', '2023-06-21 09:39:21'),
(192, 2, '7735', '2023-06-21 10:01:52', '2023-06-21 10:00:52', '2023-06-21 10:00:52'),
(193, 3, '6559', '2023-06-21 10:09:42', '2023-06-21 10:08:42', '2023-06-21 10:08:42'),
(194, 3, '2038', '2023-06-21 10:18:58', '2023-06-21 10:17:58', '2023-06-21 10:17:58'),
(195, 2, '7582', '2023-06-21 11:24:50', '2023-06-21 11:23:50', '2023-06-21 11:23:50'),
(196, 3, '8875', '2023-06-21 11:26:48', '2023-06-21 11:25:48', '2023-06-21 11:25:48'),
(197, 3, '2549', '2023-06-21 11:38:22', '2023-06-21 11:37:22', '2023-06-21 11:37:22'),
(198, 2, '3800', '2023-06-22 04:46:58', '2023-06-22 04:45:58', '2023-06-22 04:45:58'),
(199, 2, '8899', '2023-06-22 04:48:39', '2023-06-22 04:47:39', '2023-06-22 04:47:39'),
(200, 2, '7075', '2023-06-22 05:09:57', '2023-06-22 05:08:57', '2023-06-22 05:08:57'),
(201, 2, '4325', '2023-06-22 05:40:20', '2023-06-22 05:39:20', '2023-06-22 05:39:20'),
(202, 2, '1550', '2023-06-22 05:46:03', '2023-06-22 05:45:03', '2023-06-22 05:45:03'),
(203, 3, '3036', '2023-06-22 06:22:20', '2023-06-22 06:21:20', '2023-06-22 06:21:20'),
(204, 2, '8927', '2023-06-22 06:24:13', '2023-06-22 06:23:13', '2023-06-22 06:23:13'),
(205, 2, '3049', '2023-06-22 06:46:01', '2023-06-22 06:45:01', '2023-06-22 06:45:01'),
(206, 2, '9731', '2023-06-22 06:50:00', '2023-06-22 06:49:00', '2023-06-22 06:49:00'),
(207, 2, '5462', '2023-06-22 07:00:05', '2023-06-22 06:59:05', '2023-06-22 06:59:05'),
(208, 2, '8100', '2023-06-22 08:34:51', '2023-06-22 08:33:51', '2023-06-22 08:33:51'),
(209, 2, '6663', '2023-06-22 08:38:13', '2023-06-22 08:37:13', '2023-06-22 08:37:13'),
(210, 2, '8777', '2023-06-22 09:18:12', '2023-06-22 09:17:12', '2023-06-22 09:17:12'),
(211, 2, '6607', '2023-06-22 09:26:50', '2023-06-22 09:25:50', '2023-06-22 09:25:50'),
(212, 2, '9962', '2023-06-22 09:44:58', '2023-06-22 09:43:58', '2023-06-22 09:43:58'),
(213, 2, '4039', '2023-06-22 09:49:03', '2023-06-22 09:48:03', '2023-06-22 09:48:03'),
(214, 2, '7932', '2023-06-22 09:51:26', '2023-06-22 09:50:26', '2023-06-22 09:50:26'),
(215, 2, '6000', '2023-06-22 10:01:46', '2023-06-22 10:00:46', '2023-06-22 10:00:46'),
(216, 2, '5123', '2023-06-22 10:06:13', '2023-06-22 10:05:13', '2023-06-22 10:05:13'),
(217, 2, '3703', '2023-06-22 10:20:48', '2023-06-22 10:19:48', '2023-06-22 10:19:48'),
(218, 2, '3692', '2023-06-22 10:46:52', '2023-06-22 10:45:52', '2023-06-22 10:45:52'),
(219, 2, '8278', '2023-06-22 10:52:43', '2023-06-22 10:51:43', '2023-06-22 10:51:43'),
(220, 2, '2569', '2023-06-22 11:04:09', '2023-06-22 11:03:09', '2023-06-22 11:03:09'),
(221, 2, '8566', '2023-06-22 11:20:13', '2023-06-22 11:19:13', '2023-06-22 11:19:13'),
(222, 2, '4453', '2023-06-22 11:23:36', '2023-06-22 11:22:36', '2023-06-22 11:22:36'),
(223, 2, '2198', '2023-06-22 11:27:57', '2023-06-22 11:26:57', '2023-06-22 11:26:57'),
(224, 2, '4600', '2023-06-22 11:29:03', '2023-06-22 11:28:03', '2023-06-22 11:28:03'),
(225, 2, '1615', '2023-06-22 11:30:33', '2023-06-22 11:29:33', '2023-06-22 11:29:33'),
(226, 2, '3309', '2023-06-22 11:40:03', '2023-06-22 11:39:03', '2023-06-22 11:39:03'),
(227, 2, '8771', '2023-06-22 11:46:05', '2023-06-22 11:45:05', '2023-06-22 11:45:05'),
(228, 2, '1277', '2023-06-22 11:48:44', '2023-06-22 11:47:44', '2023-06-22 11:47:44'),
(229, 2, '9032', '2023-06-22 11:52:40', '2023-06-22 11:51:40', '2023-06-22 11:51:40'),
(230, 2, '8425', '2023-06-22 12:01:45', '2023-06-22 12:00:45', '2023-06-22 12:00:45'),
(231, 2, '4923', '2023-06-22 12:04:15', '2023-06-22 12:03:15', '2023-06-22 12:03:15'),
(232, 2, '1351', '2023-06-22 12:06:02', '2023-06-22 12:05:02', '2023-06-22 12:05:02'),
(233, 2, '5155', '2023-06-22 12:08:54', '2023-06-22 12:07:54', '2023-06-22 12:07:54'),
(234, 2, '1591', '2023-06-22 12:13:00', '2023-06-22 12:12:00', '2023-06-22 12:12:00'),
(235, 2, '1336', '2023-06-22 12:32:28', '2023-06-22 12:31:28', '2023-06-22 12:31:28'),
(236, 3, '1662', '2023-06-22 13:25:15', '2023-06-22 13:24:15', '2023-06-22 13:24:15'),
(237, 2, '3813', '2023-06-23 03:52:06', '2023-06-23 03:51:06', '2023-06-23 03:51:06'),
(238, 2, '5050', '2023-06-23 04:14:08', '2023-06-23 04:13:08', '2023-06-23 04:13:08'),
(239, 2, '8595', '2023-06-23 04:23:21', '2023-06-23 04:22:21', '2023-06-23 04:22:21'),
(240, 3, '6843', '2023-06-23 04:25:51', '2023-06-23 04:24:51', '2023-06-23 04:24:51'),
(241, 3, '4725', '2023-06-23 04:27:40', '2023-06-23 04:26:40', '2023-06-23 04:26:40'),
(242, 2, '9666', '2023-06-23 04:28:19', '2023-06-23 04:27:19', '2023-06-23 04:27:19'),
(243, 3, '5670', '2023-06-23 04:41:53', '2023-06-23 04:40:53', '2023-06-23 04:40:53'),
(244, 2, '6739', '2023-06-23 04:47:37', '2023-06-23 04:46:37', '2023-06-23 04:46:37'),
(245, 3, '5366', '2023-06-23 05:00:16', '2023-06-23 04:59:16', '2023-06-23 04:59:16'),
(246, 2, '8123', '2023-06-23 05:18:27', '2023-06-23 05:17:27', '2023-06-23 05:17:27'),
(247, 2, '5288', '2023-06-23 05:35:42', '2023-06-23 05:34:42', '2023-06-23 05:34:42'),
(248, 2, '8099', '2023-06-23 05:43:58', '2023-06-23 05:42:58', '2023-06-23 05:42:58'),
(249, 2, '4521', '2023-06-23 06:02:20', '2023-06-23 06:01:20', '2023-06-23 06:01:20'),
(250, 2, '5474', '2023-06-23 06:24:12', '2023-06-23 06:23:12', '2023-06-23 06:23:12'),
(251, 3, '9541', '2023-06-23 06:26:29', '2023-06-23 06:25:29', '2023-06-23 06:25:29'),
(252, 3, '8493', '2023-06-23 06:49:28', '2023-06-23 06:48:28', '2023-06-23 06:48:28'),
(253, 3, '6719', '2023-06-23 06:59:20', '2023-06-23 06:58:20', '2023-06-23 06:58:20'),
(254, 2, '3707', '2023-06-23 07:24:41', '2023-06-23 07:23:41', '2023-06-23 07:23:41'),
(255, 2, '8618', '2023-06-23 08:36:02', '2023-06-23 08:35:02', '2023-06-23 08:35:02'),
(256, 3, '3021', '2023-06-23 08:36:13', '2023-06-23 08:35:13', '2023-06-23 08:35:13'),
(257, 2, '6790', '2023-06-23 08:37:12', '2023-06-23 08:36:12', '2023-06-23 08:36:12'),
(258, 2, '2885', '2023-06-23 08:38:59', '2023-06-23 08:37:59', '2023-06-23 08:37:59'),
(259, 3, '6887', '2023-06-23 09:35:59', '2023-06-23 09:35:00', '2023-06-23 09:35:00'),
(260, 1, '8437', '2023-06-23 09:38:43', '2023-06-23 09:37:43', '2023-06-23 09:37:43'),
(261, 3, '6432', '2023-06-23 09:39:14', '2023-06-23 09:38:14', '2023-06-23 09:38:14'),
(262, 3, '8793', '2023-06-26 12:14:45', '2023-06-26 12:13:45', '2023-06-26 12:13:45'),
(263, 2, '9420', '2023-06-26 12:15:11', '2023-06-26 12:14:11', '2023-06-26 12:14:11'),
(264, 3, '2483', '2023-06-26 12:22:44', '2023-06-26 12:21:44', '2023-06-26 12:21:44'),
(265, 36, '6654', '2023-06-27 04:24:01', '2023-06-27 04:23:01', '2023-06-27 04:23:01'),
(266, 36, '3165', '2023-06-27 04:29:29', '2023-06-27 04:28:29', '2023-06-27 04:28:29'),
(267, 36, '7859', '2023-06-27 04:56:07', '2023-06-27 04:55:07', '2023-06-27 04:55:07'),
(268, 36, '6124', '2023-06-27 04:57:23', '2023-06-27 04:56:23', '2023-06-27 04:56:23'),
(269, 2, '5996', '2023-06-27 05:00:00', '2023-06-27 04:59:00', '2023-06-27 04:59:00'),
(270, 36, '4448', '2023-06-27 05:29:08', '2023-06-27 05:28:08', '2023-06-27 05:28:08'),
(271, 36, '1357', '2023-06-27 06:06:49', '2023-06-27 06:05:49', '2023-06-27 06:05:49'),
(272, 36, '3020', '2023-06-27 06:16:56', '2023-06-27 06:15:56', '2023-06-27 06:15:56'),
(273, 2, '7718', '2023-06-27 06:20:08', '2023-06-27 06:19:08', '2023-06-27 06:19:08'),
(274, 37, '7525', '2023-06-27 06:28:46', '2023-06-27 06:27:46', '2023-06-27 06:27:46'),
(275, 37, '5272', '2023-06-27 06:31:21', '2023-06-27 06:30:21', '2023-06-27 06:30:21'),
(276, 37, '9213', '2023-06-27 06:43:17', '2023-06-27 06:42:17', '2023-06-27 06:42:17'),
(277, 2, '2442', '2023-06-27 06:45:20', '2023-06-27 06:44:20', '2023-06-27 06:44:20'),
(278, 36, '2419', '2023-06-27 06:47:28', '2023-06-27 06:46:28', '2023-06-27 06:46:28'),
(279, 36, '4776', '2023-06-27 06:48:55', '2023-06-27 06:47:55', '2023-06-27 06:47:55'),
(280, 36, '2877', '2023-06-27 06:53:12', '2023-06-27 06:52:12', '2023-06-27 06:52:12'),
(281, 37, '6380', '2023-06-27 06:57:37', '2023-06-27 06:56:37', '2023-06-27 06:56:37'),
(282, 2, '5884', '2023-06-27 06:59:30', '2023-06-27 06:58:30', '2023-06-27 06:58:30'),
(283, 2, '2480', '2023-06-27 07:01:54', '2023-06-27 07:00:54', '2023-06-27 07:00:54'),
(284, 2, '1681', '2023-06-27 07:04:18', '2023-06-27 07:03:18', '2023-06-27 07:03:18'),
(285, 2, '6731', '2023-06-27 07:06:10', '2023-06-27 07:05:10', '2023-06-27 07:05:10'),
(286, 36, '5945', '2023-06-27 07:08:16', '2023-06-27 07:07:16', '2023-06-27 07:07:16'),
(287, 36, '4424', '2023-06-27 07:14:44', '2023-06-27 07:13:44', '2023-06-27 07:13:44'),
(288, 36, '2587', '2023-06-27 07:38:49', '2023-06-27 07:37:49', '2023-06-27 07:37:49'),
(289, 4, '8791', '2023-06-27 08:30:31', '2023-06-27 08:29:31', '2023-06-27 08:29:31'),
(290, 4, '1250', '2023-06-27 08:36:56', '2023-06-27 08:35:56', '2023-06-27 08:35:56'),
(291, 7, '9138', '2023-06-27 08:46:04', '2023-06-27 08:45:04', '2023-06-27 08:45:04'),
(292, 36, '9432', '2023-06-27 08:58:45', '2023-06-27 08:57:45', '2023-06-27 08:57:45'),
(293, 4, '5205', '2023-06-27 09:16:36', '2023-06-27 09:15:36', '2023-06-27 09:15:36'),
(294, 36, '1640', '2023-06-27 09:34:24', '2023-06-27 09:33:24', '2023-06-27 09:33:24'),
(295, 36, '3023', '2023-06-27 09:44:07', '2023-06-27 09:43:07', '2023-06-27 09:43:07'),
(296, 4, '7640', '2023-06-27 12:10:22', '2023-06-27 12:09:22', '2023-06-27 12:09:22'),
(297, 4, '5950', '2023-06-27 12:13:49', '2023-06-27 12:12:49', '2023-06-27 12:12:49'),
(298, 4, '5006', '2023-06-27 12:22:01', '2023-06-27 12:21:01', '2023-06-27 12:21:01'),
(299, 36, '9840', '2023-06-28 07:28:24', '2023-06-28 07:27:24', '2023-06-28 07:27:24'),
(300, 1, '2083', '2023-06-29 05:58:08', '2023-06-29 05:57:08', '2023-06-29 05:57:08'),
(301, 36, '9121', '2023-06-29 08:58:57', '2023-06-29 08:57:57', '2023-06-29 08:57:57'),
(302, 36, '6688', '2023-06-29 10:29:36', '2023-06-29 10:28:36', '2023-06-29 10:28:36'),
(303, 36, '4064', '2023-06-29 11:56:57', '2023-06-29 11:55:57', '2023-06-29 11:55:57'),
(304, 39, '1510', '2023-06-30 06:47:01', '2023-06-30 06:46:01', '2023-06-30 06:46:01'),
(305, 39, '6498', '2023-06-30 06:51:37', '2023-06-30 06:50:37', '2023-06-30 06:50:37'),
(306, 39, '2300', '2023-06-30 06:52:46', '2023-06-30 06:51:46', '2023-06-30 06:51:46'),
(307, 39, '6597', '2023-06-30 07:22:30', '2023-06-30 07:21:30', '2023-06-30 07:21:30'),
(308, 39, '3641', '2023-06-30 07:45:11', '2023-06-30 07:44:11', '2023-06-30 07:44:11'),
(309, 36, '7597', '2023-07-01 05:40:58', '2023-07-01 05:39:58', '2023-07-01 05:39:58'),
(310, 36, '6359', '2023-07-01 06:51:05', '2023-07-01 06:50:05', '2023-07-01 06:50:05'),
(311, 45, '9641', '2023-07-01 06:58:12', '2023-07-01 06:57:12', '2023-07-01 06:57:12'),
(312, 3, '2401', '2023-07-01 07:02:40', '2023-07-01 07:01:40', '2023-07-01 07:01:40'),
(313, 3, '6132', '2023-07-01 07:04:23', '2023-07-01 07:03:23', '2023-07-01 07:03:23'),
(314, 3, '3153', '2023-07-01 07:16:19', '2023-07-01 07:15:19', '2023-07-01 07:15:19'),
(315, 3, '4582', '2023-07-01 07:19:15', '2023-07-01 07:18:15', '2023-07-01 07:18:15'),
(316, 3, '7809', '2023-07-01 07:29:01', '2023-07-01 07:28:01', '2023-07-01 07:28:01'),
(317, 3, '8941', '2023-07-01 07:41:09', '2023-07-01 07:40:09', '2023-07-01 07:40:09'),
(318, 3, '9752', '2023-07-01 07:43:05', '2023-07-01 07:42:05', '2023-07-01 07:42:05'),
(319, 1, '3996', '2023-07-04 05:34:28', '2023-07-04 05:33:28', '2023-07-04 05:33:28'),
(320, 1, '9711', '2023-07-06 04:48:11', '2023-07-06 04:47:11', '2023-07-06 04:47:11'),
(321, 46, '5675', '2023-07-06 04:50:19', '2023-07-06 04:49:19', '2023-07-06 04:49:19'),
(322, 1, '9990', '2023-07-06 04:54:02', '2023-07-06 04:53:02', '2023-07-06 04:53:02'),
(323, 41, '6147', '2023-07-06 04:55:59', '2023-07-06 04:54:59', '2023-07-06 04:54:59'),
(324, 41, '2327', '2023-07-06 04:58:40', '2023-07-06 04:57:40', '2023-07-06 04:57:40'),
(325, 50, '4850', '2023-07-06 05:51:47', '2023-07-06 05:50:47', '2023-07-06 05:50:47'),
(326, 41, '6587', '2023-07-06 06:01:58', '2023-07-06 06:00:58', '2023-07-06 06:00:58'),
(327, 41, '8408', '2023-07-06 06:05:08', '2023-07-06 06:04:08', '2023-07-06 06:04:08'),
(328, 41, '2912', '2023-07-06 06:09:30', '2023-07-06 06:08:30', '2023-07-06 06:08:30'),
(329, 41, '2637', '2023-07-06 06:33:11', '2023-07-06 06:32:11', '2023-07-06 06:32:11'),
(330, 41, '6099', '2023-07-06 07:04:46', '2023-07-06 07:03:46', '2023-07-06 07:03:46'),
(331, 3, '9395', '2023-07-06 07:41:02', '2023-07-06 07:40:02', '2023-07-06 07:40:02'),
(332, 3, '5449', '2023-07-06 07:47:29', '2023-07-06 07:46:29', '2023-07-06 07:46:29'),
(333, 3, '7784', '2023-07-06 08:45:51', '2023-07-06 08:44:51', '2023-07-06 08:44:51'),
(334, 3, '7280', '2023-07-06 08:49:28', '2023-07-06 08:48:28', '2023-07-06 08:48:28'),
(335, 50, '2670', '2023-07-06 09:10:29', '2023-07-06 09:09:29', '2023-07-06 09:09:29'),
(336, 56, '7927', '2023-07-06 09:17:32', '2023-07-06 09:16:32', '2023-07-06 09:16:32'),
(337, 41, '7472', '2023-07-06 09:20:44', '2023-07-06 09:19:44', '2023-07-06 09:19:44'),
(338, 41, '4620', '2023-07-06 10:22:12', '2023-07-06 10:21:12', '2023-07-06 10:21:12'),
(339, 41, '8300', '2023-07-06 10:47:27', '2023-07-06 10:46:27', '2023-07-06 10:46:27'),
(340, 50, '7826', '2023-07-06 10:50:42', '2023-07-06 10:49:42', '2023-07-06 10:49:42'),
(341, 50, '3220', '2023-07-06 10:54:50', '2023-07-06 10:53:50', '2023-07-06 10:53:50'),
(342, 41, '3089', '2023-07-06 11:18:09', '2023-07-06 11:17:09', '2023-07-06 11:17:09'),
(343, 3, '6849', '2023-07-06 12:25:40', '2023-07-06 12:24:40', '2023-07-06 12:24:40'),
(344, 3, '4382', '2023-07-07 04:02:14', '2023-07-07 04:01:14', '2023-07-07 04:01:14'),
(345, 3, '4047', '2023-07-07 04:05:01', '2023-07-07 04:04:01', '2023-07-07 04:04:01'),
(346, 3, '2796', '2023-07-07 04:40:29', '2023-07-07 04:39:29', '2023-07-07 04:39:29'),
(347, 41, '5652', '2023-07-07 04:58:04', '2023-07-07 04:57:04', '2023-07-07 04:57:04'),
(348, 57, '3612', '2023-07-07 04:59:48', '2023-07-07 04:58:48', '2023-07-07 04:58:48'),
(349, 57, '9634', '2023-07-07 05:00:49', '2023-07-07 04:59:49', '2023-07-07 04:59:49'),
(350, 57, '9690', '2023-07-07 05:10:08', '2023-07-07 05:09:08', '2023-07-07 05:09:08'),
(351, 41, '5059', '2023-07-07 05:15:21', '2023-07-07 05:14:21', '2023-07-07 05:14:21'),
(352, 1, '4837', '2023-07-07 05:23:06', '2023-07-07 05:22:06', '2023-07-07 05:22:06'),
(353, 41, '2480', '2023-07-07 05:27:36', '2023-07-07 05:26:36', '2023-07-07 05:26:36'),
(354, 41, '2036', '2023-07-07 05:41:42', '2023-07-07 05:40:42', '2023-07-07 05:40:42'),
(355, 57, '5212', '2023-07-07 05:44:53', '2023-07-07 05:43:53', '2023-07-07 05:43:53'),
(356, 41, '6343', '2023-07-07 05:45:50', '2023-07-07 05:44:50', '2023-07-07 05:44:50'),
(357, 2, '5085', '2023-07-07 05:46:57', '2023-07-07 05:45:57', '2023-07-07 05:45:57'),
(358, 41, '3534', '2023-07-07 05:46:58', '2023-07-07 05:45:58', '2023-07-07 05:45:58'),
(359, 57, '2261', '2023-07-07 06:00:15', '2023-07-07 05:59:15', '2023-07-07 05:59:15'),
(360, 57, '1716', '2023-07-07 06:14:21', '2023-07-07 06:13:21', '2023-07-07 06:13:21'),
(361, 57, '7325', '2023-07-07 06:18:12', '2023-07-07 06:17:12', '2023-07-07 06:17:12'),
(362, 57, '3412', '2023-07-07 06:42:37', '2023-07-07 06:41:37', '2023-07-07 06:41:37'),
(363, 2, '9102', '2023-07-07 08:42:28', '2023-07-07 08:41:28', '2023-07-07 08:41:28'),
(364, 3, '4142', '2023-07-07 09:01:26', '2023-07-07 09:00:26', '2023-07-07 09:00:26'),
(365, 57, '5364', '2023-07-07 09:05:35', '2023-07-07 09:04:35', '2023-07-07 09:04:35'),
(366, 57, '8011', '2023-07-07 09:42:52', '2023-07-07 09:41:52', '2023-07-07 09:41:52'),
(367, 57, '1317', '2023-07-07 11:32:13', '2023-07-07 11:31:13', '2023-07-07 11:31:13'),
(368, 3, '9886', '2023-07-07 11:47:05', '2023-07-07 11:46:05', '2023-07-07 11:46:05'),
(369, 3, '1247', '2023-07-07 12:04:58', '2023-07-07 12:03:58', '2023-07-07 12:03:58'),
(370, 41, '8940', '2023-07-07 12:14:03', '2023-07-07 12:13:03', '2023-07-07 12:13:03'),
(371, 57, '2522', '2023-07-07 12:20:59', '2023-07-07 12:19:59', '2023-07-07 12:19:59'),
(372, 2, '3092', '2023-07-08 04:40:17', '2023-07-08 04:39:17', '2023-07-08 04:39:17'),
(373, 2, '3179', '2023-07-08 04:47:59', '2023-07-08 04:46:59', '2023-07-08 04:46:59'),
(374, 2, '4256', '2023-07-08 08:39:56', '2023-07-08 08:38:56', '2023-07-08 08:38:56'),
(375, 57, '2255', '2023-07-08 09:22:05', '2023-07-08 09:21:05', '2023-07-08 09:21:05'),
(376, 2, '2883', '2023-07-08 09:27:04', '2023-07-08 09:26:04', '2023-07-08 09:26:04'),
(377, 2, '7644', '2023-07-08 10:12:48', '2023-07-08 10:11:48', '2023-07-08 10:11:48'),
(378, 2, '4988', '2023-07-08 10:26:13', '2023-07-08 10:25:13', '2023-07-08 10:25:13'),
(379, 6, '1755', '2023-07-08 11:38:02', '2023-07-08 11:37:02', '2023-07-08 11:37:02'),
(380, 33, '3347', '2023-07-08 11:57:43', '2023-07-08 11:56:43', '2023-07-08 11:56:43'),
(381, 2, '8981', '2023-07-08 12:09:02', '2023-07-08 12:08:02', '2023-07-08 12:08:02'),
(382, 3, '1660', '2023-07-10 04:43:04', '2023-07-10 04:42:04', '2023-07-10 04:42:04'),
(383, 41, '4970', '2023-07-10 04:52:41', '2023-07-10 04:51:41', '2023-07-10 04:51:41'),
(384, 57, '7167', '2023-07-10 04:55:24', '2023-07-10 04:54:24', '2023-07-10 04:54:24'),
(385, 3, '9303', '2023-07-10 05:31:32', '2023-07-10 05:30:32', '2023-07-10 05:30:32'),
(386, 3, '8680', '2023-07-10 05:34:48', '2023-07-10 05:33:48', '2023-07-10 05:33:48'),
(387, 59, '9864', '2023-07-10 05:39:49', '2023-07-10 05:38:49', '2023-07-10 05:38:49'),
(388, 3, '7497', '2023-07-10 05:54:48', '2023-07-10 05:53:48', '2023-07-10 05:53:48'),
(389, 59, '2504', '2023-07-10 06:12:34', '2023-07-10 06:11:34', '2023-07-10 06:11:34'),
(390, 59, '6999', '2023-07-10 06:52:51', '2023-07-10 06:51:51', '2023-07-10 06:51:51'),
(391, 59, '3685', '2023-07-10 07:02:59', '2023-07-10 07:01:59', '2023-07-10 07:01:59'),
(392, 3, '6798', '2023-07-10 07:04:06', '2023-07-10 07:03:06', '2023-07-10 07:03:06'),
(393, 59, '5162', '2023-07-10 07:06:01', '2023-07-10 07:05:01', '2023-07-10 07:05:01'),
(394, 3, '8150', '2023-07-10 07:18:03', '2023-07-10 07:17:03', '2023-07-10 07:17:03'),
(395, 60, '6930', '2023-07-10 07:19:03', '2023-07-10 07:18:03', '2023-07-10 07:18:03');

-- --------------------------------------------------------

--
-- Table structure for table `user_points`
--

CREATE TABLE `user_points` (
  `id` bigint(20) UNSIGNED NOT NULL,
  `user_id` bigint(20) UNSIGNED NOT NULL,
  `total_point` bigint(20) UNSIGNED NOT NULL,
  `created_at` timestamp NULL DEFAULT NULL,
  `updated_at` timestamp NULL DEFAULT NULL
) ENGINE=InnoDB DEFAULT CHARSET=utf8mb4 COLLATE=utf8mb4_unicode_ci;

--
-- Dumping data for table `user_points`
--

INSERT INTO `user_points` (`id`, `user_id`, `total_point`, `created_at`, `updated_at`) VALUES
(1, 2, 1547, '2023-06-23 04:15:23', '2023-07-08 12:10:08'),
(2, 3, 1170, '2023-06-23 09:28:03', '2023-07-06 11:16:56'),
(3, 1, 19, '2023-06-23 09:28:13', '2023-06-23 09:33:37'),
(4, 36, 198, '2023-06-27 07:36:55', '2023-07-01 05:44:12'),
(5, 4, 85, '2023-06-27 08:35:01', '2023-06-27 12:21:25'),
(6, 39, 0, '2023-06-30 06:57:30', '2023-06-30 07:00:00'),
(7, 46, 100, '2023-07-06 04:54:13', '2023-07-06 04:54:13'),
(9, 40, 220, '2023-07-06 11:26:32', '2023-07-06 11:45:59'),
(10, 57, 38, '2023-07-07 04:51:14', '2023-07-08 10:10:11');

-- --------------------------------------------------------

--
-- Table structure for table `verification_codes`
--

CREATE TABLE `verification_codes` (
  `id` bigint(20) UNSIGNED NOT NULL,
  `user_id` bigint(20) NOT NULL,
  `otp` varchar(255) NOT NULL,
  `expire_at` timestamp NULL DEFAULT NULL,
  `created_at` timestamp NULL DEFAULT NULL,
  `updated_at` timestamp NULL DEFAULT NULL
) ENGINE=InnoDB DEFAULT CHARSET=utf8mb4 COLLATE=utf8mb4_unicode_ci;

-- --------------------------------------------------------

--
-- Table structure for table `videos`
--

CREATE TABLE `videos` (
  `id` bigint(20) UNSIGNED NOT NULL,
  `title` varchar(255) DEFAULT NULL,
  `desc` text DEFAULT NULL,
  `category` bigint(20) DEFAULT NULL,
  `video_link` varchar(255) DEFAULT NULL,
  `video_path` varchar(255) DEFAULT NULL,
  `file` varchar(255) DEFAULT NULL,
  `user_type` bigint(20) DEFAULT NULL,
  `status` bigint(20) DEFAULT NULL,
  `order` bigint(20) DEFAULT NULL,
  `created_at` timestamp NULL DEFAULT NULL,
  `updated_at` timestamp NULL DEFAULT NULL
) ENGINE=InnoDB DEFAULT CHARSET=utf8mb4 COLLATE=utf8mb4_unicode_ci;

--
-- Dumping data for table `videos`
--

INSERT INTO `videos` (`id`, `title`, `desc`, `category`, `video_link`, `video_path`, `file`, `user_type`, `status`, `order`, `created_at`, `updated_at`) VALUES
(1, 'video testing', 'Pexels Videos makes it easy to find free stock footage for your website, promo video or anything else. All videos are free for personal and', 4, 'https://www.pexels.com', 'video/1688550828.mp4', 'E:\\xampp\\tmp\\php9FD1.tmp', 2, 1, 2, '2023-06-19 10:06:46', '2023-07-05 10:06:47'),
(3, 'What is coverage and what are the different types of coverage techniques?', 'The parameter used in software testing to describe the extent to which the source code is tested is known as coverage. There are three basic types of coverage techniques and they are:\r\n\r\nStatement coverage: It ensures that each line of source code has been executed and tested.\r\nDecision coverage: It assures that every decision (true/false) in the source code has been executed and tested.', 6, NULL, 'dfg', '0', 3, 1, 2, '2023-06-19 10:10:55', '2023-07-06 12:30:03'),
(4, 'tttwiue', 'ykotkyprktkyrtooo', NULL, 'rgu', 'dfg', '0', 3, 1, NULL, '2023-06-19 10:12:12', '2023-06-19 10:12:12'),
(5, 't', 'ykotkyprktkyrtooo', NULL, 'rgu', 'dfg', '0', 3, NULL, NULL, '2023-06-19 10:13:16', '2023-06-19 10:13:16'),
(8, 'tttrws', 'ykotkyprktkyrtooo', 1, 'rgu', 'dfg', '0', 3, 1, 2, '2023-06-19 10:41:40', '2023-06-19 10:41:40'),
(9, 'tttrwsd', 'ykotkyprktkyrtooo', 1, 'rgu', 'dfg', '0', 3, 1, NULL, '2023-06-19 10:42:36', '2023-06-19 10:42:36'),
(11, 'fg', 'sdfdsfv', 3, 'uuhy', 'yuguyg', '0', 3, 1, 2, '2023-06-21 12:32:28', '2023-06-21 12:32:28'),
(12, 'fghynhjjjyh', 'sdfdsfv', 3, 'uuhy', 'yuguyg', '0', 3, 1, 2, '2023-06-21 12:34:08', '2023-06-21 12:34:08'),
(13, 'testingg', 'ddf', 1, 'df', 'sdfff', '0', 3, 5, 3, '2023-06-22 06:28:19', '2023-06-22 06:28:19'),
(14, 'testing', 'ddf', 3, 'X2j1D9tifI8', 'sdfff', '0', 3, 5, 3, '2023-06-22 07:20:34', '2023-07-10 07:34:27'),
(15, 'testinggh', 'ddf', 4, 'df', 'sdfff', '0', 2, 4, 3, '2023-06-22 07:24:57', '2023-06-22 07:24:57'),
(19, 'Ram Siya ji() Adipurush | Prabhas | Sachet-Parampara,Manoj Muntashir S |Om Raut | Bhushan K', 's, placing emphasis on a fresh push for domestic defence equipment production. The Ministry of Defence has set a goal to reach a revenue of Rs 1.75 lakh crore in aerospace and defence goods and services by 2024 under the “Make in India” initiative. The Indian Army recently signed its first contract for Rs 96 crore with Anadron Systems Pvt Ltd under Make-II for Maneuverable', 3, 'https://youtu.be/FxZwOL766iY', 'jj', '0', 4, 1, 1, '2023-06-27 06:12:09', '2023-06-27 06:12:09'),
(20, 'Ram Siya ji() Adipurush | Prabhas | Sachet-Parampara,Manoj Muntashir S |Om Raut | Bhushan', 's, placing emphasis on a fresh push for domestic defence equipment production. The Ministry of Defence has set a goal to reach a revenue of Rs 1.75 lakh crore in aerospace and defence goods and services by 2024 under the “Make in India” initiative. The Indian Army recently signed its first contract for Rs 96 crore with Anadron Systems Pvt Ltd under Make-II for Maneuverable', 3, 'https://www.youtube.com/watch?v=FxZwOL766iY&feature=youtu.be', 'jj', '0', 4, 1, 1, '2023-06-27 06:14:03', '2023-06-27 06:14:03'),
(21, 'Ram Siya ji Adipurush | Prabhas | Sachet-Parampara,Manoj Muntashir S |Om Raut | Bhushan', 's, placing emphasis on a fresh push for domestic defence equipment production. The Ministry of Defence has set a goal to reach a revenue of Rs 1.75 lakh crore in aerospace and defence goods and services by 2024 under the “Make in India” initiative. The Indian Army recently signed its first contract for Rs 96 crore with Anadron Systems Pvt Ltd under Make-II for Maneuverable', 3, 'https://www.youtube.com/watch?v=FxZwOL766iY&feature=youtu.be', 'jj', '0', 4, 1, 1, '2023-06-27 07:08:39', '2023-06-27 07:08:39'),
(22, 'Ram Siya  Adipurush | Prabhas | Sachet-Parampara,Manoj Muntashir S |Om Raut | Bhushan', 's, placing emphasis on a fresh push for domestic defence equipment production. The Ministry of Defence has set a goal to reach a revenue of Rs 1.75 lakh crore in aerospace and defence goods and services by 2024 under the “Make in India” initiative. The Indian Army recently signed its first contract for Rs 96 crore with Anadron Systems Pvt Ltd under Make-II for Maneuverable', 3, 'https://www.youtube.com/watch?v=FxZwOL766iY&feature=youtu.be', 'jj', '0', 4, 1, 1, '2023-06-27 07:09:01', '2023-06-27 07:09:01'),
(23, 'Ram Siya  Adipurush | | Sachet-Parampara,Manoj Muntashir S |Om Raut | Bhushan', 's, placing emphasis on a fresh push for domestic defence equipment production. The Ministry of Defence has set a goal to reach a revenue of Rs 1.75 lakh crore in aerospace and defence goods and services by 2024 under the “Make in India” initiative. The Indian Army recently signed its first contract for Rs 96 crore with Anadron Systems Pvt Ltd under Make-II for Maneuverable', 3, 'https://www.youtube.com/watch?v=FxZwOL766iY&feature=youtu.be', 'jj', '0', 4, 1, 1, '2023-06-27 07:09:08', '2023-06-27 07:09:08'),
(24, 'Ram Siya  Adipurush | | -Parampara,Manoj Muntashir S |Om Raut | Bhushan', 's, placing emphasis on a fresh push for domestic defence equipment production. The Ministry of Defence has set a goal to reach a revenue of Rs 1.75 lakh crore in aerospace and defence goods and services by 2024 under the “Make in India” initiative. The Indian Army recently signed its first contract for Rs 96 crore with Anadron Systems Pvt Ltd under Make-II for Maneuverable', 3, 'https://www.youtube.com/watch?v=FxZwOL766iY&feature=youtu.be', 'jj', '0', 4, 1, 1, '2023-06-27 07:09:16', '2023-06-27 07:09:16'),
(25, 'Ram Siya  Adipurush Parampara,Manoj Muntashir S |Om Raut | Bhushan', 's, placing emphasis on a fresh push for domestic defence equipment production. The Ministry of Defence has set a goal to reach a revenue of Rs 1.75 lakh crore in aerospace and defence goods and services by 2024 under the “Make in India” initiative. The Indian Army recently signed its first contract for Rs 96 crore with Anadron Systems Pvt Ltd under Make-II for Maneuverable', 3, 'https://www.youtube.com/watch?v=FxZwOL766iY&feature=youtu.be', 'jj', '0', 4, 1, 1, '2023-06-27 07:09:27', '2023-06-27 07:09:27'),
(26, 'Ram Siya Ram (Lyrical) Adipurush Prabhas | Sachet-Parampara,Manoj Muntashir S |Om Raut | Bhushan K', 's, placing emphasis on a fresh push for domestic defence equipment production. The Ministry of Defence has set a goal to reach a revenue of Rs 1.75 lakh crore in aerospace and defence goods and services by 2024 under the “Make in India” initiative. The Indian Army recently signed its first contract for Rs 96 crore with Anadron Systems Pvt Ltd under Make-II for Maneuverable', 3, 'https://www.youtube.com/watch?v=FxZwOL766iY&feature=youtu.be', 'jj', '0', 5, 1, 1, '2023-06-27 07:10:45', '2023-06-27 07:10:45'),
(27, 'Ram Siya Ram (Lyrical) Adipurush | Sachet-Parampara,Manoj Muntashir S |Om Raut | Bhushan K', 's, placing emphasis on a fresh push for domestic defence equipment production. The Ministry of Defence has set a goal to reach a revenue of Rs 1.75 lakh crore in aerospace and defence goods and services by 2024 under the “Make in India” initiative. The Indian Army recently signed its first contract for Rs 96 crore with Anadron Systems Pvt Ltd under Make-II for Maneuverable', 3, 'https://www.youtube.com/watch?v=FxZwOL766iY&feature=youtu.be', 'jj', '0', 5, 1, 1, '2023-06-27 07:10:52', '2023-06-27 07:10:52'),
(28, 'Ram Siya Ram (Lyrical) AdipurushSachet-Parampara,Manoj Muntashir S |Om Raut | Bhushan K', 's, placing emphasis on a fresh push for domestic defence equipment production. The Ministry of Defence has set a goal to reach a revenue of Rs 1.75 lakh crore in aerospace and defence goods and services by 2024 under the “Make in India” initiative. The Indian Army recently signed its first contract for Rs 96 crore with Anadron Systems Pvt Ltd under Make-II for Maneuverable', 3, 'https://www.youtube.com/watch?v=FxZwOL766iY&feature=youtu.be', 'jj', '0', 5, 1, 1, '2023-06-27 07:11:15', '2023-06-27 07:11:15'),
(29, 'Ram Ram (Lyrical) AdipurushSachet-Parampara,Manoj Muntashir S |Om Raut | Bhushan K', 's, placing emphasis on a fresh push for domestic defence equipment production. The Ministry of Defence has set a goal to reach a revenue of Rs 1.75 lakh crore in aerospace and defence goods and services by 2024 under the “Make in India” initiative. The Indian Army recently signed its first contract for Rs 96 crore with Anadron Systems Pvt Ltd under Make-II for Maneuverable', 3, 'https://www.youtube.com/watch?v=FxZwOL766iY&feature=youtu.be', 'jj', '0', 5, 1, 1, '2023-06-27 07:11:25', '2023-06-27 07:11:25'),
(30, 'Ram (Lyrical) AdipurushSachet-Parampara,Manoj Muntashir S |Om Raut | Bhushan K', 's, placing emphasis on a fresh push for domestic defence equipment production. The Ministry of Defence has set a goal to reach a revenue of Rs 1.75 lakh crore in aerospace and defence goods and services by 2024 under the “Make in India” initiative. The Indian Army recently signed its first contract for Rs 96 crore with Anadron Systems Pvt Ltd under Make-II for Maneuverable', 3, 'https://www.youtube.com/watch?v=FxZwOL766iY&feature=youtu.be', 'jj', '0', 5, 1, 1, '2023-06-27 07:11:35', '2023-06-27 07:11:35'),
(31, 'Ram (Lyrical) AdipurushSachet-Parampara,Manoj Muntashir S |Om Raut | Bhushan', 's, placing emphasis on a fresh push for domestic defence equipment production. The Ministry of Defence has set a goal to reach a revenue of Rs 1.75 lakh crore in aerospace and defence goods and services by 2024 under the “Make in India” initiative. The Indian Army recently signed its first contract for Rs 96 crore with Anadron Systems Pvt Ltd under Make-II for Maneuverable', 3, 'https://www.youtube.com/watch?v=FxZwOL766iY&feature=youtu.be', 'jj', '0', 1, 1, 1, '2023-06-27 07:20:16', '2023-06-27 07:20:16'),
(32, 'Ram (Lyrical) -Parampara,Manoj Muntashir S |Om Raut | Bhushan', 's, placing emphasis on a fresh push for domestic defence equipment production. The Ministry of Defence has set a goal to reach a revenue of Rs 1.75 lakh crore in aerospace and defence goods and services by 2024 under the “Make in India” initiative. The Indian Army recently signed its first contract for Rs 96 crore with Anadron Systems Pvt Ltd under Make-II for Maneuverable', 3, 'https://www.youtube.com/watch?v=FxZwOL766iY&feature=youtu.be', 'jj', '0', 1, 1, 1, '2023-06-27 07:20:52', '2023-06-27 07:20:52'),
(33, 'Ram (Lyrical) -,Manoj Muntashir S |Om Raut | Bhushan', 's, placing emphasis on a fresh push for domestic defence equipment production. The Ministry of Defence has set a goal to reach a revenue of Rs 1.75 lakh crore in aerospace and defence goods and services by 2024 under the “Make in India” initiative. The Indian Army recently signed its first contract for Rs 96 crore with Anadron Systems Pvt Ltd under Make-II for Maneuverable', 3, 'https://www.youtube.com/watch?v=FxZwOL766iY&feature=youtu.be', 'jj', '0', 1, 1, 1, '2023-06-27 07:21:01', '2023-06-27 07:21:01'),
(34, 'Ram (Lyrical) Manoj Muntashir S |Om Raut | Bhushan', 's, placing emphasis on a fresh push for domestic defence equipment production. The Ministry of Defence has set a goal to reach a revenue of Rs 1.75 lakh crore in aerospace and defence goods and services by 2024 under the “Make in India” initiative. The Indian Army recently signed its first contract for Rs 96 crore with Anadron Systems Pvt Ltd under Make-II for Maneuverable', 3, 'https://www.youtube.com/watch?v=FxZwOL766iY&feature=youtu.be', 'jj', '0', 1, 1, 1, '2023-06-27 07:21:11', '2023-06-27 07:21:11'),
(35, 'Ram (Lyrical) Muntashir S |Om Raut | Bhushan', 's, placing emphasis on a fresh push for domestic defence equipment production. The Ministry of Defence has set a goal to reach a revenue of Rs 1.75 lakh crore in aerospace and defence goods and services by 2024 under the “Make in India” initiative. The Indian Army recently signed its first contract for Rs 96 crore with Anadron Systems Pvt Ltd under Make-II for Maneuverable', 3, 'https://www.youtube.com/watch?v=FxZwOL766iY&feature=youtu.be', 'jj', '0', 1, 1, 1, '2023-06-27 07:21:21', '2023-06-27 07:21:21'),
(36, 'Ram () Muntashir S |Om Raut | Bhushan', 's, placing emphasis on a fresh push for domestic defence equipment production. The Ministry of Defence has set a goal to reach a revenue of Rs 1.75 lakh crore in aerospace and defence goods and services by 2024 under the “Make in India” initiative. The Indian Army recently signed its first contract for Rs 96 crore with Anadron Systems Pvt Ltd under Make-II for Maneuverable', 3, 'https://www.youtube.com/watch?v=FxZwOL766iY&feature=youtu.be', 'https://www.youtube.com/watch?v=FxZwOL766iY&feature=youtu.be', '0', 1, 1, 1, '2023-06-27 07:21:46', '2023-06-27 07:21:46'),
(37, 'This is first video added', 'I added this video for testing purpose', 4, 'https://endtest-videos.s3-us-west-2.amazonaws.com/documentation/endtest_data_driven_testing_csv.mp4', 'video/1688542215.mp4', NULL, 4, NULL, NULL, '2023-07-05 07:30:15', '2023-07-05 07:30:15'),
(38, 'This is test', 'This is tesing for me', 5, 'null', 'video/1688542534.mp4', NULL, 2, NULL, NULL, '2023-07-05 07:35:34', '2023-07-05 09:52:00'),
(39, 'Test video title', 'test video descreption', 7, 'zwYDzqGDtmI', 'video/1688965641.jpg', NULL, 3, NULL, NULL, '2023-07-10 05:07:21', '2023-07-10 07:29:20');

-- --------------------------------------------------------

--
-- Table structure for table `video_categories`
--

CREATE TABLE `video_categories` (
  `id` bigint(20) UNSIGNED NOT NULL,
  `title` varchar(255) DEFAULT NULL,
  `created_at` timestamp NULL DEFAULT NULL,
  `updated_at` timestamp NULL DEFAULT NULL
) ENGINE=InnoDB DEFAULT CHARSET=utf8mb4 COLLATE=utf8mb4_unicode_ci;

--
-- Dumping data for table `video_categories`
--

INSERT INTO `video_categories` (`id`, `title`, `created_at`, `updated_at`) VALUES
(3, 'this is again tes', '2023-06-21 12:29:30', '2023-06-22 05:01:40'),
(4, 'First testjjk', '2023-06-21 12:34:54', '2023-06-21 12:34:54'),
(5, 'testing', '2023-06-22 06:25:13', '2023-06-22 06:25:13'),
(6, 'This is anish test', '2023-07-05 07:21:47', '2023-07-05 07:21:47'),
(7, 'test video tutorials', '2023-07-10 05:05:41', '2023-07-10 05:05:41');

--
-- Indexes for dumped tables
--

--
-- Indexes for table `about_us`
--
ALTER TABLE `about_us`
  ADD PRIMARY KEY (`id`);

--
-- Indexes for table `catalogs`
--
ALTER TABLE `catalogs`
  ADD PRIMARY KEY (`id`);

--
-- Indexes for table `categories`
--
ALTER TABLE `categories`
  ADD PRIMARY KEY (`id`);

--
-- Indexes for table `contact_us`
--
ALTER TABLE `contact_us`
  ADD PRIMARY KEY (`id`);

--
-- Indexes for table `failed_jobs`
--
ALTER TABLE `failed_jobs`
  ADD PRIMARY KEY (`id`),
  ADD UNIQUE KEY `failed_jobs_uuid_unique` (`uuid`);

--
-- Indexes for table `faqs`
--
ALTER TABLE `faqs`
  ADD PRIMARY KEY (`id`);

--
-- Indexes for table `faq_categories`
--
ALTER TABLE `faq_categories`
  ADD PRIMARY KEY (`id`);

--
-- Indexes for table `migrations`
--
ALTER TABLE `migrations`
  ADD PRIMARY KEY (`id`);

--
-- Indexes for table `notifications`
--
ALTER TABLE `notifications`
  ADD PRIMARY KEY (`id`);

--
-- Indexes for table `password_resets`
--
ALTER TABLE `password_resets`
  ADD KEY `password_resets_email_index` (`email`);

--
-- Indexes for table `personal_access_tokens`
--
ALTER TABLE `personal_access_tokens`
  ADD PRIMARY KEY (`id`),
  ADD UNIQUE KEY `personal_access_tokens_token_unique` (`token`),
  ADD KEY `personal_access_tokens_tokenable_type_tokenable_id_index` (`tokenable_type`,`tokenable_id`);

--
-- Indexes for table `points`
--
ALTER TABLE `points`
  ADD PRIMARY KEY (`id`),
  ADD KEY `points` (`user_id`),
  ADD KEY `pointoproduct` (`product_id`);

--
-- Indexes for table `privacy_policies`
--
ALTER TABLE `privacy_policies`
  ADD PRIMARY KEY (`id`);

--
-- Indexes for table `products`
--
ALTER TABLE `products`
  ADD PRIMARY KEY (`id`);

--
-- Indexes for table `profiles`
--
ALTER TABLE `profiles`
  ADD PRIMARY KEY (`id`),
  ADD KEY `profile` (`user_id`);

--
-- Indexes for table `redeemproducts`
--
ALTER TABLE `redeemproducts`
  ADD PRIMARY KEY (`id`);

--
-- Indexes for table `sliders`
--
ALTER TABLE `sliders`
  ADD PRIMARY KEY (`id`);

--
-- Indexes for table `sub_categories`
--
ALTER TABLE `sub_categories`
  ADD PRIMARY KEY (`id`);

--
-- Indexes for table `term_and_conditions`
--
ALTER TABLE `term_and_conditions`
  ADD PRIMARY KEY (`id`);

--
-- Indexes for table `users`
--
ALTER TABLE `users`
  ADD PRIMARY KEY (`id`),
  ADD UNIQUE KEY `users_email_unique` (`email`);

--
-- Indexes for table `user_otps`
--
ALTER TABLE `user_otps`
  ADD PRIMARY KEY (`id`);

--
-- Indexes for table `user_points`
--
ALTER TABLE `user_points`
  ADD PRIMARY KEY (`id`),
  ADD KEY `userpoints` (`user_id`);

--
-- Indexes for table `verification_codes`
--
ALTER TABLE `verification_codes`
  ADD PRIMARY KEY (`id`);

--
-- Indexes for table `videos`
--
ALTER TABLE `videos`
  ADD PRIMARY KEY (`id`);

--
-- Indexes for table `video_categories`
--
ALTER TABLE `video_categories`
  ADD PRIMARY KEY (`id`);

--
-- AUTO_INCREMENT for dumped tables
--

--
-- AUTO_INCREMENT for table `about_us`
--
ALTER TABLE `about_us`
  MODIFY `id` bigint(20) UNSIGNED NOT NULL AUTO_INCREMENT, AUTO_INCREMENT=2;

--
-- AUTO_INCREMENT for table `catalogs`
--
ALTER TABLE `catalogs`
  MODIFY `id` bigint(20) UNSIGNED NOT NULL AUTO_INCREMENT, AUTO_INCREMENT=17;

--
-- AUTO_INCREMENT for table `categories`
--
ALTER TABLE `categories`
  MODIFY `id` bigint(20) UNSIGNED NOT NULL AUTO_INCREMENT, AUTO_INCREMENT=11;

--
-- AUTO_INCREMENT for table `contact_us`
--
ALTER TABLE `contact_us`
  MODIFY `id` bigint(20) UNSIGNED NOT NULL AUTO_INCREMENT, AUTO_INCREMENT=2;

--
-- AUTO_INCREMENT for table `failed_jobs`
--
ALTER TABLE `failed_jobs`
  MODIFY `id` bigint(20) UNSIGNED NOT NULL AUTO_INCREMENT;

--
-- AUTO_INCREMENT for table `faqs`
--
ALTER TABLE `faqs`
  MODIFY `id` bigint(20) UNSIGNED NOT NULL AUTO_INCREMENT, AUTO_INCREMENT=71;

--
-- AUTO_INCREMENT for table `faq_categories`
--
ALTER TABLE `faq_categories`
  MODIFY `id` bigint(20) UNSIGNED NOT NULL AUTO_INCREMENT, AUTO_INCREMENT=13;

--
-- AUTO_INCREMENT for table `migrations`
--
ALTER TABLE `migrations`
  MODIFY `id` int(10) UNSIGNED NOT NULL AUTO_INCREMENT, AUTO_INCREMENT=26;

--
-- AUTO_INCREMENT for table `notifications`
--
ALTER TABLE `notifications`
  MODIFY `id` bigint(20) UNSIGNED NOT NULL AUTO_INCREMENT, AUTO_INCREMENT=28;

--
-- AUTO_INCREMENT for table `personal_access_tokens`
--
ALTER TABLE `personal_access_tokens`
  MODIFY `id` bigint(20) UNSIGNED NOT NULL AUTO_INCREMENT, AUTO_INCREMENT=516;

--
-- AUTO_INCREMENT for table `points`
--
ALTER TABLE `points`
  MODIFY `id` bigint(20) UNSIGNED NOT NULL AUTO_INCREMENT, AUTO_INCREMENT=92;

--
-- AUTO_INCREMENT for table `privacy_policies`
--
ALTER TABLE `privacy_policies`
  MODIFY `id` bigint(20) UNSIGNED NOT NULL AUTO_INCREMENT, AUTO_INCREMENT=2;

--
-- AUTO_INCREMENT for table `products`
--
ALTER TABLE `products`
  MODIFY `id` bigint(20) UNSIGNED NOT NULL AUTO_INCREMENT, AUTO_INCREMENT=30;

--
-- AUTO_INCREMENT for table `profiles`
--
ALTER TABLE `profiles`
  MODIFY `id` int(10) UNSIGNED NOT NULL AUTO_INCREMENT, AUTO_INCREMENT=60;

--
-- AUTO_INCREMENT for table `redeemproducts`
--
ALTER TABLE `redeemproducts`
  MODIFY `id` bigint(20) UNSIGNED NOT NULL AUTO_INCREMENT;

--
-- AUTO_INCREMENT for table `sliders`
--
ALTER TABLE `sliders`
  MODIFY `id` bigint(20) UNSIGNED NOT NULL AUTO_INCREMENT, AUTO_INCREMENT=7;

--
-- AUTO_INCREMENT for table `sub_categories`
--
ALTER TABLE `sub_categories`
  MODIFY `id` bigint(20) UNSIGNED NOT NULL AUTO_INCREMENT, AUTO_INCREMENT=12;

--
-- AUTO_INCREMENT for table `term_and_conditions`
--
ALTER TABLE `term_and_conditions`
  MODIFY `id` bigint(20) UNSIGNED NOT NULL AUTO_INCREMENT, AUTO_INCREMENT=2;

--
-- AUTO_INCREMENT for table `users`
--
ALTER TABLE `users`
  MODIFY `id` bigint(20) UNSIGNED NOT NULL AUTO_INCREMENT, AUTO_INCREMENT=61;

--
-- AUTO_INCREMENT for table `user_otps`
--
ALTER TABLE `user_otps`
  MODIFY `id` bigint(20) UNSIGNED NOT NULL AUTO_INCREMENT, AUTO_INCREMENT=396;

--
-- AUTO_INCREMENT for table `user_points`
--
ALTER TABLE `user_points`
  MODIFY `id` bigint(20) UNSIGNED NOT NULL AUTO_INCREMENT, AUTO_INCREMENT=11;

--
-- AUTO_INCREMENT for table `verification_codes`
--
ALTER TABLE `verification_codes`
  MODIFY `id` bigint(20) UNSIGNED NOT NULL AUTO_INCREMENT;

--
-- AUTO_INCREMENT for table `videos`
--
ALTER TABLE `videos`
  MODIFY `id` bigint(20) UNSIGNED NOT NULL AUTO_INCREMENT, AUTO_INCREMENT=40;

--
-- AUTO_INCREMENT for table `video_categories`
--
ALTER TABLE `video_categories`
  MODIFY `id` bigint(20) UNSIGNED NOT NULL AUTO_INCREMENT, AUTO_INCREMENT=8;

--
-- Constraints for dumped tables
--

--
-- Constraints for table `points`
--
ALTER TABLE `points`
  ADD CONSTRAINT `pointoproduct` FOREIGN KEY (`product_id`) REFERENCES `products` (`id`),
  ADD CONSTRAINT `points` FOREIGN KEY (`user_id`) REFERENCES `users` (`id`) ON UPDATE CASCADE;

--
-- Constraints for table `profiles`
--
ALTER TABLE `profiles`
  ADD CONSTRAINT `profile` FOREIGN KEY (`user_id`) REFERENCES `users` (`id`);

--
-- Constraints for table `user_points`
--
ALTER TABLE `user_points`
  ADD CONSTRAINT `userpoints` FOREIGN KEY (`user_id`) REFERENCES `users` (`id`);
COMMIT;

